Back to Long Tests report for BioC 3.21 |
This page was generated on 2025-02-01 23:55 -0500 (Sat, 01 Feb 2025).
Hostname | OS | Arch (*) | R version | Installed pkgs |
---|---|---|---|---|
nebbiolo1 | Linux (Ubuntu 24.04.1 LTS) | x86_64 | R Under development (unstable) (2025-01-20 r87609) -- "Unsuffered Consequences" | 4704 |
palomino7 | Windows Server 2022 Datacenter | x64 | R Under development (unstable) (2025-01-21 r87610 ucrt) -- "Unsuffered Consequences" | 4467 |
lconway | macOS 12.7.1 Monterey | x86_64 | R Under development (unstable) (2025-01-22 r87618) -- "Unsuffered Consequences" | 4478 |
Click on any hostname to see more info about the system (e.g. compilers) (*) as reported by 'uname -p', except on Windows and Mac OS X |
Package 8/30 | Hostname | OS / Arch | CHECK | |||||||
biodbNcbi 1.11.0 (landing page) Pierrick Roger
| nebbiolo1 | Linux (Ubuntu 24.04.1 LTS) / x86_64 | ERROR | |||||||
palomino7 | Windows Server 2022 Datacenter / x64 | WARNINGS | ||||||||
lconway | macOS 12.7.1 Monterey / x86_64 | WARNINGS | ||||||||
To the developers/maintainers of the biodbNcbi package: - Use the following Renviron settings to reproduce errors and warnings. - If 'R CMD check' started to fail recently on the Linux builder(s) over a missing dependency, add the missing dependency to 'Suggests:' in your DESCRIPTION file. See Renviron.bioc for more information. |
Package: biodbNcbi |
Version: 1.11.0 |
Command: /home/biocbuild/bbs-3.21-bioc/R/bin/R CMD check --test-dir=longtests --no-stop-on-test-error --no-codoc --no-examples --no-manual --ignore-vignettes --check-subdirs=no biodbNcbi_1.11.0.tar.gz |
StartedAt: 2025-02-01 16:04:16 -0500 (Sat, 01 Feb 2025) |
EndedAt: 2025-02-01 16:04:58 -0500 (Sat, 01 Feb 2025) |
EllapsedTime: 42.0 seconds |
RetCode: 1 |
Status: ERROR |
CheckDir: biodbNcbi.Rcheck |
Warnings: NA |
biodbNcbi.Rcheck/tests/testthat.Rout.fail
R Under development (unstable) (2025-01-20 r87609) -- "Unsuffered Consequences" Copyright (C) 2025 The R Foundation for Statistical Computing Platform: x86_64-pc-linux-gnu R is free software and comes with ABSOLUTELY NO WARRANTY. You are welcome to redistribute it under certain conditions. Type 'license()' or 'licence()' for distribution details. R is a collaborative project with many contributors. Type 'contributors()' for more information and 'citation()' on how to cite R or R packages in publications. Type 'demo()' for some demos, 'help()' for on-line help, or 'help.start()' for an HTML browser interface to help. Type 'q()' to quit R. > # Script needed to run testthat automatically from ‘R CMD check’. See > # testthat::test_dir documentation. > library(testthat) > library(biodbNci) Error in library(biodbNci) : there is no package called 'biodbNci' Execution halted
############################################################################## ############################################################################## ### ### Running command: ### ### /home/biocbuild/bbs-3.21-bioc/R/bin/R CMD check --test-dir=longtests --no-stop-on-test-error --no-codoc --no-examples --no-manual --ignore-vignettes --check-subdirs=no biodbNcbi_1.11.0.tar.gz ### ############################################################################## ############################################################################## * using log directory ‘/home/biocbuild/bbs-3.21-bioc-longtests/meat/biodbNcbi.Rcheck’ * using R Under development (unstable) (2025-01-20 r87609) * using platform: x86_64-pc-linux-gnu * R was compiled by gcc (Ubuntu 13.3.0-6ubuntu2~24.04) 13.3.0 GNU Fortran (Ubuntu 13.3.0-6ubuntu2~24.04) 13.3.0 * running under: Ubuntu 24.04.1 LTS * using session charset: UTF-8 * using options ‘--no-codoc --no-examples --no-manual --ignore-vignettes --no-stop-on-test-error’ * checking for file ‘biodbNcbi/DESCRIPTION’ ... OK * this is package ‘biodbNcbi’ version ‘1.11.0’ * package encoding: UTF-8 * checking package namespace information ... OK * checking package dependencies ... OK * checking if this is a source package ... OK * checking if there is a namespace ... OK * checking for hidden files and directories ... OK * checking for portable file names ... OK * checking for sufficient/correct file permissions ... OK * checking whether package ‘biodbNcbi’ can be installed ... OK * checking installed package size ... OK * checking package directory ... OK * checking DESCRIPTION meta-information ... NOTE Malformed Title field: should not end in a period. * checking top-level files ... OK * checking for left-over files ... OK * checking index information ... OK * checking package subdirectories ... OK * checking code files for non-ASCII characters ... OK * checking R files for syntax errors ... OK * checking whether the package can be loaded ... OK * checking whether the package can be loaded with stated dependencies ... OK * checking whether the package can be unloaded cleanly ... OK * checking whether the namespace can be loaded with stated dependencies ... OK * checking whether the namespace can be unloaded cleanly ... OK * checking loading without being on the library search path ... OK * checking dependencies in R code ... OK * checking S3 generic/method consistency ... OK * checking replacement functions ... OK * checking foreign function calls ... OK * checking R code for possible problems ... OK * checking Rd files ... OK * checking Rd metadata ... OK * checking Rd cross-references ... NOTE Found the following Rd file(s) with Rd \link{} targets missing package anchors: NcbiCcdsConn.Rd: BiodbFactory, BiodbConn NcbiCcdsEntry.Rd: BiodbHtmlEntry NcbiEntrezConn.Rd: BiodbConn Please provide package anchors for all Rd \link{} targets not in the package itself and the base packages. * checking for missing documentation entries ... OK * checking for code/documentation mismatches ... SKIPPED * checking Rd \usage sections ... OK * checking Rd contents ... OK * checking for unstated dependencies in examples ... OK * checking files in ‘vignettes’ ... SKIPPED * checking examples ... SKIPPED * checking for unstated dependencies in ‘longtests’ ... WARNING 'library' or 'require' call not declared from: ‘biodbNci’ * checking tests in ‘longtests’ ... Running ‘testthat.R’ ERROR Running the tests in ‘longtests/testthat.R’ failed. Complete output: > # Script needed to run testthat automatically from ‘R CMD check’. See > # testthat::test_dir documentation. > library(testthat) > library(biodbNci) Error in library(biodbNci) : there is no package called 'biodbNci' Execution halted * DONE Status: 1 ERROR, 1 WARNING, 2 NOTEs See ‘/home/biocbuild/bbs-3.21-bioc-longtests/meat/biodbNcbi.Rcheck/00check.log’ for details.
biodbNcbi.Rcheck/00install.out
* installing *source* package ‘biodbNcbi’ ... ** this is package ‘biodbNcbi’ version ‘1.11.0’ ** using staged installation ** R ** inst ** byte-compile and prepare package for lazy loading ** help *** installing help indices ** building package indices ** installing vignettes ** testing if installed package can be loaded from temporary location ** testing if installed package can be loaded from final location ** testing if installed package keeps a record of temporary installation path * DONE (biodbNcbi)