Back to Multiple platform build/check report for BioC 3.19: simplified long |
|
This page was generated on 2024-10-18 20:38 -0400 (Fri, 18 Oct 2024).
Hostname | OS | Arch (*) | R version | Installed pkgs |
---|---|---|---|---|
nebbiolo1 | Linux (Ubuntu 22.04.3 LTS) | x86_64 | 4.4.1 (2024-06-14) -- "Race for Your Life" | 4763 |
palomino7 | Windows Server 2022 Datacenter | x64 | 4.4.1 (2024-06-14 ucrt) -- "Race for Your Life" | 4500 |
merida1 | macOS 12.7.5 Monterey | x86_64 | 4.4.1 (2024-06-14) -- "Race for Your Life" | 4530 |
kjohnson1 | macOS 13.6.6 Ventura | arm64 | 4.4.1 (2024-06-14) -- "Race for Your Life" | 4480 |
Click on any hostname to see more info about the system (e.g. compilers) (*) as reported by 'uname -p', except on Windows and Mac OS X |
Package 1360/2300 | Hostname | OS / Arch | INSTALL | BUILD | CHECK | BUILD BIN | ||||||||
MSstats 4.12.1 (landing page) Meena Choi
| nebbiolo1 | Linux (Ubuntu 22.04.3 LTS) / x86_64 | OK | OK | WARNINGS | ![]() | ||||||||
palomino7 | Windows Server 2022 Datacenter / x64 | OK | OK | WARNINGS | OK | ![]() | ||||||||
merida1 | macOS 12.7.5 Monterey / x86_64 | OK | OK | WARNINGS | OK | ![]() | ||||||||
kjohnson1 | macOS 13.6.6 Ventura / arm64 | OK | OK | WARNINGS | OK | ![]() | ||||||||
To the developers/maintainers of the MSstats package: - Allow up to 24 hours (and sometimes 48 hours) for your latest push to git@git.bioconductor.org:packages/MSstats.git to reflect on this report. See Troubleshooting Build Report for more information. - Use the following Renviron settings to reproduce errors and warnings. - If 'R CMD check' started to fail recently on the Linux builder(s) over a missing dependency, add the missing dependency to 'Suggests:' in your DESCRIPTION file. See Renviron.bioc for more information. |
Package: MSstats |
Version: 4.12.1 |
Command: /home/biocbuild/bbs-3.19-bioc/R/bin/R CMD check --install=check:MSstats.install-out.txt --library=/home/biocbuild/bbs-3.19-bioc/R/site-library --timings MSstats_4.12.1.tar.gz |
StartedAt: 2024-10-17 02:50:26 -0400 (Thu, 17 Oct 2024) |
EndedAt: 2024-10-17 02:52:21 -0400 (Thu, 17 Oct 2024) |
EllapsedTime: 114.2 seconds |
RetCode: 0 |
Status: WARNINGS |
CheckDir: MSstats.Rcheck |
Warnings: 1 |
############################################################################## ############################################################################## ### ### Running command: ### ### /home/biocbuild/bbs-3.19-bioc/R/bin/R CMD check --install=check:MSstats.install-out.txt --library=/home/biocbuild/bbs-3.19-bioc/R/site-library --timings MSstats_4.12.1.tar.gz ### ############################################################################## ############################################################################## * using log directory ‘/home/biocbuild/bbs-3.19-bioc/meat/MSstats.Rcheck’ * using R version 4.4.1 (2024-06-14) * using platform: x86_64-pc-linux-gnu * R was compiled by gcc (Ubuntu 11.4.0-1ubuntu1~22.04) 11.4.0 GNU Fortran (Ubuntu 11.4.0-1ubuntu1~22.04) 11.4.0 * running under: Ubuntu 22.04.5 LTS * using session charset: UTF-8 * checking for file ‘MSstats/DESCRIPTION’ ... OK * this is package ‘MSstats’ version ‘4.12.1’ * package encoding: UTF-8 * checking package namespace information ... OK * checking package dependencies ... OK * checking if this is a source package ... OK * checking if there is a namespace ... OK * checking for hidden files and directories ... OK * checking for portable file names ... OK * checking for sufficient/correct file permissions ... OK * checking whether package ‘MSstats’ can be installed ... OK * used C++ compiler: ‘g++ (Ubuntu 11.4.0-1ubuntu1~22.04) 11.4.0’ * checking C++ specification ... NOTE Specified C++11: please drop specification unless essential * checking installed package size ... OK * checking package directory ... OK * checking ‘build’ directory ... OK * checking DESCRIPTION meta-information ... OK * checking top-level files ... OK * checking for left-over files ... OK * checking index information ... OK * checking package subdirectories ... OK * checking code files for non-ASCII characters ... OK * checking R files for syntax errors ... OK * checking whether the package can be loaded ... OK * checking whether the package can be loaded with stated dependencies ... OK * checking whether the package can be unloaded cleanly ... OK * checking whether the namespace can be loaded with stated dependencies ... OK * checking whether the namespace can be unloaded cleanly ... OK * checking loading without being on the library search path ... OK * checking whether startup messages can be suppressed ... OK * checking dependencies in R code ... NOTE Namespace in Imports field not imported from: ‘statmod’ All declared Imports should be used. Unexported object imported by a ':::' call: ‘MSstatsConvert:::.standardizeColnames’ See the note in ?`:::` about the use of this operator. * checking S3 generic/method consistency ... OK * checking replacement functions ... OK * checking foreign function calls ... OK * checking R code for possible problems ... NOTE .plotHeatmap : <anonymous>: no visible global function definition for ‘col2rgb’ .plotProfile: no visible binding for global variable ‘newABUNDANCE’ .savePlotlyPlotHTML: no visible global function definition for ‘zip’ .setCensoredByThreshold: no visible binding for global variable ‘any_censored’ DIANNtoMSstatsFormat: no visible binding for global variable ‘DetectionQValue’ DIANNtoMSstatsFormat: no visible binding for global variable ‘LibPGQValue’ DIANNtoMSstatsFormat: no visible binding for global variable ‘LibQValue’ DIANNtoMSstatsFormat: no visible binding for global variable ‘GlobalPGQValue’ DIANNtoMSstatsFormat: no visible binding for global variable ‘GlobalQValue’ MSstatsPrepareForSummarization: no visible binding for global variable ‘ref’ MSstatsPrepareForSummarization: no visible binding for global variable ‘LABEL’ MSstatsPrepareForSummarization: no visible binding for global variable ‘RUN’ SDRFtoAnnotation: no visible binding for global variable ‘..extract_cols’ extractSDRF: no visible binding for global variable ‘..extract_cols’ Undefined global functions or variables: ..extract_cols DetectionQValue GlobalPGQValue GlobalQValue LABEL LibPGQValue LibQValue RUN any_censored col2rgb newABUNDANCE ref zip Consider adding importFrom("grDevices", "col2rgb") importFrom("utils", "zip") to your NAMESPACE file. * checking Rd files ... NOTE checkRd: (-1) MSstatsSummarizationOutput.Rd:35: Lost braces in \itemize; \value handles \item{}{} directly checkRd: (-1) MSstatsSummarizationOutput.Rd:36: Lost braces in \itemize; \value handles \item{}{} directly checkRd: (-1) MSstatsSummarizationOutput.Rd:37: Lost braces in \itemize; \value handles \item{}{} directly * checking Rd metadata ... OK * checking Rd cross-references ... OK * checking for missing documentation entries ... WARNING Undocumented code objects: ‘example_SDRF’ Undocumented data sets: ‘example_SDRF’ All user-level objects in a package should have documentation entries. See chapter ‘Writing R documentation files’ in the ‘Writing R Extensions’ manual. * checking for code/documentation mismatches ... OK * checking Rd \usage sections ... NOTE Documented arguments not in \usage in Rd file 'dot-documentFunction.Rd': ‘removeFewMeasurements’ ‘useUniquePeptide’ ‘summaryforMultipleRows’ ‘removeProtein_with1Feature’ ‘removeProtein_with1Peptide’ ‘removeOxidationMpeptides’ ‘removeMpeptides’ ‘use_log_file’ ‘append’ ‘verbose’ ‘log_file_path’ Documented arguments not in \usage in Rd file 'dot-getContrast.Rd': ‘contrast_matrix’ Documented arguments not in \usage in Rd file 'dot-getSingleProteinForProfile.Rd': ‘dataProcess’ Documented arguments not in \usage in Rd file 'dot-getWideTable.Rd': ‘vector’ Functions with \usage entries need to have the appropriate \alias entries, and all their arguments documented. The \usage entries must correspond to syntactically valid R code. See chapter ‘Writing R documentation files’ in the ‘Writing R Extensions’ manual. * checking Rd contents ... OK * checking for unstated dependencies in examples ... OK * checking contents of ‘data’ directory ... OK * checking data for non-ASCII characters ... OK * checking LazyData ... OK * checking data for ASCII and uncompressed saves ... OK * checking line endings in C/C++/Fortran sources/headers ... OK * checking line endings in Makefiles ... OK * checking compilation flags in Makevars ... OK * checking for GNU extensions in Makefiles ... OK * checking for portable use of $(BLAS_LIBS) and $(LAPACK_LIBS) ... OK * checking use of PKG_*FLAGS in Makefiles ... OK * checking compiled code ... NOTE Note: information on .o files is not available * checking files in ‘vignettes’ ... OK * checking examples ... OK Examples with CPU (user + system) or elapsed time > 5s user system elapsed dataProcessPlots 5.361 0.092 5.395 dot-makeQCPlot 5.091 0.104 5.093 * checking for unstated dependencies in ‘tests’ ... OK * checking tests ... Running ‘tinytest.R’ OK * checking for unstated dependencies in vignettes ... OK * checking package vignettes ... OK * checking re-building of vignette outputs ... OK * checking PDF version of manual ... OK * DONE Status: 1 WARNING, 6 NOTEs See ‘/home/biocbuild/bbs-3.19-bioc/meat/MSstats.Rcheck/00check.log’ for details.
MSstats.Rcheck/00install.out
############################################################################## ############################################################################## ### ### Running command: ### ### /home/biocbuild/bbs-3.19-bioc/R/bin/R CMD INSTALL MSstats ### ############################################################################## ############################################################################## * installing to library ‘/home/biocbuild/bbs-3.19-bioc/R/site-library’ * installing *source* package ‘MSstats’ ... ** using staged installation ** libs using C++ compiler: ‘g++ (Ubuntu 11.4.0-1ubuntu1~22.04) 11.4.0’ using C++11 g++ -std=gnu++11 -I"/home/biocbuild/bbs-3.19-bioc/R/include" -DNDEBUG -I'/home/biocbuild/bbs-3.19-bioc/R/site-library/Rcpp/include' -I'/home/biocbuild/bbs-3.19-bioc/R/site-library/RcppArmadillo/include' -I/usr/local/include -fopenmp -fpic -g -O2 -Wall -c RcppExports.cpp -o RcppExports.o g++ -std=gnu++11 -I"/home/biocbuild/bbs-3.19-bioc/R/include" -DNDEBUG -I'/home/biocbuild/bbs-3.19-bioc/R/site-library/Rcpp/include' -I'/home/biocbuild/bbs-3.19-bioc/R/site-library/RcppArmadillo/include' -I/usr/local/include -fopenmp -fpic -g -O2 -Wall -c common.cpp -o common.o g++ -std=gnu++11 -I"/home/biocbuild/bbs-3.19-bioc/R/include" -DNDEBUG -I'/home/biocbuild/bbs-3.19-bioc/R/site-library/Rcpp/include' -I'/home/biocbuild/bbs-3.19-bioc/R/site-library/RcppArmadillo/include' -I/usr/local/include -fopenmp -fpic -g -O2 -Wall -c comparison_contrasts.cpp -o comparison_contrasts.o g++ -std=gnu++11 -I"/home/biocbuild/bbs-3.19-bioc/R/include" -DNDEBUG -I'/home/biocbuild/bbs-3.19-bioc/R/site-library/Rcpp/include' -I'/home/biocbuild/bbs-3.19-bioc/R/site-library/RcppArmadillo/include' -I/usr/local/include -fopenmp -fpic -g -O2 -Wall -c linear_summary.cpp -o linear_summary.o g++ -std=gnu++11 -I"/home/biocbuild/bbs-3.19-bioc/R/include" -DNDEBUG -I'/home/biocbuild/bbs-3.19-bioc/R/site-library/Rcpp/include' -I'/home/biocbuild/bbs-3.19-bioc/R/site-library/RcppArmadillo/include' -I/usr/local/include -fopenmp -fpic -g -O2 -Wall -c median_polish.cpp -o median_polish.o g++ -std=gnu++11 -shared -L/home/biocbuild/bbs-3.19-bioc/R/lib -L/usr/local/lib -o MSstats.so RcppExports.o common.o comparison_contrasts.o linear_summary.o median_polish.o -fopenmp -llapack -L/home/biocbuild/bbs-3.19-bioc/R/lib -lRblas -lgfortran -lm -lquadmath -L/home/biocbuild/bbs-3.19-bioc/R/lib -lR installing to /home/biocbuild/bbs-3.19-bioc/R/site-library/00LOCK-MSstats/00new/MSstats/libs ** R ** data *** moving datasets to lazyload DB ** inst ** byte-compile and prepare package for lazy loading ** help *** installing help indices ** building package indices ** installing vignettes ** testing if installed package can be loaded from temporary location ** checking absolute paths in shared objects and dynamic libraries ** testing if installed package can be loaded from final location ** testing if installed package keeps a record of temporary installation path * DONE (MSstats)
MSstats.Rcheck/tests/tinytest.Rout
R version 4.4.1 (2024-06-14) -- "Race for Your Life" Copyright (C) 2024 The R Foundation for Statistical Computing Platform: x86_64-pc-linux-gnu R is free software and comes with ABSOLUTELY NO WARRANTY. You are welcome to redistribute it under certain conditions. Type 'license()' or 'licence()' for distribution details. R is a collaborative project with many contributors. Type 'contributors()' for more information and 'citation()' on how to cite R or R packages in publications. Type 'demo()' for some demos, 'help()' for on-line help, or 'help.start()' for an HTML browser interface to help. Type 'q()' to quit R. > if ( requireNamespace("tinytest", quietly=TRUE) ){ + tinytest::test_package("MSstats") + } Attaching package: 'MSstats' The following object is masked from 'package:grDevices': savePlot test_MSstatsdev.R............. 1 tests [0;32mOK[0m [0;36m52ms[0m INFO [2024-10-17 02:52:02] ** Features with one or two measurements across runs are removed. INFO [2024-10-17 02:52:02] ** Fractionation handled. INFO [2024-10-17 02:52:02] ** Updated quantification data to make balanced design. Missing values are marked by NA INFO [2024-10-17 02:52:02] ** Log2 intensities under cutoff = 3.776 were considered as censored missing values. INFO [2024-10-17 02:52:02] ** Log2 intensities = NA were considered as censored missing values. INFO [2024-10-17 02:52:02] ** Use all features that the dataset originally has. INFO [2024-10-17 02:52:02] # proteins: 2 # peptides per protein: 2-2 # features per peptide: 3-3 INFO [2024-10-17 02:52:02] 1 2 3 4 5 6 7 8 9 10 # runs 3 3 3 3 3 3 3 3 3 3 # bioreplicates 3 3 3 3 3 3 3 3 3 3 # tech. replicates 1 1 1 1 1 1 1 1 1 1 INFO [2024-10-17 02:52:02] == Start the summarization per subplot... | | | 0% | |=================================== | 50% | |======================================================================| 100% INFO [2024-10-17 02:52:03] == Summarization is done. test_dataProcess.R............ 0 tests INFO [2024-10-17 02:52:03] ** Features with one or two measurements across runs are removed. INFO [2024-10-17 02:52:03] ** Fractionation handled. INFO [2024-10-17 02:52:03] ** Updated quantification data to make balanced design. Missing values are marked by NA INFO [2024-10-17 02:52:03] ** Use all features that the dataset originally has. INFO [2024-10-17 02:52:03] # proteins: 6 # peptides per protein: 11-32 # features per peptide: 1-1 INFO [2024-10-17 02:52:03] C1 C2 C3 C4 C5 C6 # runs 3 3 3 3 3 3 # bioreplicates 1 1 1 1 1 1 # tech. replicates 3 3 3 3 3 3 INFO [2024-10-17 02:52:03] Some features are completely missing in at least one condition: D.GPLTGTYR_23_23_NA_NA, F.HFHWGSSDDQGSEHTVDR_402_402_NA_NA, G.PLTGTYR_8_8_NA_NA, H.SFNVEYDDSQDK_465_465_NA_NA, K.AVVQDPALKPL_156_156_NA_NA ... INFO [2024-10-17 02:52:03] == Start the summarization per subplot... | | | 0% | |============ | 17% | |======================= | 33% | |=================================== | 50% | |=============================================== | 67% | |========================================================== | 83% | |======================================================================| 100% INFO [2024-10-17 02:52:03] == Summarization is done. test_dataProcess.R............ 0 tests INFO [2024-10-17 02:52:03] ** Features with one or two measurements across runs are removed. INFO [2024-10-17 02:52:03] ** Fractionation handled. INFO [2024-10-17 02:52:03] ** Updated quantification data to make balanced design. Missing values are marked by NA INFO [2024-10-17 02:52:03] ** Log2 intensities under cutoff = 3.776 were considered as censored missing values. INFO [2024-10-17 02:52:03] ** Log2 intensities = NA were considered as censored missing values. INFO [2024-10-17 02:52:03] ** Use all features that the dataset originally has. INFO [2024-10-17 02:52:03] # proteins: 2 # peptides per protein: 2-2 # features per peptide: 3-3 INFO [2024-10-17 02:52:03] 1 2 3 4 5 6 7 8 9 10 # runs 3 3 3 3 3 3 3 3 3 3 # bioreplicates 3 3 3 3 3 3 3 3 3 3 # tech. replicates 1 1 1 1 1 1 1 1 1 1 INFO [2024-10-17 02:52:03] == Start the summarization per subplot... INFO [2024-10-17 02:52:06] == Summarization is done. test_dataProcess.R............ 0 tests INFO [2024-10-17 02:52:06] ** Features with one or two measurements across runs are removed. INFO [2024-10-17 02:52:06] ** Fractionation handled. INFO [2024-10-17 02:52:06] ** Updated quantification data to make balanced design. Missing values are marked by NA INFO [2024-10-17 02:52:06] ** Use all features that the dataset originally has. INFO [2024-10-17 02:52:06] # proteins: 6 # peptides per protein: 11-32 # features per peptide: 1-1 INFO [2024-10-17 02:52:06] C1 C2 C3 C4 C5 C6 # runs 3 3 3 3 3 3 # bioreplicates 1 1 1 1 1 1 # tech. replicates 3 3 3 3 3 3 INFO [2024-10-17 02:52:06] Some features are completely missing in at least one condition: D.GPLTGTYR_23_23_NA_NA, F.HFHWGSSDDQGSEHTVDR_402_402_NA_NA, G.PLTGTYR_8_8_NA_NA, H.SFNVEYDDSQDK_465_465_NA_NA, K.AVVQDPALKPL_156_156_NA_NA ... INFO [2024-10-17 02:52:06] == Start the summarization per subplot... INFO [2024-10-17 02:52:10] == Summarization is done. test_dataProcess.R............ 0 tests test_dataProcess.R............ 1 tests [0;32mOK[0m test_dataProcess.R............ 2 tests [0;32mOK[0m [0;34m7.6s[0m INFO [2024-10-17 02:52:10] ** Features with one or two measurements across runs are removed. INFO [2024-10-17 02:52:10] ** Fractionation handled. INFO [2024-10-17 02:52:10] ** Updated quantification data to make balanced design. Missing values are marked by NA INFO [2024-10-17 02:52:10] ** Log2 intensities under cutoff = 3.776 were considered as censored missing values. INFO [2024-10-17 02:52:10] ** Log2 intensities = NA were considered as censored missing values. INFO [2024-10-17 02:52:10] ** Use all features that the dataset originally has. INFO [2024-10-17 02:52:10] # proteins: 2 # peptides per protein: 2-2 # features per peptide: 3-3 INFO [2024-10-17 02:52:10] 1 2 3 4 5 6 7 8 9 10 # runs 3 3 3 3 3 3 3 3 3 3 # bioreplicates 3 3 3 3 3 3 3 3 3 3 # tech. replicates 1 1 1 1 1 1 1 1 1 1 INFO [2024-10-17 02:52:10] == Start the summarization per subplot... | | | 0% | |=================================== | 50% | |======================================================================| 100% INFO [2024-10-17 02:52:10] == Summarization is done. test_groupComparison.R........ 0 tests test_groupComparison.R........ 0 tests test_groupComparison.R........ 0 tests test_groupComparison.R........ 0 tests test_groupComparison.R........ 0 tests INFO [2024-10-17 02:52:10] == Start to test and get inference in whole plot ... | | | 0% | |=================================== | 50% | |======================================================================| 100% INFO [2024-10-17 02:52:10] == Comparisons for all proteins are done. test_groupComparison.R........ 0 tests INFO [2024-10-17 02:52:10] == Start to test and get inference in whole plot ... INFO [2024-10-17 02:52:14] == Comparisons for all proteins are done. test_groupComparison.R........ 0 tests test_groupComparison.R........ 1 tests [0;32mOK[0m [0;34m3.6s[0m [0;36m1ms[0m All ok, 4 results (11.3s) There were 50 or more warnings (use warnings() to see the first 50) > > proc.time() user system elapsed 4.373 0.533 14.727
MSstats.Rcheck/MSstats-Ex.timings
name | user | system | elapsed | |
DDARawData | 0.002 | 0.003 | 0.006 | |
DDARawData.Skyline | 0.005 | 0.000 | 0.005 | |
DIANNtoMSstatsFormat | 0 | 0 | 0 | |
DIARawData | 0.002 | 0.000 | 0.003 | |
DIAUmpiretoMSstatsFormat | 0.127 | 0.008 | 0.123 | |
FragPipetoMSstatsFormat | 0.057 | 0.000 | 0.047 | |
MSstatsGroupComparison | 0.297 | 0.024 | 0.300 | |
MSstatsGroupComparisonOutput | 0.267 | 0.000 | 0.250 | |
MSstatsGroupComparisonSingleProtein | 0.165 | 0.000 | 0.148 | |
MSstatsHandleMissing | 0.091 | 0.000 | 0.049 | |
MSstatsMergeFractions | 0.099 | 0.000 | 0.055 | |
MSstatsNormalize | 0.082 | 0.000 | 0.044 | |
MSstatsPrepareForDataProcess | 0.078 | 0.000 | 0.043 | |
MSstatsPrepareForGroupComparison | 0.142 | 0.000 | 0.124 | |
MSstatsPrepareForSummarization | 0.079 | 0.000 | 0.043 | |
MSstatsSelectFeatures | 0.310 | 0.036 | 0.239 | |
MSstatsSummarizationOutput | 0.314 | 0.008 | 0.252 | |
MSstatsSummarize | 0.289 | 0.000 | 0.229 | |
MSstatsSummarizeSingleLinear | 0.125 | 0.000 | 0.072 | |
MSstatsSummarizeSingleTMP | 0.153 | 0.002 | 0.094 | |
MaxQtoMSstatsFormat | 0.141 | 0.005 | 0.089 | |
OpenMStoMSstatsFormat | 0.065 | 0.003 | 0.054 | |
OpenSWATHtoMSstatsFormat | 0.063 | 0.001 | 0.052 | |
PDtoMSstatsFormat | 0.061 | 0.004 | 0.053 | |
ProgenesistoMSstatsFormat | 0.065 | 0.000 | 0.054 | |
SDRFtoAnnotation | 0.012 | 0.000 | 0.012 | |
SRMRawData | 0.000 | 0.003 | 0.003 | |
SkylinetoMSstatsFormat | 0.108 | 0.001 | 0.090 | |
SpectronauttoMSstatsFormat | 0.057 | 0.016 | 0.064 | |
checkRepeatedDesign | 0.154 | 0.020 | 0.156 | |
dataProcess | 0.440 | 0.015 | 0.407 | |
dataProcessPlots | 5.361 | 0.092 | 5.395 | |
designSampleSize | 0.268 | 0.008 | 0.250 | |
designSampleSizePlots | 0.307 | 0.004 | 0.267 | |
dot-makeQCPlot | 5.091 | 0.104 | 5.093 | |
extractSDRF | 0.222 | 0.004 | 0.146 | |
getProcessed | 0.112 | 0.004 | 0.059 | |
getSamplesInfo | 0.355 | 0.008 | 0.272 | |
groupComparison | 0.228 | 0.002 | 0.213 | |
groupComparisonPlots | 2.441 | 0.066 | 2.489 | |
makePeptidesDictionary | 0.018 | 0.000 | 0.013 | |
modelBasedQCPlots | 0.760 | 0.012 | 0.754 | |
quantification | 0.178 | 0.004 | 0.165 | |