Back to Multiple platform build/check report for BioC 3.19: simplified long |
|
This page was generated on 2024-10-18 20:41 -0400 (Fri, 18 Oct 2024).
Hostname | OS | Arch (*) | R version | Installed pkgs |
---|---|---|---|---|
nebbiolo1 | Linux (Ubuntu 22.04.3 LTS) | x86_64 | 4.4.1 (2024-06-14) -- "Race for Your Life" | 4763 |
palomino7 | Windows Server 2022 Datacenter | x64 | 4.4.1 (2024-06-14 ucrt) -- "Race for Your Life" | 4500 |
merida1 | macOS 12.7.5 Monterey | x86_64 | 4.4.1 (2024-06-14) -- "Race for Your Life" | 4530 |
kjohnson1 | macOS 13.6.6 Ventura | arm64 | 4.4.1 (2024-06-14) -- "Race for Your Life" | 4480 |
Click on any hostname to see more info about the system (e.g. compilers) (*) as reported by 'uname -p', except on Windows and Mac OS X |
Package 1360/2300 | Hostname | OS / Arch | INSTALL | BUILD | CHECK | BUILD BIN | ||||||||
MSstats 4.12.1 (landing page) Meena Choi
| nebbiolo1 | Linux (Ubuntu 22.04.3 LTS) / x86_64 | OK | OK | WARNINGS | |||||||||
palomino7 | Windows Server 2022 Datacenter / x64 | OK | OK | WARNINGS | OK | |||||||||
merida1 | macOS 12.7.5 Monterey / x86_64 | OK | OK | WARNINGS | OK | |||||||||
kjohnson1 | macOS 13.6.6 Ventura / arm64 | OK | OK | WARNINGS | OK | |||||||||
To the developers/maintainers of the MSstats package: - Allow up to 24 hours (and sometimes 48 hours) for your latest push to git@git.bioconductor.org:packages/MSstats.git to reflect on this report. See Troubleshooting Build Report for more information. - Use the following Renviron settings to reproduce errors and warnings. - If 'R CMD check' started to fail recently on the Linux builder(s) over a missing dependency, add the missing dependency to 'Suggests:' in your DESCRIPTION file. See Renviron.bioc for more information. |
Package: MSstats |
Version: 4.12.1 |
Command: /Library/Frameworks/R.framework/Resources/bin/R CMD check --install=check:MSstats.install-out.txt --library=/Library/Frameworks/R.framework/Resources/library --no-vignettes --timings MSstats_4.12.1.tar.gz |
StartedAt: 2024-10-17 09:38:59 -0400 (Thu, 17 Oct 2024) |
EndedAt: 2024-10-17 09:45:10 -0400 (Thu, 17 Oct 2024) |
EllapsedTime: 370.6 seconds |
RetCode: 0 |
Status: WARNINGS |
CheckDir: MSstats.Rcheck |
Warnings: 1 |
############################################################################## ############################################################################## ### ### Running command: ### ### /Library/Frameworks/R.framework/Resources/bin/R CMD check --install=check:MSstats.install-out.txt --library=/Library/Frameworks/R.framework/Resources/library --no-vignettes --timings MSstats_4.12.1.tar.gz ### ############################################################################## ############################################################################## * using log directory ‘/Users/biocbuild/bbs-3.19-bioc/meat/MSstats.Rcheck’ * using R version 4.4.1 (2024-06-14) * using platform: x86_64-apple-darwin20 * R was compiled by Apple clang version 14.0.0 (clang-1400.0.29.202) GNU Fortran (GCC) 12.2.0 * running under: macOS Monterey 12.7.6 * using session charset: UTF-8 * using option ‘--no-vignettes’ * checking for file ‘MSstats/DESCRIPTION’ ... OK * this is package ‘MSstats’ version ‘4.12.1’ * package encoding: UTF-8 * checking package namespace information ... OK * checking package dependencies ... OK * checking if this is a source package ... OK * checking if there is a namespace ... OK * checking for hidden files and directories ... OK * checking for portable file names ... OK * checking for sufficient/correct file permissions ... OK * checking whether package ‘MSstats’ can be installed ... OK * used C++ compiler: ‘Apple clang version 14.0.0 (clang-1400.0.29.202)’ * used SDK: ‘MacOSX11.3.sdk’ * checking C++ specification ... NOTE Specified C++11: please drop specification unless essential * checking installed package size ... OK * checking package directory ... OK * checking ‘build’ directory ... OK * checking DESCRIPTION meta-information ... OK * checking top-level files ... OK * checking for left-over files ... OK * checking index information ... OK * checking package subdirectories ... OK * checking code files for non-ASCII characters ... OK * checking R files for syntax errors ... OK * checking whether the package can be loaded ... OK * checking whether the package can be loaded with stated dependencies ... OK * checking whether the package can be unloaded cleanly ... OK * checking whether the namespace can be loaded with stated dependencies ... OK * checking whether the namespace can be unloaded cleanly ... OK * checking whether startup messages can be suppressed ... OK * checking dependencies in R code ... NOTE Namespace in Imports field not imported from: ‘statmod’ All declared Imports should be used. Unexported object imported by a ':::' call: ‘MSstatsConvert:::.standardizeColnames’ See the note in ?`:::` about the use of this operator. * checking S3 generic/method consistency ... OK * checking replacement functions ... OK * checking foreign function calls ... OK * checking R code for possible problems ... NOTE .plotHeatmap : <anonymous>: no visible global function definition for ‘col2rgb’ .plotProfile: no visible binding for global variable ‘newABUNDANCE’ .savePlotlyPlotHTML: no visible global function definition for ‘zip’ .setCensoredByThreshold: no visible binding for global variable ‘any_censored’ DIANNtoMSstatsFormat: no visible binding for global variable ‘DetectionQValue’ DIANNtoMSstatsFormat: no visible binding for global variable ‘LibPGQValue’ DIANNtoMSstatsFormat: no visible binding for global variable ‘LibQValue’ DIANNtoMSstatsFormat: no visible binding for global variable ‘GlobalPGQValue’ DIANNtoMSstatsFormat: no visible binding for global variable ‘GlobalQValue’ MSstatsPrepareForSummarization: no visible binding for global variable ‘ref’ MSstatsPrepareForSummarization: no visible binding for global variable ‘LABEL’ MSstatsPrepareForSummarization: no visible binding for global variable ‘RUN’ SDRFtoAnnotation: no visible binding for global variable ‘..extract_cols’ extractSDRF: no visible binding for global variable ‘..extract_cols’ Undefined global functions or variables: ..extract_cols DetectionQValue GlobalPGQValue GlobalQValue LABEL LibPGQValue LibQValue RUN any_censored col2rgb newABUNDANCE ref zip Consider adding importFrom("grDevices", "col2rgb") importFrom("utils", "zip") to your NAMESPACE file. * checking Rd files ... NOTE checkRd: (-1) MSstatsSummarizationOutput.Rd:35: Lost braces in \itemize; \value handles \item{}{} directly checkRd: (-1) MSstatsSummarizationOutput.Rd:36: Lost braces in \itemize; \value handles \item{}{} directly checkRd: (-1) MSstatsSummarizationOutput.Rd:37: Lost braces in \itemize; \value handles \item{}{} directly * checking Rd metadata ... OK * checking Rd cross-references ... OK * checking for missing documentation entries ... WARNING Undocumented code objects: ‘example_SDRF’ Undocumented data sets: ‘example_SDRF’ All user-level objects in a package should have documentation entries. See chapter ‘Writing R documentation files’ in the ‘Writing R Extensions’ manual. * checking for code/documentation mismatches ... OK * checking Rd \usage sections ... NOTE Documented arguments not in \usage in Rd file 'dot-documentFunction.Rd': ‘removeFewMeasurements’ ‘useUniquePeptide’ ‘summaryforMultipleRows’ ‘removeProtein_with1Feature’ ‘removeProtein_with1Peptide’ ‘removeOxidationMpeptides’ ‘removeMpeptides’ ‘use_log_file’ ‘append’ ‘verbose’ ‘log_file_path’ Documented arguments not in \usage in Rd file 'dot-getContrast.Rd': ‘contrast_matrix’ Documented arguments not in \usage in Rd file 'dot-getSingleProteinForProfile.Rd': ‘dataProcess’ Documented arguments not in \usage in Rd file 'dot-getWideTable.Rd': ‘vector’ Functions with \usage entries need to have the appropriate \alias entries, and all their arguments documented. The \usage entries must correspond to syntactically valid R code. See chapter ‘Writing R documentation files’ in the ‘Writing R Extensions’ manual. * checking Rd contents ... OK * checking for unstated dependencies in examples ... OK * checking contents of ‘data’ directory ... OK * checking data for non-ASCII characters ... OK * checking LazyData ... OK * checking data for ASCII and uncompressed saves ... OK * checking line endings in C/C++/Fortran sources/headers ... OK * checking line endings in Makefiles ... OK * checking compilation flags in Makevars ... OK * checking for GNU extensions in Makefiles ... OK * checking for portable use of $(BLAS_LIBS) and $(LAPACK_LIBS) ... OK * checking use of PKG_*FLAGS in Makefiles ... OK * checking compiled code ... NOTE Note: information on .o files is not available * checking files in ‘vignettes’ ... OK * checking examples ... OK Examples with CPU (user + system) or elapsed time > 5s user system elapsed dataProcessPlots 14.163 0.244 20.535 dot-makeQCPlot 12.952 0.172 18.303 groupComparisonPlots 6.340 0.107 9.086 * checking for unstated dependencies in ‘tests’ ... OK * checking tests ... Running ‘tinytest.R’ OK * checking for unstated dependencies in vignettes ... OK * checking package vignettes ... OK * checking running R code from vignettes ... SKIPPED * checking re-building of vignette outputs ... SKIPPED * checking PDF version of manual ... OK * DONE Status: 1 WARNING, 6 NOTEs See ‘/Users/biocbuild/bbs-3.19-bioc/meat/MSstats.Rcheck/00check.log’ for details.
MSstats.Rcheck/00install.out
############################################################################## ############################################################################## ### ### Running command: ### ### /Library/Frameworks/R.framework/Resources/bin/R CMD INSTALL MSstats ### ############################################################################## ############################################################################## * installing to library ‘/Library/Frameworks/R.framework/Versions/4.4-x86_64/Resources/library’ * installing *source* package ‘MSstats’ ... ** using staged installation ** libs using C++ compiler: ‘Apple clang version 14.0.0 (clang-1400.0.29.202)’ using C++11 using SDK: ‘MacOSX11.3.sdk’ clang++ -arch x86_64 -std=gnu++11 -I"/Library/Frameworks/R.framework/Resources/include" -DNDEBUG -I'/Library/Frameworks/R.framework/Versions/4.4-x86_64/Resources/library/Rcpp/include' -I'/Library/Frameworks/R.framework/Versions/4.4-x86_64/Resources/library/RcppArmadillo/include' -I/opt/R/x86_64/include -fPIC -falign-functions=64 -Wall -g -O2 -c RcppExports.cpp -o RcppExports.o clang++ -arch x86_64 -std=gnu++11 -I"/Library/Frameworks/R.framework/Resources/include" -DNDEBUG -I'/Library/Frameworks/R.framework/Versions/4.4-x86_64/Resources/library/Rcpp/include' -I'/Library/Frameworks/R.framework/Versions/4.4-x86_64/Resources/library/RcppArmadillo/include' -I/opt/R/x86_64/include -fPIC -falign-functions=64 -Wall -g -O2 -c common.cpp -o common.o clang++ -arch x86_64 -std=gnu++11 -I"/Library/Frameworks/R.framework/Resources/include" -DNDEBUG -I'/Library/Frameworks/R.framework/Versions/4.4-x86_64/Resources/library/Rcpp/include' -I'/Library/Frameworks/R.framework/Versions/4.4-x86_64/Resources/library/RcppArmadillo/include' -I/opt/R/x86_64/include -fPIC -falign-functions=64 -Wall -g -O2 -c comparison_contrasts.cpp -o comparison_contrasts.o clang++ -arch x86_64 -std=gnu++11 -I"/Library/Frameworks/R.framework/Resources/include" -DNDEBUG -I'/Library/Frameworks/R.framework/Versions/4.4-x86_64/Resources/library/Rcpp/include' -I'/Library/Frameworks/R.framework/Versions/4.4-x86_64/Resources/library/RcppArmadillo/include' -I/opt/R/x86_64/include -fPIC -falign-functions=64 -Wall -g -O2 -c linear_summary.cpp -o linear_summary.o clang++ -arch x86_64 -std=gnu++11 -I"/Library/Frameworks/R.framework/Resources/include" -DNDEBUG -I'/Library/Frameworks/R.framework/Versions/4.4-x86_64/Resources/library/Rcpp/include' -I'/Library/Frameworks/R.framework/Versions/4.4-x86_64/Resources/library/RcppArmadillo/include' -I/opt/R/x86_64/include -fPIC -falign-functions=64 -Wall -g -O2 -c median_polish.cpp -o median_polish.o clang++ -arch x86_64 -std=gnu++11 -dynamiclib -Wl,-headerpad_max_install_names -undefined dynamic_lookup -L/Library/Frameworks/R.framework/Resources/lib -L/opt/R/x86_64/lib -o MSstats.so RcppExports.o common.o comparison_contrasts.o linear_summary.o median_polish.o -L/Library/Frameworks/R.framework/Resources/lib -lRlapack -L/Library/Frameworks/R.framework/Resources/lib -lRblas -L/opt/gfortran/lib/gcc/x86_64-apple-darwin20.0/12.2.0 -L/opt/gfortran/lib -lgfortran -lquadmath -F/Library/Frameworks/R.framework/.. -framework R -Wl,-framework -Wl,CoreFoundation installing to /Library/Frameworks/R.framework/Versions/4.4-x86_64/Resources/library/00LOCK-MSstats/00new/MSstats/libs ** R ** data *** moving datasets to lazyload DB ** inst ** byte-compile and prepare package for lazy loading ** help *** installing help indices ** building package indices ** installing vignettes ** testing if installed package can be loaded from temporary location ** checking absolute paths in shared objects and dynamic libraries ** testing if installed package can be loaded from final location ** testing if installed package keeps a record of temporary installation path * DONE (MSstats)
MSstats.Rcheck/tests/tinytest.Rout
R version 4.4.1 (2024-06-14) -- "Race for Your Life" Copyright (C) 2024 The R Foundation for Statistical Computing Platform: x86_64-apple-darwin20 R is free software and comes with ABSOLUTELY NO WARRANTY. You are welcome to redistribute it under certain conditions. Type 'license()' or 'licence()' for distribution details. R is a collaborative project with many contributors. Type 'contributors()' for more information and 'citation()' on how to cite R or R packages in publications. Type 'demo()' for some demos, 'help()' for on-line help, or 'help.start()' for an HTML browser interface to help. Type 'q()' to quit R. > if ( requireNamespace("tinytest", quietly=TRUE) ){ + tinytest::test_package("MSstats") + } Attaching package: 'MSstats' The following object is masked from 'package:grDevices': savePlot test_MSstatsdev.R............. 1 tests [0;32mOK[0m [0;34m0.1s[0m INFO [2024-10-17 09:44:12] ** Features with one or two measurements across runs are removed. INFO [2024-10-17 09:44:12] ** Fractionation handled. INFO [2024-10-17 09:44:12] ** Updated quantification data to make balanced design. Missing values are marked by NA INFO [2024-10-17 09:44:12] ** Log2 intensities under cutoff = 3.776 were considered as censored missing values. INFO [2024-10-17 09:44:12] ** Log2 intensities = NA were considered as censored missing values. INFO [2024-10-17 09:44:12] ** Use all features that the dataset originally has. INFO [2024-10-17 09:44:12] # proteins: 2 # peptides per protein: 2-2 # features per peptide: 3-3 INFO [2024-10-17 09:44:12] 1 2 3 4 5 6 7 8 9 10 # runs 3 3 3 3 3 3 3 3 3 3 # bioreplicates 3 3 3 3 3 3 3 3 3 3 # tech. replicates 1 1 1 1 1 1 1 1 1 1 INFO [2024-10-17 09:44:12] == Start the summarization per subplot... | | | 0% | |=================================== | 50% | |======================================================================| 100% INFO [2024-10-17 09:44:12] == Summarization is done. test_dataProcess.R............ 0 tests INFO [2024-10-17 09:44:13] ** Features with one or two measurements across runs are removed. INFO [2024-10-17 09:44:13] ** Fractionation handled. INFO [2024-10-17 09:44:13] ** Updated quantification data to make balanced design. Missing values are marked by NA INFO [2024-10-17 09:44:13] ** Use all features that the dataset originally has. INFO [2024-10-17 09:44:13] # proteins: 6 # peptides per protein: 11-32 # features per peptide: 1-1 INFO [2024-10-17 09:44:13] C1 C2 C3 C4 C5 C6 # runs 3 3 3 3 3 3 # bioreplicates 1 1 1 1 1 1 # tech. replicates 3 3 3 3 3 3 INFO [2024-10-17 09:44:13] Some features are completely missing in at least one condition: D.GPLTGTYR_23_23_NA_NA, F.HFHWGSSDDQGSEHTVDR_402_402_NA_NA, G.PLTGTYR_8_8_NA_NA, H.SFNVEYDDSQDK_465_465_NA_NA, K.AVVQDPALKPL_156_156_NA_NA ... INFO [2024-10-17 09:44:13] == Start the summarization per subplot... | | | 0% | |============ | 17% | |======================= | 33% | |=================================== | 50% | |=============================================== | 67% | |========================================================== | 83% | |======================================================================| 100% INFO [2024-10-17 09:44:14] == Summarization is done. test_dataProcess.R............ 0 tests INFO [2024-10-17 09:44:14] ** Features with one or two measurements across runs are removed. INFO [2024-10-17 09:44:14] ** Fractionation handled. INFO [2024-10-17 09:44:14] ** Updated quantification data to make balanced design. Missing values are marked by NA INFO [2024-10-17 09:44:14] ** Log2 intensities under cutoff = 3.776 were considered as censored missing values. INFO [2024-10-17 09:44:14] ** Log2 intensities = NA were considered as censored missing values. INFO [2024-10-17 09:44:14] ** Use all features that the dataset originally has. INFO [2024-10-17 09:44:14] # proteins: 2 # peptides per protein: 2-2 # features per peptide: 3-3 INFO [2024-10-17 09:44:14] 1 2 3 4 5 6 7 8 9 10 # runs 3 3 3 3 3 3 3 3 3 3 # bioreplicates 3 3 3 3 3 3 3 3 3 3 # tech. replicates 1 1 1 1 1 1 1 1 1 1 INFO [2024-10-17 09:44:14] == Start the summarization per subplot... INFO [2024-10-17 09:44:24] == Summarization is done. test_dataProcess.R............ 0 tests INFO [2024-10-17 09:44:24] ** Features with one or two measurements across runs are removed. INFO [2024-10-17 09:44:24] ** Fractionation handled. INFO [2024-10-17 09:44:24] ** Updated quantification data to make balanced design. Missing values are marked by NA INFO [2024-10-17 09:44:24] ** Use all features that the dataset originally has. INFO [2024-10-17 09:44:25] # proteins: 6 # peptides per protein: 11-32 # features per peptide: 1-1 INFO [2024-10-17 09:44:25] C1 C2 C3 C4 C5 C6 # runs 3 3 3 3 3 3 # bioreplicates 1 1 1 1 1 1 # tech. replicates 3 3 3 3 3 3 INFO [2024-10-17 09:44:25] Some features are completely missing in at least one condition: D.GPLTGTYR_23_23_NA_NA, F.HFHWGSSDDQGSEHTVDR_402_402_NA_NA, G.PLTGTYR_8_8_NA_NA, H.SFNVEYDDSQDK_465_465_NA_NA, K.AVVQDPALKPL_156_156_NA_NA ... INFO [2024-10-17 09:44:25] == Start the summarization per subplot... INFO [2024-10-17 09:44:35] == Summarization is done. test_dataProcess.R............ 0 tests test_dataProcess.R............ 1 tests [0;32mOK[0m test_dataProcess.R............ 2 tests [0;32mOK[0m [0;34m23.0s[0m INFO [2024-10-17 09:44:35] ** Features with one or two measurements across runs are removed. INFO [2024-10-17 09:44:35] ** Fractionation handled. INFO [2024-10-17 09:44:35] ** Updated quantification data to make balanced design. Missing values are marked by NA INFO [2024-10-17 09:44:35] ** Log2 intensities under cutoff = 3.776 were considered as censored missing values. INFO [2024-10-17 09:44:35] ** Log2 intensities = NA were considered as censored missing values. INFO [2024-10-17 09:44:35] ** Use all features that the dataset originally has. INFO [2024-10-17 09:44:35] # proteins: 2 # peptides per protein: 2-2 # features per peptide: 3-3 INFO [2024-10-17 09:44:35] 1 2 3 4 5 6 7 8 9 10 # runs 3 3 3 3 3 3 3 3 3 3 # bioreplicates 3 3 3 3 3 3 3 3 3 3 # tech. replicates 1 1 1 1 1 1 1 1 1 1 INFO [2024-10-17 09:44:35] == Start the summarization per subplot... | | | 0% | |=================================== | 50% | |======================================================================| 100% INFO [2024-10-17 09:44:35] == Summarization is done. test_groupComparison.R........ 0 tests test_groupComparison.R........ 0 tests test_groupComparison.R........ 0 tests test_groupComparison.R........ 0 tests test_groupComparison.R........ 0 tests INFO [2024-10-17 09:44:35] == Start to test and get inference in whole plot ... | | | 0% | |=================================== | 50% | |======================================================================| 100% INFO [2024-10-17 09:44:36] == Comparisons for all proteins are done. test_groupComparison.R........ 0 tests INFO [2024-10-17 09:44:36] == Start to test and get inference in whole plot ... INFO [2024-10-17 09:44:45] == Comparisons for all proteins are done. test_groupComparison.R........ 0 tests test_groupComparison.R........ 1 tests [0;32mOK[0m [0;34m9.9s[0m [0;36m3ms[0m All ok, 4 results (33.1s) There were 50 or more warnings (use warnings() to see the first 50) > > proc.time() user system elapsed 8.616 0.711 42.786
MSstats.Rcheck/MSstats-Ex.timings
name | user | system | elapsed | |
DDARawData | 0.011 | 0.003 | 0.026 | |
DDARawData.Skyline | 0.010 | 0.004 | 0.022 | |
DIANNtoMSstatsFormat | 0.001 | 0.000 | 0.001 | |
DIARawData | 0.006 | 0.001 | 0.011 | |
DIAUmpiretoMSstatsFormat | 0.264 | 0.020 | 0.437 | |
FragPipetoMSstatsFormat | 0.110 | 0.014 | 0.177 | |
MSstatsGroupComparison | 0.655 | 0.026 | 1.011 | |
MSstatsGroupComparisonOutput | 0.844 | 0.016 | 1.227 | |
MSstatsGroupComparisonSingleProtein | 0.412 | 0.036 | 0.695 | |
MSstatsHandleMissing | 0.139 | 0.027 | 0.913 | |
MSstatsMergeFractions | 0.130 | 0.025 | 0.777 | |
MSstatsNormalize | 0.128 | 0.025 | 0.837 | |
MSstatsPrepareForDataProcess | 0.123 | 0.014 | 0.634 | |
MSstatsPrepareForGroupComparison | 0.288 | 0.012 | 0.376 | |
MSstatsPrepareForSummarization | 0.113 | 0.008 | 0.493 | |
MSstatsSelectFeatures | 0.718 | 0.040 | 2.003 | |
MSstatsSummarizationOutput | 0.563 | 0.027 | 1.420 | |
MSstatsSummarize | 0.496 | 0.020 | 1.046 | |
MSstatsSummarizeSingleLinear | 0.185 | 0.013 | 0.698 | |
MSstatsSummarizeSingleTMP | 0.201 | 0.009 | 0.668 | |
MaxQtoMSstatsFormat | 0.309 | 0.027 | 1.649 | |
OpenMStoMSstatsFormat | 0.105 | 0.005 | 0.142 | |
OpenSWATHtoMSstatsFormat | 0.124 | 0.007 | 0.163 | |
PDtoMSstatsFormat | 0.114 | 0.008 | 0.162 | |
ProgenesistoMSstatsFormat | 0.140 | 0.010 | 0.225 | |
SDRFtoAnnotation | 0.026 | 0.006 | 0.049 | |
SRMRawData | 0.005 | 0.002 | 0.009 | |
SkylinetoMSstatsFormat | 0.161 | 0.015 | 0.300 | |
SpectronauttoMSstatsFormat | 0.104 | 0.007 | 0.153 | |
checkRepeatedDesign | 0.290 | 0.006 | 0.475 | |
dataProcess | 0.900 | 0.034 | 1.431 | |
dataProcessPlots | 14.163 | 0.244 | 20.535 | |
designSampleSize | 0.588 | 0.031 | 0.864 | |
designSampleSizePlots | 0.588 | 0.023 | 0.876 | |
dot-makeQCPlot | 12.952 | 0.172 | 18.303 | |
extractSDRF | 0.313 | 0.020 | 1.272 | |
getProcessed | 0.138 | 0.014 | 0.742 | |
getSamplesInfo | 0.623 | 0.026 | 1.540 | |
groupComparison | 0.485 | 0.014 | 0.662 | |
groupComparisonPlots | 6.340 | 0.107 | 9.086 | |
makePeptidesDictionary | 0.020 | 0.002 | 0.041 | |
modelBasedQCPlots | 1.761 | 0.031 | 2.510 | |
quantification | 0.386 | 0.011 | 0.592 | |