Back to Mac ARM64 build report for BioC 3.19 |
|
This page was generated on 2024-05-07 11:32:48 -0400 (Tue, 07 May 2024).
Hostname | OS | Arch (*) | R version | Installed pkgs |
---|---|---|---|---|
kjohnson3 | macOS 13.6.5 Ventura | arm64 | 4.4.0 (2024-04-24) -- "Puppy Cup" | 4461 |
Click on any hostname to see more info about the system (e.g. compilers) (*) as reported by 'uname -p', except on Windows and Mac OS X |
Package 2173/2300 | Hostname | OS / Arch | INSTALL | BUILD | CHECK | BUILD BIN | ||||||||
Doyeong Yu
| kjohnson3 | macOS 13.6.5 Ventura / arm64 | OK | ERROR | skipped | skipped | ||||||||
To the developers/maintainers of the TNBC.CMS package: - Use the following Renviron settings to reproduce errors and warnings. - If 'R CMD check' started to fail recently on the Linux builder(s) over a missing dependency, add the missing dependency to 'Suggests:' in your DESCRIPTION file. See Renviron.bioc for more information. |
Package: TNBC.CMS |
Version: 1.20.0 |
Command: /Library/Frameworks/R.framework/Resources/bin/R CMD build --keep-empty-dirs --no-resave-data TNBC.CMS |
StartedAt: 2024-05-06 19:17:53 -0400 (Mon, 06 May 2024) |
EndedAt: 2024-05-06 19:18:13 -0400 (Mon, 06 May 2024) |
EllapsedTime: 20.2 seconds |
RetCode: 1 |
Status: ERROR |
PackageFile: None |
PackageFileSize: NA |
############################################################################## ############################################################################## ### ### Running command: ### ### /Library/Frameworks/R.framework/Resources/bin/R CMD build --keep-empty-dirs --no-resave-data TNBC.CMS ### ############################################################################## ############################################################################## * checking for file ‘TNBC.CMS/DESCRIPTION’ ... OK * preparing ‘TNBC.CMS’: * checking DESCRIPTION meta-information ... OK * installing the package to build vignettes * creating vignettes ... ERROR --- re-building ‘TNBC.CMS.rnw’ using knitr Quitting from lines at lines 212-215 [gsa] (TNBC.CMS.rnw) Error: processing vignette 'TNBC.CMS.rnw' failed with diagnostics: Calling gsva(expr=., gset.idx.list=., method=., ...) is defunct; use a method-specific parameter object (see '?gsva'). --- failed re-building ‘TNBC.CMS.rnw’ SUMMARY: processing the following file failed: ‘TNBC.CMS.rnw’ Error: Vignette re-building failed. Execution halted