Back to Multiple platform build/check report for BioC 3.20:   simplified   long
AB[C]DEFGHIJKLMNOPQRSTUVWXYZ

This page was generated on 2025-02-03 12:11 -0500 (Mon, 03 Feb 2025).

HostnameOSArch (*)R versionInstalled pkgs
nebbiolo2Linux (Ubuntu 24.04.1 LTS)x86_644.4.2 (2024-10-31) -- "Pile of Leaves" 4746
palomino8Windows Server 2022 Datacenterx644.4.2 (2024-10-31 ucrt) -- "Pile of Leaves" 4494
merida1macOS 12.7.5 Montereyx86_644.4.2 (2024-10-31) -- "Pile of Leaves" 4517
kjohnson1macOS 13.6.6 Venturaarm644.4.2 (2024-10-31) -- "Pile of Leaves" 4469
taishanLinux (openEuler 24.03 LTS)aarch644.4.2 (2024-10-31) -- "Pile of Leaves" 4400
Click on any hostname to see more info about the system (e.g. compilers)      (*) as reported by 'uname -p', except on Windows and Mac OS X

Package 406/2289HostnameOS / ArchINSTALLBUILDCHECKBUILD BIN
cogena 1.40.0  (landing page)
Zhilong Jia
Snapshot Date: 2025-01-30 13:00 -0500 (Thu, 30 Jan 2025)
git_url: https://git.bioconductor.org/packages/cogena
git_branch: RELEASE_3_20
git_last_commit: 1dafa67
git_last_commit_date: 2024-10-29 10:00:20 -0500 (Tue, 29 Oct 2024)
nebbiolo2Linux (Ubuntu 24.04.1 LTS) / x86_64  OK    OK    WARNINGS  UNNEEDED, same version is already published
palomino8Windows Server 2022 Datacenter / x64  OK    OK    WARNINGS    OK  UNNEEDED, same version is already published
merida1macOS 12.7.5 Monterey / x86_64  OK    OK    WARNINGS    OK  UNNEEDED, same version is already published
kjohnson1macOS 13.6.6 Ventura / arm64  OK    OK    WARNINGS    OK  UNNEEDED, same version is already published
taishanLinux (openEuler 24.03 LTS) / aarch64  OK    OK    WARNINGS  


CHECK results for cogena on taishan

To the developers/maintainers of the cogena package:
- Allow up to 24 hours (and sometimes 48 hours) for your latest push to git@git.bioconductor.org:packages/cogena.git to reflect on this report. See Troubleshooting Build Report for more information.
- Use the following Renviron settings to reproduce errors and warnings.
- If 'R CMD check' started to fail recently on the Linux builder(s) over a missing dependency, add the missing dependency to 'Suggests:' in your DESCRIPTION file. See Renviron.bioc for more information.
- See Martin Grigorov's blog post for how to debug Linux ARM64 related issues on a x86_64 host.

raw results


Summary

Package: cogena
Version: 1.40.0
Command: /home/biocbuild/R/R/bin/R CMD check --install=check:cogena.install-out.txt --library=/home/biocbuild/R/R/site-library --no-vignettes --timings cogena_1.40.0.tar.gz
StartedAt: 2025-01-31 05:05:07 -0000 (Fri, 31 Jan 2025)
EndedAt: 2025-01-31 05:09:08 -0000 (Fri, 31 Jan 2025)
EllapsedTime: 241.2 seconds
RetCode: 0
Status:   WARNINGS  
CheckDir: cogena.Rcheck
Warnings: 1

Command output

##############################################################################
##############################################################################
###
### Running command:
###
###   /home/biocbuild/R/R/bin/R CMD check --install=check:cogena.install-out.txt --library=/home/biocbuild/R/R/site-library --no-vignettes --timings cogena_1.40.0.tar.gz
###
##############################################################################
##############################################################################


* using log directory ‘/home/biocbuild/bbs-3.20-bioc/meat/cogena.Rcheck’
* using R version 4.4.2 (2024-10-31)
* using platform: aarch64-unknown-linux-gnu
* R was compiled by
    aarch64-unknown-linux-gnu-gcc (GCC) 14.2.0
    GNU Fortran (GCC) 12.3.1 (openEuler 12.3.1-36.oe2403)
* running under: openEuler 24.03 (LTS)
* using session charset: UTF-8
* using option ‘--no-vignettes’
* checking for file ‘cogena/DESCRIPTION’ ... OK
* this is package ‘cogena’ version ‘1.40.0’
* package encoding: UTF-8
* checking package namespace information ... OK
* checking package dependencies ... OK
* checking if this is a source package ... OK
* checking if there is a namespace ... OK
* checking for hidden files and directories ... OK
* checking for portable file names ... OK
* checking for sufficient/correct file permissions ... OK
* checking whether package ‘cogena’ can be installed ... WARNING
Found the following significant warnings:
  Warning: replacing previous import ‘class::somgrid’ by ‘kohonen::somgrid’ when loading ‘cogena’
See ‘/home/biocbuild/bbs-3.20-bioc/meat/cogena.Rcheck/00install.out’ for details.
* checking installed package size ... OK
* checking package directory ... OK
* checking ‘build’ directory ... OK
* checking DESCRIPTION meta-information ... OK
* checking top-level files ... OK
* checking for left-over files ... OK
* checking index information ... OK
* checking package subdirectories ... OK
* checking code files for non-ASCII characters ... OK
* checking R files for syntax errors ... OK
* checking whether the package can be loaded ... OK
* checking whether the package can be loaded with stated dependencies ... OK
* checking whether the package can be unloaded cleanly ... OK
* checking whether the namespace can be loaded with stated dependencies ... OK
* checking whether the namespace can be unloaded cleanly ... OK
* checking loading without being on the library search path ... OK
* checking dependencies in R code ... OK
* checking S3 generic/method consistency ... OK
* checking replacement functions ... OK
* checking foreign function calls ... OK
* checking R code for possible problems ... NOTE
dist.fn: no visible global function definition for ‘cor’
heatmap.3: no visible binding for global variable ‘dist’
heatmap.3: no visible global function definition for ‘par’
heatmap.3: no visible global function definition for ‘median’
heatmap.3: no visible global function definition for ‘order.dendrogram’
heatmap.3: no visible global function definition for ‘reorder’
heatmap.3: no visible binding for global variable ‘sd’
heatmap.3: no visible global function definition for ‘layout’
heatmap.3: no visible global function definition for ‘image’
heatmap.3: no visible global function definition for ‘axis’
heatmap.3: no visible global function definition for ‘mtext’
heatmap.3: no visible global function definition for ‘rect’
heatmap.3: no visible global function definition for ‘abline’
heatmap.3: no visible global function definition for ‘lines’
heatmap.3: no visible global function definition for ‘text’
heatmap.3: no visible global function definition for ‘plot.new’
heatmap.3: no visible global function definition for ‘title’
heatmap.3: no visible global function definition for ‘density’
heatmap.3: no visible global function definition for ‘hist’
plot.sota: no visible global function definition for ‘par’
corInCluster,cogena: no visible global function definition for ‘cor’
heatmapCluster,cogena: no visible global function definition for
  ‘topo.colors’
heatmapCluster,cogena: no visible global function definition for
  ‘rainbow’
heatmapCluster,cogena: no visible global function definition for ‘par’
heatmapCluster,cogena: no visible global function definition for
  ‘legend’
heatmapPEI,cogena: no visible binding for global variable ‘clusterID’
heatmapPEI,cogena: no visible binding for global variable ‘TF’
heatmapPEI,cogena: no visible binding for global variable
  ‘clusterNumGene’
heatmapPEI,cogena: no visible binding for global variable ‘GS’
heatmapPEI,cogena: no visible binding for global variable ‘value’
heatmapPEI,cogena: no visible binding for global variable ‘GeneCount’
Undefined global functions or variables:
  GS GeneCount TF abline axis clusterID clusterNumGene cor density dist
  hist image layout legend lines median mtext order.dendrogram par
  plot.new rainbow rect reorder sd text title topo.colors value
Consider adding
  importFrom("grDevices", "rainbow", "topo.colors")
  importFrom("graphics", "abline", "axis", "hist", "image", "layout",
             "legend", "lines", "mtext", "par", "plot.new", "rect",
             "text", "title")
  importFrom("stats", "cor", "density", "dist", "median",
             "order.dendrogram", "reorder", "sd")
to your NAMESPACE file.
* checking Rd files ... OK
* checking Rd metadata ... OK
* checking Rd cross-references ... OK
* checking for missing documentation entries ... OK
* checking for code/documentation mismatches ... OK
* checking Rd \usage sections ... OK
* checking Rd contents ... OK
* checking for unstated dependencies in examples ... OK
* checking contents of ‘data’ directory ... OK
* checking data for non-ASCII characters ... OK
* checking LazyData ... OK
* checking data for ASCII and uncompressed saves ... OK
* checking files in ‘vignettes’ ... OK
* checking examples ... OK
Examples with CPU (user + system) or elapsed time > 5s
                user system elapsed
cogena_package 5.361  0.494  89.789
clEnrich_one   4.119  0.112  12.532
clEnrich       2.833  0.301  16.853
upDownGene     2.401  0.412  16.704
clusterMethods 1.236  0.008  10.025
* checking for unstated dependencies in vignettes ... OK
* checking package vignettes ... OK
* checking running R code from vignettes ... SKIPPED
* checking re-building of vignette outputs ... SKIPPED
* checking PDF version of manual ... OK
* DONE

Status: 1 WARNING, 1 NOTE
See
  ‘/home/biocbuild/bbs-3.20-bioc/meat/cogena.Rcheck/00check.log’
for details.


Installation output

cogena.Rcheck/00install.out

##############################################################################
##############################################################################
###
### Running command:
###
###   /home/biocbuild/R/R/bin/R CMD INSTALL cogena
###
##############################################################################
##############################################################################


* installing to library ‘/home/biocbuild/R/R-4.4.2/site-library’
* installing *source* package ‘cogena’ ...
** using staged installation
** R
** data
*** moving datasets to lazyload DB
** inst
** byte-compile and prepare package for lazy loading
Warning: replacing previous import ‘class::somgrid’ by ‘kohonen::somgrid’ when loading ‘cogena’
** help
*** installing help indices
** building package indices
** installing vignettes
** testing if installed package can be loaded from temporary location
Warning: replacing previous import ‘class::somgrid’ by ‘kohonen::somgrid’ when loading ‘cogena’
** testing if installed package can be loaded from final location
Warning: replacing previous import ‘class::somgrid’ by ‘kohonen::somgrid’ when loading ‘cogena’
** testing if installed package keeps a record of temporary installation path
* DONE (cogena)

Tests output


Example timings

cogena.Rcheck/cogena-Ex.timings

nameusersystemelapsed
PEI0.8190.0160.840
clEnrich 2.833 0.30116.853
clEnrich_one 4.119 0.11212.532
clusterMethods 1.236 0.00810.025
coExp0.0020.0000.001
cogena_package 5.361 0.49489.789
corInCluster0.0030.0010.002
enrichment0.0020.0000.002
gene2set0.0390.0030.042
geneExpInCluster0.0020.0010.002
geneInCluster0.0020.0000.002
geneclusters000
gmt2list0.0140.0000.015
gmtlist2file0.0280.0200.048
heatmapCluster0.0000.0020.002
heatmapCmap0.0000.0010.002
heatmapPEI0.0000.0020.001
mat000
nClusters000
show000
sota1.6800.0151.701
summary000
upDownGene 2.401 0.41216.704