Back to Mac ARM64 build report for BioC 3.20 |
|
This page was generated on 2024-05-20 11:32:21 -0400 (Mon, 20 May 2024).
Hostname | OS | Arch (*) | R version | Installed pkgs |
---|---|---|---|---|
kjohnson1 | macOS 13.6.6 Ventura | arm64 | 4.4.0 Patched (2024-04-24 r86482) -- "Puppy Cup" | 4381 |
Click on any hostname to see more info about the system (e.g. compilers) (*) as reported by 'uname -p', except on Windows and Mac OS X |
Package 1973/2233 | Hostname | OS / Arch | INSTALL | BUILD | CHECK | BUILD BIN | ||||||||
SpatialFeatureExperiment 1.7.0 (landing page) Lambda Moses
| kjohnson1 | macOS 13.6.6 Ventura / arm64 | OK | ERROR | skipped | skipped | ||||||||
To the developers/maintainers of the SpatialFeatureExperiment package: - Use the following Renviron settings to reproduce errors and warnings. - If 'R CMD check' started to fail recently on the Linux builder(s) over a missing dependency, add the missing dependency to 'Suggests:' in your DESCRIPTION file. See Renviron.bioc for more information. |
Package: SpatialFeatureExperiment |
Version: 1.7.0 |
Command: /Library/Frameworks/R.framework/Resources/bin/R CMD build --keep-empty-dirs --no-resave-data SpatialFeatureExperiment |
StartedAt: 2024-05-19 02:45:56 -0400 (Sun, 19 May 2024) |
EndedAt: 2024-05-19 02:47:51 -0400 (Sun, 19 May 2024) |
EllapsedTime: 115.8 seconds |
RetCode: 1 |
Status: ERROR |
PackageFile: None |
PackageFileSize: NA |
############################################################################## ############################################################################## ### ### Running command: ### ### /Library/Frameworks/R.framework/Resources/bin/R CMD build --keep-empty-dirs --no-resave-data SpatialFeatureExperiment ### ############################################################################## ############################################################################## * checking for file ‘SpatialFeatureExperiment/DESCRIPTION’ ... OK * preparing ‘SpatialFeatureExperiment’: * checking DESCRIPTION meta-information ... OK * installing the package to build vignettes * creating vignettes ... ERROR --- re-building ‘SFE.Rmd’ using rmarkdown Quitting from lines at lines 389-390 [unnamed-chunk-54] (SFE.Rmd) Error: processing vignette 'SFE.Rmd' failed with diagnostics: Cannot call parquet___arrow___ArrowReaderProperties__Make(). See https://arrow.apache.org/docs/r/articles/install.html for help installing Arrow C++ libraries. --- failed re-building ‘SFE.Rmd’ SUMMARY: processing the following file failed: ‘SFE.Rmd’ Error: Vignette re-building failed. Execution halted