Back to Mac ARM64 build report for BioC 3.20 |
|
This page was generated on 2024-05-20 11:32:10 -0400 (Mon, 20 May 2024).
Hostname | OS | Arch (*) | R version | Installed pkgs |
---|---|---|---|---|
kjohnson1 | macOS 13.6.6 Ventura | arm64 | 4.4.0 Patched (2024-04-24 r86482) -- "Puppy Cup" | 4381 |
Click on any hostname to see more info about the system (e.g. compilers) (*) as reported by 'uname -p', except on Windows and Mac OS X |
Package 536/2233 | Hostname | OS / Arch | INSTALL | BUILD | CHECK | BUILD BIN | ||||||||
DeProViR 1.1.0 (landing page) Matineh Rahmatbakhsh
| kjohnson1 | macOS 13.6.6 Ventura / arm64 | OK | ERROR | skipped | skipped | ||||||||
To the developers/maintainers of the DeProViR package: - Use the following Renviron settings to reproduce errors and warnings. - If 'R CMD check' started to fail recently on the Linux builder(s) over a missing dependency, add the missing dependency to 'Suggests:' in your DESCRIPTION file. See Renviron.bioc for more information. |
Package: DeProViR |
Version: 1.1.0 |
Command: /Library/Frameworks/R.framework/Resources/bin/R CMD build --keep-empty-dirs --no-resave-data DeProViR |
StartedAt: 2024-05-18 16:52:59 -0400 (Sat, 18 May 2024) |
EndedAt: 2024-05-18 16:53:26 -0400 (Sat, 18 May 2024) |
EllapsedTime: 27.3 seconds |
RetCode: 1 |
Status: ERROR |
PackageFile: None |
PackageFileSize: NA |
############################################################################## ############################################################################## ### ### Running command: ### ### /Library/Frameworks/R.framework/Resources/bin/R CMD build --keep-empty-dirs --no-resave-data DeProViR ### ############################################################################## ############################################################################## * checking for file ‘DeProViR/DESCRIPTION’ ... OK * preparing ‘DeProViR’: * checking DESCRIPTION meta-information ... OK * installing the package to build vignettes * creating vignettes ... ERROR --- re-building ‘DeProViR_tutorial.Rmd’ using rmarkdown Quitting from lines at lines 218-246 [unnamed-chunk-2] (DeProViR_tutorial.Rmd) Error: processing vignette 'DeProViR_tutorial.Rmd' failed with diagnostics: TensorFlow not installed, please run `tensorflow::install_tensorflow()` --- failed re-building ‘DeProViR_tutorial.Rmd’ SUMMARY: processing the following file failed: ‘DeProViR_tutorial.Rmd’ Error: Vignette re-building failed. Execution halted