Back to the "Multiple platform build/check report" A  B  C  D  E  F  G  H  I  J  K [L] M  N  O  P  Q  R  S  T  U  V  W  X  Y  Z 

BioC 3.4: CHECK report for lumi on zin1

This page was generated on 2016-08-19 02:35:47 -0700 (Fri, 19 Aug 2016).

Package 664/1245HostnameOS / ArchINSTALLBUILDCHECKBUILD BIN
lumi 2.25.0
Pan Du
Snapshot Date: 2016-08-17 19:15:45 -0700 (Wed, 17 Aug 2016)
URL: https://hedgehog.fhcrc.org/bioconductor/trunk/madman/Rpacks/lumi
Last Changed Rev: 117081 / Revision: 120233
Last Changed Date: 2016-05-03 14:30:44 -0700 (Tue, 03 May 2016)
zin1 Linux (Ubuntu 16.04 LTS) / x86_64  OK  OK [ WARNINGS ]UNNEEDED, same version exists in internal repository
moscato1 Windows Server 2008 R2 Standard (64-bit) / x64  OK  OK  WARNINGS  OK UNNEEDED, same version exists in internal repository
morelia Mac OS X Mavericks (10.9.5) / x86_64  OK  ERROR  skipped  skipped 

Summary

Package: lumi
Version: 2.25.0
Command: /home/biocbuild/bbs-3.4-bioc/R/bin/R CMD check --no-vignettes --timings lumi_2.25.0.tar.gz
StartedAt: 2016-08-18 08:17:09 -0700 (Thu, 18 Aug 2016)
EndedAt: 2016-08-18 08:22:57 -0700 (Thu, 18 Aug 2016)
EllapsedTime: 348.7 seconds
RetCode: 0
Status:  WARNINGS 
CheckDir: lumi.Rcheck
Warnings: 4

Command output

##############################################################################
##############################################################################
###
### Running command:
###
###   /home/biocbuild/bbs-3.4-bioc/R/bin/R CMD check --no-vignettes --timings lumi_2.25.0.tar.gz
###
##############################################################################
##############################################################################


* using log directory ‘/home/biocbuild/bbs-3.4-bioc/meat/lumi.Rcheck’
* using R version 3.3.1 (2016-06-21)
* using platform: x86_64-pc-linux-gnu (64-bit)
* using session charset: UTF-8
* using option ‘--no-vignettes’
* checking for file ‘lumi/DESCRIPTION’ ... OK
* checking extension type ... Package
* this is package ‘lumi’ version ‘2.25.0’
* checking package namespace information ... OK
* checking package dependencies ... OK
* checking if this is a source package ... OK
* checking if there is a namespace ... OK
* checking for hidden files and directories ... OK
* checking for portable file names ... OK
* checking for sufficient/correct file permissions ... OK
* checking whether package ‘lumi’ can be installed ... WARNING
Found the following significant warnings:
  Warning: bad markup (extra space?) at lumiMethyR.Rd:18:16
  Warning: bad markup (extra space?) at lumiMethyR.Rd:19:28
  Warning: bad markup (extra space?) at lumiMethyR.Rd:20:13
See ‘/home/biocbuild/bbs-3.4-bioc/meat/lumi.Rcheck/00install.out’ for details.
* checking installed package size ... NOTE
  installed size is  9.3Mb
  sub-directories of 1Mb or more:
    data   3.6Mb
    doc    5.1Mb
* checking package directory ... OK
* checking ‘build’ directory ... OK
* checking DESCRIPTION meta-information ... NOTE
Package listed in more than one of Depends, Imports, Suggests, Enhances:
  ‘Biobase’
A package should be listed in only one of these fields.
* checking top-level files ... OK
* checking for left-over files ... OK
* checking index information ... OK
* checking package subdirectories ... OK
* checking R files for non-ASCII characters ... OK
* checking R files for syntax errors ... OK
* checking whether the package can be loaded ... OK
* checking whether the package can be loaded with stated dependencies ... OK
* checking whether the package can be unloaded cleanly ... OK
* checking whether the namespace can be loaded with stated dependencies ... OK
* checking whether the namespace can be unloaded cleanly ... OK
* checking dependencies in R code ... WARNING
'::' or ':::' import not declared from: ‘bigmemoryExtras’
'library' or 'require' call to ‘vsn’ in package code.
  Please use :: or requireNamespace() instead.
  See section 'Suggested packages' in the 'Writing R Extensions' manual.
* checking S3 generic/method consistency ... OK
* checking replacement functions ... OK
* checking foreign function calls ... OK
* checking R code for possible problems ... NOTE
.estimate.quantile.reference: no visible global function definition for
  ‘approx’
.initialGammaEstimation: no visible global function definition for
  ‘quantile’
.initialGammaEstimation: no visible global function definition for
  ‘var’
.quantileNormalization.reference: no visible global function definition
  for ‘approx’
addAnnotationInfo: no visible global function definition for ‘fData’
addAnnotationInfo: no visible global function definition for ‘start’
addAnnotationInfo: no visible global function definition for ‘keys’
addAnnotationInfo: no visible global function definition for ‘fData<-’
addNuID2lumi: no visible global function definition for ‘read.table’
addNuID2lumi: no visible global function definition for ‘notes<-’
addNuID2lumi: no visible global function definition for
  ‘packageDescription’
adjColorBias.quantile: no visible global function definition for
  ‘assayDataElementNames’
adjColorBias.quantile: no visible global function definition for
  ‘storageMode<-’
adjColorBias.quantile: no visible global function definition for
  ‘assayDataElement’
adjColorBias.quantile: no visible global function definition for
  ‘assayDataElement<-’
adjColorBias.ssn: no visible global function definition for
  ‘assayDataElementNames’
adjColorBias.ssn: no visible global function definition for
  ‘storageMode<-’
adjColorBias.ssn: no visible global function definition for
  ‘assayDataElement’
adjColorBias.ssn: no visible global function definition for
  ‘assayDataElement<-’
bgAdjust: no visible binding for global variable ‘quantile’
bgAdjustMethylation: no visible global function definition for
  ‘assayDataElementNames’
boxplotColorBias: no visible global function definition for
  ‘assayDataElementNames’
boxplotColorBias: no visible global function definition for
  ‘assayDataElement’
colorBiasSummary: no visible global function definition for
  ‘assayDataElementNames’
colorBiasSummary: no visible global function definition for
  ‘assayDataElement’
detectOutlier: no visible global function definition for ‘cor’
detectOutlier: no visible global function definition for ‘median’
detectOutlier: no visible global function definition for ‘dist’
detectOutlier: no visible global function definition for ‘hclust’
detectOutlier: no visible global function definition for ‘as.dist’
detectionCall: no visible global function definition for
  ‘assayDataValidMembers’
detectionCall: no visible global function definition for
  ‘assayDataElement’
estimateBeta: no visible global function definition for
  ‘assayDataElementNames’
estimateBeta: no visible global function definition for
  ‘assayDataElement’
estimateBeta: no visible global function definition for
  ‘assayDataElement<-’
estimateIntensity: no visible global function definition for
  ‘assayDataElementNames’
estimateIntensity: no visible global function definition for
  ‘assayDataElement’
estimateIntensity: no visible global function definition for
  ‘assayDataElement<-’
estimateLumiCV : <anonymous>: no visible global function definition for
  ‘sd’
estimateM: no visible global function definition for
  ‘assayDataElementNames’
estimateM: no visible global function definition for ‘assayDataElement’
estimateM: no visible global function definition for
  ‘assayDataElement<-’
estimateMethylationBG: no visible global function definition for
  ‘assayDataElement’
estimateMethylationBG: no visible binding for global variable ‘median’
estimateMethylationBG: no visible global function definition for
  ‘assayDataElementNames’
gammaFitEM: no visible global function definition for ‘dgamma’
gammaFitEM: no visible global function definition for ‘pgamma’
getChrInfo: no visible global function definition for ‘fData’
importMethyIDAT: no visible global function definition for
  ‘assayDataElementNames’
importMethyIDAT: no visible global function definition for
  ‘assayDataElement’
lumiB: no visible global function definition for ‘packageDescription’
lumiMethyB: no visible global function definition for
  ‘assayDataElement’
lumiMethyB: no visible global function definition for
  ‘packageDescription’
lumiMethyC: no visible global function definition for
  ‘assayDataElement’
lumiMethyC: no visible global function definition for
  ‘packageDescription’
lumiMethyN: no visible global function definition for
  ‘assayDataElement’
lumiMethyN: no visible global function definition for
  ‘packageDescription’
lumiMethyStatus: no visible global function definition for
  ‘packageDescription’
lumiN: no visible global function definition for ‘packageDescription’
lumiQ: no visible global function definition for ‘rowMin’
lumiQ: no visible binding for global variable ‘sd’
lumiQ: no visible global function definition for ‘dist’
lumiQ: no visible global function definition for ‘packageDescription’
lumiR: no visible global function definition for ‘read.table’
lumiR: no visible global function definition for ‘write.table’
lumiR: no visible global function definition for ‘notes<-’
lumiR: no visible global function definition for ‘packageDescription’
lumiR.batch: no visible global function definition for ‘read.table’
lumiR.batch: no visible global function definition for
  ‘packageDescription’
lumiT: no visible global function definition for ‘packageDescription’
monoSmu: no visible global function definition for ‘supsmu’
normalizeMethylation.quantile: no visible global function definition
  for ‘assayDataElementNames’
normalizeMethylation.quantile: no visible global function definition
  for ‘storageMode<-’
normalizeMethylation.quantile: no visible global function definition
  for ‘assayDataElement’
normalizeMethylation.quantile: no visible global function definition
  for ‘assayDataElement<-’
normalizeMethylation.ssn: no visible global function definition for
  ‘assayDataElementNames’
normalizeMethylation.ssn: no visible global function definition for
  ‘storageMode<-’
normalizeMethylation.ssn: no visible global function definition for
  ‘assayDataElement’
normalizeMethylation.ssn: no visible global function definition for
  ‘assayDataElement<-’
plotCDF: no visible global function definition for ‘rowMin’
plotCDF : <anonymous>: no visible global function definition for ‘ecdf’
plotCDF: no visible global function definition for ‘Axis’
plotCDF: no visible global function definition for ‘box’
plotCDF: no visible global function definition for ‘legend’
plotColorBias1D: no visible binding for global variable
  ‘density.default’
plotColorBias1D: no visible global function definition for
  ‘assayDataElementNames’
plotColorBias1D: no visible global function definition for
  ‘assayDataElement’
plotColorBias2D: no visible global function definition for
  ‘assayDataElementNames’
plotColorBias2D: no visible global function definition for
  ‘assayDataElement’
plotColorBias2D: no visible global function definition for ‘layout’
plotControlData: no visible global function definition for
  ‘assayDataElement’
plotControlData: no visible binding for global variable ‘sd’
plotControlData: no visible global function definition for ‘title’
plotControlData: no visible global function definition for ‘arrows’
plotDensity: no visible global function definition for ‘legend’
plotGammaFit: no visible global function definition for ‘dgamma’
plotHousekeepingGene: no visible global function definition for ‘title’
plotHousekeepingGene: no visible global function definition for
  ‘legend’
plotSampleRelation : <anonymous>: no visible global function definition
  for ‘sd’
plotSampleRelation: no visible global function definition for ‘dist’
plotSampleRelation: no visible global function definition for ‘hclust’
plotSampleRelation: no visible global function definition for
  ‘cmdscale’
plotSampleRelation: no visible global function definition for ‘colors’
plotSampleRelation: no visible global function definition for ‘legend’
plotStringencyGene: no visible global function definition for ‘title’
plotStringencyGene: no visible global function definition for ‘legend’
plotVST: no visible global function definition for ‘legend’
produceGEOPlatformFile: no visible global function definition for
  ‘write.table’
produceGEOSampleInfoTemplate: no visible global function definition for
  ‘write.table’
produceGEOSubmissionFile: no visible global function definition for
  ‘read.table’
produceGEOSubmissionFile: no visible global function definition for
  ‘write.table’
produceMethylationGEOSubmissionFile: no visible global function
  definition for ‘read.table’
produceMethylationGEOSubmissionFile: no visible global function
  definition for ‘write.table’
rankinvariant: no visible global function definition for ‘tail’
rsn : pairwiseN: no visible global function definition for ‘sd’
smoothQuantileNormalization: no visible global function definition for
  ‘approx’
smoothQuantileNormalization: no visible global function definition for
  ‘sd’
ssn : <anonymous>: no visible global function definition for ‘median’
vst: no visible global function definition for ‘lm’
vst: no visible global function definition for ‘predict’
MAplot,ExpressionSet: no visible global function definition for
  ‘rowMin’
[,LumiBatch-ANY-ANY-ANY: no visible global function definition for
  ‘packageDescription’
asBigMatrix,ExpressionSet: no visible global function definition for
  ‘assayDataElementNames’
asBigMatrix,ExpressionSet: no visible global function definition for
  ‘assayDataElement’
asBigMatrix,ExpressionSet: no visible global function definition for
  ‘assayDataElement<-’
asBigMatrix,ExpressionSet: no visible global function definition for
  ‘AnnotatedDataFrame’
asBigMatrix,ExpressionSet: no visible global function definition for
  ‘fData’
beadNum,ExpressionSet: no visible global function definition for
  ‘assayDataElementNames’
beadNum,ExpressionSet: no visible global function definition for
  ‘assayDataElement’
beadNum<-,ExpressionSet: no visible global function definition for
  ‘storageMode<-’
beadNum<-,ExpressionSet: no visible global function definition for
  ‘assayDataElementReplace’
boxplot,ExpressionSet: no visible global function definition for
  ‘description’
boxplot,ExpressionSet: no visible global function definition for
  ‘rowMin’
boxplot,MethyLumiM: no visible global function definition for
  ‘description’
combine,LumiBatch-LumiBatch: no visible global function definition for
  ‘protocolData<-’
combine,LumiBatch-LumiBatch: no visible global function definition for
  ‘protocolData’
combine,LumiBatch-LumiBatch: no visible global function definition for
  ‘packageDescription’
density,ExpressionSet: no visible global function definition for
  ‘rowMin’
density,ExpressionSet: no visible global function definition for
  ‘legend’
detection,ExpressionSet: no visible global function definition for
  ‘assayDataElementNames’
detection,ExpressionSet: no visible global function definition for
  ‘assayDataElement’
detection<-,ExpressionSet: no visible global function definition for
  ‘storageMode<-’
detection<-,ExpressionSet: no visible global function definition for
  ‘assayDataElementReplace’
pairs,ExpressionSet : lowerPanel: no visible global function definition
  for ‘cor’
pairs,ExpressionSet : diagPanel: no visible global function definition
  for ‘rect’
pairs,ExpressionSet: no visible global function definition for ‘rowMin’
se.exprs,ExpressionSet: no visible global function definition for
  ‘assayDataElementNames’
se.exprs,ExpressionSet: no visible global function definition for
  ‘assayDataElement’
se.exprs<-,ExpressionSet: no visible global function definition for
  ‘storageMode<-’
se.exprs<-,ExpressionSet: no visible global function definition for
  ‘assayDataElementReplace’
show,LumiBatch: no visible global function definition for ‘head’
show,LumiBatch: no visible global function definition for ‘tail’
Undefined global functions or variables:
  AnnotatedDataFrame Axis approx arrows as.dist assayDataElement
  assayDataElement<- assayDataElementNames assayDataElementReplace
  assayDataValidMembers box cmdscale colors cor density.default
  description dgamma dist ecdf fData fData<- hclust head keys layout
  legend lm median notes<- packageDescription pgamma predict
  protocolData protocolData<- quantile read.table rect rowMin sd start
  storageMode<- supsmu tail title var write.table
Consider adding
  importFrom("grDevices", "colors")
  importFrom("graphics", "Axis", "arrows", "box", "layout", "legend",
             "rect", "title")
  importFrom("stats", "approx", "as.dist", "cmdscale", "cor",
             "density.default", "dgamma", "dist", "ecdf", "hclust", "lm",
             "median", "pgamma", "predict", "quantile", "sd", "start",
             "supsmu", "var")
  importFrom("utils", "head", "packageDescription", "read.table", "tail",
             "write.table")
to your NAMESPACE file.
* checking Rd files ... WARNING
prepare_Rd: getChrInfo.Rd:23-25: Dropping empty section \details
prepare_Rd: getChrInfo.Rd:29-31: Dropping empty section \references
prepare_Rd: getChrInfo.Rd:38-40: Dropping empty section \seealso
prepare_Rd: getChrInfo.Rd:41-44: Dropping empty section \examples
prepare_Rd: importMethyIDAT.Rd:39-42: Dropping empty section \examples
prepare_Rd: bad markup (extra space?) at lumiMethyR.Rd:18:16
prepare_Rd: bad markup (extra space?) at lumiMethyR.Rd:19:28
prepare_Rd: bad markup (extra space?) at lumiMethyR.Rd:20:13
* checking Rd metadata ... OK
* checking Rd cross-references ... NOTE
Package unavailable to check Rd xrefs: ‘bigmemoryExtras’
* checking for missing documentation entries ... OK
* checking for code/documentation mismatches ... OK
* checking Rd \usage sections ... OK
* checking Rd contents ... WARNING
Argument items with no description in Rd object 'lumiMethyR':
  ‘qcfile’ ‘sampleDescriptions’ ‘sep’

* checking for unstated dependencies in examples ... OK
* checking contents of ‘data’ directory ... OK
* checking data for non-ASCII characters ... OK
* checking data for ASCII and uncompressed saves ... OK
* checking sizes of PDF files under ‘inst/doc’ ... OK
* checking installed files from ‘inst/doc’ ... OK
* checking files in ‘vignettes’ ... OK
* checking examples ... OK
Examples with CPU or elapsed time > 5s
                  user system elapsed
lumiMethyStatus 78.964  0.044  79.014
plotGammaFit     5.596  0.012   5.607
* checking for unstated dependencies in vignettes ... OK
* checking package vignettes in ‘inst/doc’ ... OK
* checking running R code from vignettes ... SKIPPED
* checking re-building of vignette outputs ... SKIPPED
* checking PDF version of manual ... OK
* DONE

Status: 4 WARNINGs, 4 NOTEs
See
  ‘/home/biocbuild/bbs-3.4-bioc/meat/lumi.Rcheck/00check.log’
for details.


lumi.Rcheck/00install.out:

* installing *source* package ‘lumi’ ...
** R
** data
** inst
** preparing package for lazy loading
** help
Warning: bad markup (extra space?) at lumiMethyR.Rd:18:16
Warning: bad markup (extra space?) at lumiMethyR.Rd:19:28
Warning: bad markup (extra space?) at lumiMethyR.Rd:20:13
*** installing help indices
** building package indices
** installing vignettes
** testing if installed package can be loaded
* DONE (lumi)

lumi.Rcheck/lumi-Ex.timings:

nameusersystemelapsed
LumiBatch-class1.4400.0281.471
MAplot-methods3.9280.0083.933
addAnnotationInfo0.0600.0000.059
addControlData2lumi000
addNuID2lumi000
adjColorBias.quantile1.2000.0161.219
adjColorBias.ssn0.4360.0040.441
bgAdjust0.0720.0000.072
bgAdjustMethylation0.1680.0000.165
boxplot-MethyLumiM-methods0.5520.0000.554
boxplot-methods0.0840.0000.085
boxplotColorBias0.5280.0000.525
density-methods0.0840.0040.087
detectOutlier0.0880.0000.089
detectionCall0.140.000.14
estimateBeta0.1000.0000.098
estimateIntensity0.5160.0000.517
estimateLumiCV0.0920.0000.093
estimateM0.5120.0000.513
estimateMethylationBG0.1480.0000.150
example.lumi0.0720.0000.071
example.lumiMethy0.0520.0000.054
example.methyTitration0.1680.0000.167
gammaFitEM4.9320.0004.938
getChipInfo3.6880.0723.850
getControlData0.0000.0000.002
getControlProbe0.0000.0000.002
getControlType0.0040.0000.001
getNuIDMappingInfo1.0840.0081.093
hist-methods0.1000.0040.105
id2seq0.0040.0000.001
inverseVST0.4000.0080.413
is.nuID0.0000.0000.001
lumiB0.0760.0000.076
lumiExpresso0.2480.0000.251
lumiMethyB0.0520.0000.053
lumiMethyC1.6520.0041.657
lumiMethyN0.0720.0000.075
lumiMethyStatus78.964 0.04479.014
lumiN0.4000.0000.404
lumiQ0.2160.0080.225
lumiR000
lumiR.batch0.0000.0000.001
lumiT0.3360.0000.336
methylationCall4.6280.0004.627
normalizeMethylation.quantile0.1600.0000.161
normalizeMethylation.ssn0.1600.0000.158
nuID2EntrezID1.4200.0001.419
nuID2IlluminaID3.1760.0043.181
nuID2RefSeqID1.4640.0001.466
nuID2probeID3.1080.0003.108
nuID2targetID2.860.002.86
pairs-methods0.7520.0080.760
plot-methods1.8600.0041.863
plotCDF0.180.000.18
plotColorBias1D0.2600.0000.263
plotColorBias2D0.1880.0000.189
plotControlData0.0000.0040.001
plotDensity0.1520.0000.153
plotGammaFit5.5960.0125.607
plotHousekeepingGene0.0000.0000.001
plotSampleRelation0.6560.0000.656
plotStringencyGene0.0040.0000.001
plotVST0.2960.0040.309
probeID2nuID2.6800.0002.683
produceGEOPlatformFile000
produceGEOSubmissionFile0.0000.0000.001
produceMethylationGEOSubmissionFile000
seq2id0.0000.0000.001
targetID2nuID3.2320.0043.235
vst0.2320.0080.239