Back to Multiple platform build/check report for BioC 3.21: simplified long |
|
This page was generated on 2025-01-27 11:48 -0500 (Mon, 27 Jan 2025).
Hostname | OS | Arch (*) | R version | Installed pkgs |
---|---|---|---|---|
nebbiolo1 | Linux (Ubuntu 24.04.1 LTS) | x86_64 | R Under development (unstable) (2025-01-20 r87609) -- "Unsuffered Consequences" | 4658 |
palomino7 | Windows Server 2022 Datacenter | x64 | R Under development (unstable) (2025-01-21 r87610 ucrt) -- "Unsuffered Consequences" | 4455 |
lconway | macOS 12.7.1 Monterey | x86_64 | R Under development (unstable) (2025-01-22 r87618) -- "Unsuffered Consequences" | 4464 |
kjohnson3 | macOS 13.7.1 Ventura | arm64 | R Under development (unstable) (2025-01-20 r87609) -- "Unsuffered Consequences" | 4418 |
kunpeng2 | Linux (openEuler 22.03 LTS-SP1) | aarch64 | R Under development (unstable) (2024-11-24 r87369) -- "Unsuffered Consequences" | 4408 |
Click on any hostname to see more info about the system (e.g. compilers) (*) as reported by 'uname -p', except on Windows and Mac OS X |
Package 2255/2286 | Hostname | OS / Arch | INSTALL | BUILD | CHECK | BUILD BIN | ||||||||
vulcan 1.29.0 (landing page) Federico M. Giorgi
| nebbiolo1 | Linux (Ubuntu 24.04.1 LTS) / x86_64 | OK | OK | OK | |||||||||
palomino7 | Windows Server 2022 Datacenter / x64 | OK | OK | OK | OK | |||||||||
lconway | macOS 12.7.1 Monterey / x86_64 | OK | OK | OK | OK | |||||||||
kjohnson3 | macOS 13.7.1 Ventura / arm64 | OK | OK | OK | OK | |||||||||
kunpeng2 | Linux (openEuler 22.03 LTS-SP1) / aarch64 | OK | OK | WARNINGS | ||||||||||
To the developers/maintainers of the vulcan package: - Allow up to 24 hours (and sometimes 48 hours) for your latest push to git@git.bioconductor.org:packages/vulcan.git to reflect on this report. See Troubleshooting Build Report for more information. - Use the following Renviron settings to reproduce errors and warnings. - If 'R CMD check' started to fail recently on the Linux builder(s) over a missing dependency, add the missing dependency to 'Suggests:' in your DESCRIPTION file. See Renviron.bioc for more information. - See Martin Grigorov's blog post for how to debug Linux ARM64 related issues on a x86_64 host. |
Package: vulcan |
Version: 1.29.0 |
Command: /home/biocbuild/R/R/bin/R CMD check --install=check:vulcan.install-out.txt --library=/home/biocbuild/R/R/site-library --no-vignettes --timings vulcan_1.29.0.tar.gz |
StartedAt: 2025-01-27 13:54:26 -0000 (Mon, 27 Jan 2025) |
EndedAt: 2025-01-27 14:04:30 -0000 (Mon, 27 Jan 2025) |
EllapsedTime: 603.1 seconds |
RetCode: 0 |
Status: WARNINGS |
CheckDir: vulcan.Rcheck |
Warnings: 5 |
############################################################################## ############################################################################## ### ### Running command: ### ### /home/biocbuild/R/R/bin/R CMD check --install=check:vulcan.install-out.txt --library=/home/biocbuild/R/R/site-library --no-vignettes --timings vulcan_1.29.0.tar.gz ### ############################################################################## ############################################################################## * using log directory ‘/home/biocbuild/bbs-3.21-bioc/meat/vulcan.Rcheck’ * using R Under development (unstable) (2024-11-24 r87369) * using platform: aarch64-unknown-linux-gnu * R was compiled by aarch64-unknown-linux-gnu-gcc (GCC) 14.2.0 GNU Fortran (GCC) 14.2.0 * running under: openEuler 24.03 (LTS) * using session charset: UTF-8 * using option ‘--no-vignettes’ * checking for file ‘vulcan/DESCRIPTION’ ... OK * checking extension type ... Package * this is package ‘vulcan’ version ‘1.29.0’ * package encoding: UTF-8 * checking package namespace information ... OK * checking package dependencies ... INFO Depends: includes the non-default packages: 'ChIPpeakAnno', 'TxDb.Hsapiens.UCSC.hg19.knownGene', 'zoo', 'GenomicRanges', 'S4Vectors', 'viper', 'DiffBind', 'locfit' Adding so many packages to the search path is excessive and importing selectively is preferable. * checking if this is a source package ... OK * checking if there is a namespace ... OK * checking for hidden files and directories ... OK * checking for portable file names ... OK * checking for sufficient/correct file permissions ... OK * checking whether package ‘vulcan’ can be installed ... WARNING Found the following significant warnings: Warning: program compiled against libxml 212 using older 211 See ‘/home/biocbuild/bbs-3.21-bioc/meat/vulcan.Rcheck/00install.out’ for details. * checking installed package size ... OK * checking package directory ... OK * checking ‘build’ directory ... OK * checking DESCRIPTION meta-information ... OK * checking top-level files ... OK * checking for left-over files ... OK * checking index information ... OK * checking package subdirectories ... OK * checking code files for non-ASCII characters ... OK * checking R files for syntax errors ... OK * checking whether the package can be loaded ... OK * checking whether the package can be loaded with stated dependencies ... OK * checking whether the package can be unloaded cleanly ... OK * checking whether the namespace can be loaded with stated dependencies ... NOTE Warning: program compiled against libxml 212 using older 211 A namespace must be able to be loaded with just the base namespace loaded: otherwise if the namespace gets loaded by a saved object, the session will be unable to start. Probably some imports need to be declared in the NAMESPACE file. * checking whether the namespace can be unloaded cleanly ... OK * checking loading without being on the library search path ... OK * checking dependencies in R code ... NOTE Warning: program compiled against libxml 212 using older 211 * checking S3 generic/method consistency ... WARNING Warning: program compiled against libxml 212 using older 211 See section ‘Generic functions and methods’ in the ‘Writing R Extensions’ manual. * checking replacement functions ... WARNING Warning: program compiled against libxml 212 using older 211 The argument of a replacement function which corresponds to the right hand side must be named ‘value’. * checking foreign function calls ... NOTE Warning: program compiled against libxml 212 using older 211 See chapter ‘System and foreign language interfaces’ in the ‘Writing R Extensions’ manual. * checking R code for possible problems ... NOTE Warning: program compiled against libxml 212 using older 211 vulcan.normalize: no visible global function definition for 'assay' Undefined global functions or variables: assay * checking Rd files ... OK * checking Rd metadata ... OK * checking Rd cross-references ... OK * checking for missing documentation entries ... WARNING Warning: program compiled against libxml 212 using older 211 All user-level objects in a package should have documentation entries. See chapter ‘Writing R documentation files’ in the ‘Writing R Extensions’ manual. * checking for code/documentation mismatches ... WARNING Warning: program compiled against libxml 212 using older 211 Warning: program compiled against libxml 212 using older 211 Warning: program compiled against libxml 212 using older 211 * checking Rd \usage sections ... NOTE Warning: program compiled against libxml 212 using older 211 The \usage entries for S3 methods should use the \method markup and not their full name. See chapter ‘Writing R documentation files’ in the ‘Writing R Extensions’ manual. * checking Rd contents ... OK * checking for unstated dependencies in examples ... OK * checking files in ‘vignettes’ ... OK * checking examples ... OK Examples with CPU (user + system) or elapsed time > 5s user system elapsed average_fragment_length 6.919 0.318 8.835 vulcan 5.717 0.080 6.193 * checking for unstated dependencies in vignettes ... OK * checking package vignettes ... OK * checking running R code from vignettes ... SKIPPED * checking re-building of vignette outputs ... SKIPPED * checking PDF version of manual ... OK * DONE Status: 5 WARNINGs, 5 NOTEs See ‘/home/biocbuild/bbs-3.21-bioc/meat/vulcan.Rcheck/00check.log’ for details.
vulcan.Rcheck/00install.out
############################################################################## ############################################################################## ### ### Running command: ### ### /home/biocbuild/R/R/bin/R CMD INSTALL vulcan ### ############################################################################## ############################################################################## * installing to library ‘/home/biocbuild/R/R-4.5.0-devel_2024-11-24/site-library’ * installing *source* package ‘vulcan’ ... ** using staged installation ** R ** inst ** byte-compile and prepare package for lazy loading Warning: program compiled against libxml 212 using older 211 ** help *** installing help indices ** building package indices ** installing vignettes ** testing if installed package can be loaded from temporary location Warning: program compiled against libxml 212 using older 211 ** testing if installed package can be loaded from final location Warning: program compiled against libxml 212 using older 211 ** testing if installed package keeps a record of temporary installation path * DONE (vulcan)
vulcan.Rcheck/vulcan-Ex.timings
name | user | system | elapsed | |
average_fragment_length | 6.919 | 0.318 | 8.835 | |
corr2p | 0.001 | 0.000 | 0.002 | |
densityauc | 0.030 | 0.000 | 0.031 | |
dpareto | 0.007 | 0.000 | 0.010 | |
fisherp | 0.001 | 0.000 | 0.001 | |
gsea | 0.233 | 0.000 | 0.261 | |
kmgformat | 0.052 | 0.000 | 0.052 | |
null_gsea | 0.037 | 0.000 | 0.038 | |
p2corr | 0.001 | 0.000 | 0.001 | |
p2z | 0 | 0 | 0 | |
pareto.fit | 0.024 | 0.000 | 0.024 | |
plot_gsea | 0.045 | 0.000 | 0.046 | |
ppareto | 0.004 | 0.000 | 0.004 | |
rea | 0.003 | 0.000 | 0.003 | |
slice | 0.001 | 0.000 | 0.000 | |
stouffer | 0 | 0 | 0 | |
textplot2 | 0.227 | 0.000 | 0.227 | |
val2col | 0.012 | 0.000 | 0.012 | |
vulcan | 5.717 | 0.080 | 6.193 | |
vulcan.annotate | 4.034 | 0.083 | 4.634 | |
vulcan.import | 0.053 | 0.008 | 0.061 | |
vulcan.normalize | 0 | 0 | 0 | |
vulcan.pathways | 4.091 | 0.050 | 4.318 | |
wstouffer | 0 | 0 | 0 | |
z2p | 0 | 0 | 0 | |