Back to Multiple platform build/check report for BioC 3.21:   simplified   long
ABCDEFGHIJKLMNOPQRS[T]UVWXYZ

This page was generated on 2025-01-28 11:48 -0500 (Tue, 28 Jan 2025).

HostnameOSArch (*)R versionInstalled pkgs
nebbiolo1Linux (Ubuntu 24.04.1 LTS)x86_64R Under development (unstable) (2025-01-20 r87609) -- "Unsuffered Consequences" 4659
palomino7Windows Server 2022 Datacenterx64R Under development (unstable) (2025-01-21 r87610 ucrt) -- "Unsuffered Consequences" 4454
lconwaymacOS 12.7.1 Montereyx86_64R Under development (unstable) (2025-01-22 r87618) -- "Unsuffered Consequences" 4465
kjohnson3macOS 13.7.1 Venturaarm64R Under development (unstable) (2025-01-20 r87609) -- "Unsuffered Consequences" 4419
kunpeng2Linux (openEuler 22.03 LTS-SP1)aarch64R Under development (unstable) (2024-11-24 r87369) -- "Unsuffered Consequences" 4409
Click on any hostname to see more info about the system (e.g. compilers)      (*) as reported by 'uname -p', except on Windows and Mac OS X

Package 2110/2286HostnameOS / ArchINSTALLBUILDCHECKBUILD BIN
TAPseq 1.19.0  (landing page)
Andreas R. Gschwind
Snapshot Date: 2025-01-27 13:40 -0500 (Mon, 27 Jan 2025)
git_url: https://git.bioconductor.org/packages/TAPseq
git_branch: devel
git_last_commit: e6e4d9c
git_last_commit_date: 2024-10-29 10:44:05 -0500 (Tue, 29 Oct 2024)
nebbiolo1Linux (Ubuntu 24.04.1 LTS) / x86_64  OK    OK    WARNINGS  UNNEEDED, same version is already published
palomino7Windows Server 2022 Datacenter / x64  OK    OK    WARNINGS    OK  UNNEEDED, same version is already published
lconwaymacOS 12.7.1 Monterey / x86_64  OK    OK    WARNINGS    OK  UNNEEDED, same version is already published
kjohnson3macOS 13.7.1 Ventura / arm64  OK    OK    WARNINGS    OK  UNNEEDED, same version is already published
kunpeng2Linux (openEuler 22.03 LTS-SP1) / aarch64  OK    OK    WARNINGS  


CHECK results for TAPseq on kunpeng2

To the developers/maintainers of the TAPseq package:
- Allow up to 24 hours (and sometimes 48 hours) for your latest push to git@git.bioconductor.org:packages/TAPseq.git to reflect on this report. See Troubleshooting Build Report for more information.
- Use the following Renviron settings to reproduce errors and warnings.
- If 'R CMD check' started to fail recently on the Linux builder(s) over a missing dependency, add the missing dependency to 'Suggests:' in your DESCRIPTION file. See Renviron.bioc for more information.
- See Martin Grigorov's blog post for how to debug Linux ARM64 related issues on a x86_64 host.

raw results


Summary

Package: TAPseq
Version: 1.19.0
Command: /home/biocbuild/R/R/bin/R CMD check --install=check:TAPseq.install-out.txt --library=/home/biocbuild/R/R/site-library --no-vignettes --timings TAPseq_1.19.0.tar.gz
StartedAt: 2025-01-28 16:00:10 -0000 (Tue, 28 Jan 2025)
EndedAt: 2025-01-28 16:17:28 -0000 (Tue, 28 Jan 2025)
EllapsedTime: 1037.4 seconds
RetCode: 0
Status:   WARNINGS  
CheckDir: TAPseq.Rcheck
Warnings: 1

Command output

##############################################################################
##############################################################################
###
### Running command:
###
###   /home/biocbuild/R/R/bin/R CMD check --install=check:TAPseq.install-out.txt --library=/home/biocbuild/R/R/site-library --no-vignettes --timings TAPseq_1.19.0.tar.gz
###
##############################################################################
##############################################################################


* using log directory ‘/home/biocbuild/bbs-3.21-bioc/meat/TAPseq.Rcheck’
* using R Under development (unstable) (2024-11-24 r87369)
* using platform: aarch64-unknown-linux-gnu
* R was compiled by
    aarch64-unknown-linux-gnu-gcc (GCC) 14.2.0
    GNU Fortran (GCC) 14.2.0
* running under: openEuler 24.03 (LTS)
* using session charset: UTF-8
* using option ‘--no-vignettes’
* checking for file ‘TAPseq/DESCRIPTION’ ... OK
* checking extension type ... Package
* this is package ‘TAPseq’ version ‘1.19.0’
* package encoding: UTF-8
* checking package namespace information ... OK
* checking package dependencies ... OK
* checking if this is a source package ... OK
* checking if there is a namespace ... OK
* checking for hidden files and directories ... OK
* checking for portable file names ... OK
* checking for sufficient/correct file permissions ... OK
* checking whether package ‘TAPseq’ can be installed ... WARNING
Found the following significant warnings:
  Warning: Following software required by TAPseq is not installed or not in PATH:
See ‘/home/biocbuild/bbs-3.21-bioc/meat/TAPseq.Rcheck/00install.out’ for details.
* checking installed package size ... OK
* checking package directory ... OK
* checking ‘build’ directory ... OK
* checking DESCRIPTION meta-information ... NOTE
License stub is invalid DCF.
* checking top-level files ... OK
* checking for left-over files ... OK
* checking index information ... OK
* checking package subdirectories ... OK
* checking code files for non-ASCII characters ... OK
* checking R files for syntax errors ... OK
* checking whether the package can be loaded ... OK
* checking whether the package can be loaded with stated dependencies ... OK
* checking whether the package can be unloaded cleanly ... OK
* checking whether the namespace can be loaded with stated dependencies ... NOTE
Warning: Following software required by TAPseq is not installed or not in PATH:

	primer3_core
	makeblastdb
	blastn

Please install these tools before trying to use this package!

A namespace must be able to be loaded with just the base namespace
loaded: otherwise if the namespace gets loaded by a saved object, the
session will be unable to start.

Probably some imports need to be declared in the NAMESPACE file.
* checking whether the namespace can be unloaded cleanly ... OK
* checking loading without being on the library search path ... OK
* checking whether startup messages can be suppressed ... OK
* checking dependencies in R code ... OK
* checking S3 generic/method consistency ... OK
* checking replacement functions ... OK
* checking foreign function calls ... OK
* checking R code for possible problems ... OK
* checking Rd files ... OK
* checking Rd metadata ... OK
* checking Rd cross-references ... OK
* checking for missing documentation entries ... OK
* checking for code/documentation mismatches ... OK
* checking Rd \usage sections ... NOTE
Documented arguments not in \usage in Rd file 'get_gt_sequences.Rd':
  ‘compress’

Functions with \usage entries need to have the appropriate \alias
entries, and all their arguments documented.
The \usage entries must correspond to syntactically valid R code.
See chapter ‘Writing R documentation files’ in the ‘Writing R
Extensions’ manual.
* checking Rd contents ... OK
* checking for unstated dependencies in examples ... OK
* checking contents of ‘data’ directory ... OK
* checking data for non-ASCII characters ... OK
* checking data for ASCII and uncompressed saves ... OK
* checking R/sysdata.rda ... OK
* checking files in ‘vignettes’ ... OK
* checking examples ... OK
Examples with CPU (user + system) or elapsed time > 5s
                     user system elapsed
selectTargetGenes 522.927  3.894 538.747
truncateTxsPolyA   11.718  0.026  12.331
pickPrimers         8.358  0.598   8.998
TAPseqInput         7.062  1.369   8.637
inferPolyASites     6.760  1.118   6.355
exportPrimers       5.839  0.259   6.110
* checking for unstated dependencies in ‘tests’ ... OK
* checking tests ...
  Running ‘testthat.R’
 OK
* checking for unstated dependencies in vignettes ... OK
* checking package vignettes ... OK
* checking running R code from vignettes ... SKIPPED
* checking re-building of vignette outputs ... SKIPPED
* checking PDF version of manual ... OK
* DONE

Status: 1 WARNING, 3 NOTEs
See
  ‘/home/biocbuild/bbs-3.21-bioc/meat/TAPseq.Rcheck/00check.log’
for details.


Installation output

TAPseq.Rcheck/00install.out

##############################################################################
##############################################################################
###
### Running command:
###
###   /home/biocbuild/R/R/bin/R CMD INSTALL TAPseq
###
##############################################################################
##############################################################################


* installing to library ‘/home/biocbuild/R/R-4.5.0-devel_2024-11-24/site-library’
* installing *source* package ‘TAPseq’ ...
** using staged installation
** R
** data
** inst
** byte-compile and prepare package for lazy loading
** help
*** installing help indices
** building package indices
** installing vignettes
** testing if installed package can be loaded from temporary location
Warning: Following software required by TAPseq is not installed or not in PATH:

	primer3_core
	makeblastdb
	blastn

Please install these tools before trying to use this package!
** testing if installed package can be loaded from final location
Warning: Following software required by TAPseq is not installed or not in PATH:

	primer3_core
	makeblastdb
	blastn

Please install these tools before trying to use this package!
** testing if installed package keeps a record of temporary installation path
* DONE (TAPseq)

Tests output

TAPseq.Rcheck/tests/testthat.Rout


R Under development (unstable) (2024-11-24 r87369) -- "Unsuffered Consequences"
Copyright (C) 2024 The R Foundation for Statistical Computing
Platform: aarch64-unknown-linux-gnu

R is free software and comes with ABSOLUTELY NO WARRANTY.
You are welcome to redistribute it under certain conditions.
Type 'license()' or 'licence()' for distribution details.

R is a collaborative project with many contributors.
Type 'contributors()' for more information and
'citation()' on how to cite R or R packages in publications.

Type 'demo()' for some demos, 'help()' for on-line help, or
'help.start()' for an HTML browser interface to help.
Type 'q()' to quit R.

> library(testthat)
> library(TAPseq)

TAPseq is using the following tools:
primer3_core: NA
makeblastdb: NA
blastn: NA

Warning message:
Following software required by TAPseq is not installed or not in PATH:

	primer3_core
	makeblastdb
	blastn

Please install these tools before trying to use this package! 
> 
> test_check("TAPseq")
[ FAIL 0 | WARN 0 | SKIP 0 | PASS 209 ]
> 
> proc.time()
   user  system elapsed 
 66.789   1.441  72.813 

Example timings

TAPseq.Rcheck/TAPseq-Ex.timings

nameusersystemelapsed
TAPseqInput7.0621.3698.637
TsIO-class0.0780.0040.083
TsIOList-class0.2140.0170.278
accessors0.4610.0280.492
checkPrimers3.2130.2433.511
createIORecord2.9130.0913.189
designPrimers0.0760.0120.088
estimateOffTargets000
exportPrimers5.8390.2596.110
getTxsSeq1.1430.0801.274
inferPolyASites6.7601.1186.355
parsePrimer3Output0.0010.0000.000
pickPrimers8.3580.5988.998
selectTargetGenes522.927 3.894538.747
truncateTxsPolyA11.718 0.02612.331