Back to Multiple platform build/check report for BioC 3.21:   simplified   long
AB[C]DEFGHIJKLMNOPQRSTUVWXYZ

This page was generated on 2025-01-28 11:47 -0500 (Tue, 28 Jan 2025).

HostnameOSArch (*)R versionInstalled pkgs
nebbiolo1Linux (Ubuntu 24.04.1 LTS)x86_64R Under development (unstable) (2025-01-20 r87609) -- "Unsuffered Consequences" 4659
palomino7Windows Server 2022 Datacenterx64R Under development (unstable) (2025-01-21 r87610 ucrt) -- "Unsuffered Consequences" 4454
lconwaymacOS 12.7.1 Montereyx86_64R Under development (unstable) (2025-01-22 r87618) -- "Unsuffered Consequences" 4465
kjohnson3macOS 13.7.1 Venturaarm64R Under development (unstable) (2025-01-20 r87609) -- "Unsuffered Consequences" 4419
kunpeng2Linux (openEuler 22.03 LTS-SP1)aarch64R Under development (unstable) (2024-11-24 r87369) -- "Unsuffered Consequences" 4409
Click on any hostname to see more info about the system (e.g. compilers)      (*) as reported by 'uname -p', except on Windows and Mac OS X

Package 276/2286HostnameOS / ArchINSTALLBUILDCHECKBUILD BIN
CatsCradle 1.1.0  (landing page)
Michael Shapiro
Snapshot Date: 2025-01-27 13:40 -0500 (Mon, 27 Jan 2025)
git_url: https://git.bioconductor.org/packages/CatsCradle
git_branch: devel
git_last_commit: 33deb7f
git_last_commit_date: 2024-10-29 11:33:50 -0500 (Tue, 29 Oct 2024)
nebbiolo1Linux (Ubuntu 24.04.1 LTS) / x86_64  OK    OK    WARNINGS  UNNEEDED, same version is already published
palomino7Windows Server 2022 Datacenter / x64  OK    OK    WARNINGS    OK  UNNEEDED, same version is already published
lconwaymacOS 12.7.1 Monterey / x86_64  OK    OK    WARNINGS    OK  UNNEEDED, same version is already published
kjohnson3macOS 13.7.1 Ventura / arm64  OK    OK    WARNINGS    OK  UNNEEDED, same version is already published
kunpeng2Linux (openEuler 22.03 LTS-SP1) / aarch64  OK    OK    WARNINGS  


CHECK results for CatsCradle on kunpeng2

To the developers/maintainers of the CatsCradle package:
- Allow up to 24 hours (and sometimes 48 hours) for your latest push to git@git.bioconductor.org:packages/CatsCradle.git to reflect on this report. See Troubleshooting Build Report for more information.
- Use the following Renviron settings to reproduce errors and warnings.
- If 'R CMD check' started to fail recently on the Linux builder(s) over a missing dependency, add the missing dependency to 'Suggests:' in your DESCRIPTION file. See Renviron.bioc for more information.
- See Martin Grigorov's blog post for how to debug Linux ARM64 related issues on a x86_64 host.

raw results


Summary

Package: CatsCradle
Version: 1.1.0
Command: /home/biocbuild/R/R/bin/R CMD check --install=check:CatsCradle.install-out.txt --library=/home/biocbuild/R/R/site-library --no-vignettes --timings CatsCradle_1.1.0.tar.gz
StartedAt: 2025-01-28 08:55:44 -0000 (Tue, 28 Jan 2025)
EndedAt: 2025-01-28 09:06:32 -0000 (Tue, 28 Jan 2025)
EllapsedTime: 648.5 seconds
RetCode: 0
Status:   WARNINGS  
CheckDir: CatsCradle.Rcheck
Warnings: 1

Command output

##############################################################################
##############################################################################
###
### Running command:
###
###   /home/biocbuild/R/R/bin/R CMD check --install=check:CatsCradle.install-out.txt --library=/home/biocbuild/R/R/site-library --no-vignettes --timings CatsCradle_1.1.0.tar.gz
###
##############################################################################
##############################################################################


* using log directory ‘/home/biocbuild/bbs-3.21-bioc/meat/CatsCradle.Rcheck’
* using R Under development (unstable) (2024-11-24 r87369)
* using platform: aarch64-unknown-linux-gnu
* R was compiled by
    aarch64-unknown-linux-gnu-gcc (GCC) 14.2.0
    GNU Fortran (GCC) 14.2.0
* running under: openEuler 24.03 (LTS)
* using session charset: UTF-8
* using option ‘--no-vignettes’
* checking for file ‘CatsCradle/DESCRIPTION’ ... OK
* this is package ‘CatsCradle’ version ‘1.1.0’
* package encoding: UTF-8
* checking package namespace information ... OK
* checking package dependencies ... INFO
Imports includes 21 non-default packages.
Importing from so many packages makes the package vulnerable to any of
them becoming unavailable.  Move as many as possible to Suggests and
use conditionally.
* checking if this is a source package ... OK
* checking if there is a namespace ... OK
* checking for hidden files and directories ... OK
* checking for portable file names ... OK
* checking for sufficient/correct file permissions ... OK
* checking whether package ‘CatsCradle’ can be installed ... OK
* checking installed package size ... OK
* checking package directory ... OK
* checking ‘build’ directory ... OK
* checking DESCRIPTION meta-information ... OK
* checking top-level files ... OK
* checking for left-over files ... OK
* checking index information ... OK
* checking package subdirectories ...Warning: program compiled against libxml 212 using older 211
 OK
* checking code files for non-ASCII characters ... OK
* checking R files for syntax errors ... OK
* checking whether the package can be loaded ... OK
* checking whether the package can be loaded with stated dependencies ... OK
* checking whether the package can be unloaded cleanly ... OK
* checking whether the namespace can be loaded with stated dependencies ... OK
* checking whether the namespace can be unloaded cleanly ... OK
* checking loading without being on the library search path ... OK
* checking dependencies in R code ... OK
* checking S3 generic/method consistency ... OK
* checking replacement functions ... OK
* checking foreign function calls ... OK
* checking R code for possible problems ... NOTE
edgeLengthPlot: no visible binding for global variable ‘cellTypePair’
edgeLengthPlot: no visible binding for global variable ‘cutoff’
make.getExample : getExample: no visible binding for global variable
  ‘seuratGenes’
make.getExample : getExample: no visible binding for global variable
  ‘seuratCells’
make.getExample : getExample: no visible binding for global variable
  ‘xeniumCells’
make.getExample : getExample: no visible binding for global variable
  ‘moransI’
make.getExample : getExample: no visible binding for global variable
  ‘moransILigandReceptor’
make.getExample : getExample: no visible binding for global variable
  ‘humanLRN’
make.getExample : getExample: no visible binding for global variable
  ‘mouseLRN’
meanGeneClusterOnCellUMAP: no visible binding for global variable
  ‘UMAP_1’
meanGeneClusterOnCellUMAP: no visible binding for global variable
  ‘UMAP_2’
Undefined global functions or variables:
  UMAP_1 UMAP_2 cellTypePair cutoff humanLRN moransI
  moransILigandReceptor mouseLRN seuratCells seuratGenes xeniumCells
* checking Rd files ... OK
* checking Rd metadata ... OK
* checking Rd cross-references ... OK
* checking for missing documentation entries ... OK
* checking for code/documentation mismatches ... OK
* checking Rd \usage sections ... WARNING
Undocumented arguments in Rd file 'getFeatureZScores.Rd'
  ‘features’
Documented arguments not in \usage in Rd file 'getFeatureZScores.Rd':
  ‘featurs’

Functions with \usage entries need to have the appropriate \alias
entries, and all their arguments documented.
The \usage entries must correspond to syntactically valid R code.
See chapter ‘Writing R documentation files’ in the ‘Writing R
Extensions’ manual.
* checking Rd contents ... OK
* checking for unstated dependencies in examples ... OK
* checking contents of ‘data’ directory ... OK
* checking data for non-ASCII characters ... OK
* checking data for ASCII and uncompressed saves ... OK
* checking files in ‘vignettes’ ... OK
* checking examples ... OK
Examples with CPU (user + system) or elapsed time > 5s
                                      user system elapsed
computeNBHDVsCTObject               22.663  0.168  22.879
randomiseNodeIndices                21.708  0.012  21.774
getObjectSubsetClusteringPValue     18.215  0.084  18.347
aggregateGeneExpression             14.734  0.247  15.010
computeGraphEmbedding               11.864  0.040  11.932
transposeObject                     11.799  0.044  11.875
predictAnnotation                   10.130  0.044  10.199
predictAnnotationAllGenes            9.276  0.016   9.315
predictGeneAnnotationImpl            7.852  0.016   7.888
combinatorialSpheres                 6.767  0.151   6.939
runGeometricClusteringTrials         6.757  0.019   6.797
geneSetsVsGeneClustersPValueMatrix   6.713  0.056   6.789
medianComplementPValue               6.741  0.023   6.780
getNearbyGenes                       6.536  0.063   6.619
getObjectSubsetClusteringStatistics  6.565  0.024   6.607
getAverageExpressionMatrix           6.300  0.000   6.316
tagRowAndColNames                    6.282  0.000   6.298
getAverageExpressionDF               6.268  0.003   6.288
meanZPerClusterOnUMAP                5.971  0.044   6.032
symmetryCheckNN                      5.928  0.044   5.989
desymmetriseNN                       5.919  0.028   5.965
getGeneClusterAveragesPerCell        5.895  0.028   5.937
meanZPerCluster                      5.913  0.000   5.929
symmetriseNN                         5.901  0.000   5.917
getGeneNeighbors                     5.864  0.000   5.881
getClusterOrder                      5.804  0.040   5.859
meanGeneClusterOnCellUMAP            5.803  0.008   5.830
getNearestNeighbourLists             5.801  0.000   5.817
annotateGeneAsVector                 5.145  0.152   5.340
cullEdges                            5.220  0.028   5.259
* checking for unstated dependencies in vignettes ... OK
* checking package vignettes ... OK
* checking running R code from vignettes ... SKIPPED
* checking re-building of vignette outputs ... SKIPPED
* checking PDF version of manual ... OK
* DONE

Status: 1 WARNING, 1 NOTE
See
  ‘/home/biocbuild/bbs-3.21-bioc/meat/CatsCradle.Rcheck/00check.log’
for details.


Installation output

CatsCradle.Rcheck/00install.out

##############################################################################
##############################################################################
###
### Running command:
###
###   /home/biocbuild/R/R/bin/R CMD INSTALL CatsCradle
###
##############################################################################
##############################################################################


* installing to library ‘/home/biocbuild/R/R-4.5.0-devel_2024-11-24/site-library’
* installing *source* package ‘CatsCradle’ ...
** using staged installation
** R
** data
** inst
** byte-compile and prepare package for lazy loading
** help
*** installing help indices
** building package indices
** installing vignettes
** testing if installed package can be loaded from temporary location
** testing if installed package can be loaded from final location
** testing if installed package keeps a record of temporary installation path
* DONE (CatsCradle)

Tests output


Example timings

CatsCradle.Rcheck/CatsCradle-Ex.timings

nameusersystemelapsed
aggregateGeneExpression14.734 0.24715.010
annotateGeneAsVector5.1450.1525.340
annotateGenesByGeneSet2.2820.0192.308
cellTypesPerCellTypeGraphFromCellMatrix0.6290.0050.634
collapseExtendedNBHDs3.9480.0083.935
combinatorialSpheres6.7670.1516.939
computeCellTypesPerCellTypeMatrix0.5570.0000.558
computeEdgeGraph0.5530.0040.548
computeEdgeObject1.5960.0201.620
computeGraphEmbedding11.864 0.04011.932
computeNBHDByCTMatrix0.5140.0040.519
computeNBHDVsCTObject22.663 0.16822.879
computeNeighbourEnrichment2.2680.0122.285
computeNeighboursDelaunay0.4030.0000.403
computeNeighboursEuclidean1.5920.0081.527
cullEdges5.2200.0285.259
desymmetriseNN5.9190.0285.965
directedHausdorfDistance0.0010.0000.001
edgeCutoffsByClustering4.7450.1634.920
edgeCutoffsByPercentile4.6880.0354.734
edgeCutoffsByWatershed4.9560.0004.968
edgeCutoffsByZScore4.8880.0204.920
edgeLengthPlot4.8800.0044.897
edgeLengthsAndCellTypePairs4.9240.0044.941
exampleObjects000
geneSetsVsGeneClustersPValueMatrix6.7130.0566.789
getAverageExpressionDF6.2680.0036.288
getAverageExpressionMatrix6.3000.0006.316
getClusterOrder5.8040.0405.859
getExtendedNBHDs1.4470.0001.326
getFeatureZScores0.2840.0000.284
getGeneClusterAveragesPerCell5.8950.0285.937
getGeneNeighbors5.8640.0005.881
getLigandReceptorNetwork0.0220.0000.021
getLigandReceptorPairsInPanel0.430.000.43
getNearbyGenes6.5360.0636.619
getNearestNeighbourLists5.8010.0005.817
getObjectSubsetClusteringPValue18.215 0.08418.347
getObjectSubsetClusteringStatistics6.5650.0246.607
make.getExample0.3300.0000.331
makeLRInteractionHeatmap0.5380.0000.541
makeSummedLRInteractionHeatmap0.4330.0000.434
meanGeneClusterOnCellUMAP5.8030.0085.830
meanZPerCluster5.9130.0005.929
meanZPerClusterOnUMAP5.9710.0446.032
medianComplementDistance0.0000.0010.001
medianComplementPValue6.7410.0236.780
nbhdsAsEdgesToNbhdsAsList1.4820.0001.485
neighbourhoodDiameter1.7260.0001.731
performLigandReceptorAnalysis3.6460.1323.786
predictAnnotation10.130 0.04410.199
predictAnnotationAllGenes9.2760.0169.315
predictGeneAnnotationImpl7.8520.0167.888
randomiseNodeIndices21.708 0.01221.774
runGeometricClusteringTrials6.7570.0196.797
runMoransI2.6820.0002.688
sankeyFromMatrix0.0050.0000.006
symmetriseNN5.9010.0005.917
symmetryCheckNN5.9280.0445.989
tagRowAndColNames6.2820.0006.298
transposeObject11.799 0.04411.875