Back to Multiple platform build/check report for BioC 3.19:   simplified   long
ABCDEFGHIJKLMNO[P]QRSTUVWXYZ

This page was generated on 2024-10-18 20:42 -0400 (Fri, 18 Oct 2024).

HostnameOSArch (*)R versionInstalled pkgs
nebbiolo1Linux (Ubuntu 22.04.3 LTS)x86_644.4.1 (2024-06-14) -- "Race for Your Life" 4763
palomino7Windows Server 2022 Datacenterx644.4.1 (2024-06-14 ucrt) -- "Race for Your Life" 4500
merida1macOS 12.7.5 Montereyx86_644.4.1 (2024-06-14) -- "Race for Your Life" 4530
kjohnson1macOS 13.6.6 Venturaarm644.4.1 (2024-06-14) -- "Race for Your Life" 4480
Click on any hostname to see more info about the system (e.g. compilers)      (*) as reported by 'uname -p', except on Windows and Mac OS X

Package 1630/2300HostnameOS / ArchINSTALLBUILDCHECKBUILD BIN
ptairMS 1.12.0  (landing page)
camille Roquencourt
Snapshot Date: 2024-10-16 14:00 -0400 (Wed, 16 Oct 2024)
git_url: https://git.bioconductor.org/packages/ptairMS
git_branch: RELEASE_3_19
git_last_commit: b288c6e
git_last_commit_date: 2024-04-30 11:33:01 -0400 (Tue, 30 Apr 2024)
nebbiolo1Linux (Ubuntu 22.04.3 LTS) / x86_64  OK    OK    WARNINGS  UNNEEDED, same version is already published
palomino7Windows Server 2022 Datacenter / x64  OK    OK    WARNINGS    OK  UNNEEDED, same version is already published
merida1macOS 12.7.5 Monterey / x86_64  OK    OK    WARNINGS    OK  UNNEEDED, same version is already published
kjohnson1macOS 13.6.6 Ventura / arm64  OK    OK    ERROR    OK  


CHECK results for ptairMS on kjohnson1

To the developers/maintainers of the ptairMS package:
- Allow up to 24 hours (and sometimes 48 hours) for your latest push to git@git.bioconductor.org:packages/ptairMS.git to reflect on this report. See Troubleshooting Build Report for more information.
- Use the following Renviron settings to reproduce errors and warnings.
- If 'R CMD check' started to fail recently on the Linux builder(s) over a missing dependency, add the missing dependency to 'Suggests:' in your DESCRIPTION file. See Renviron.bioc for more information.

raw results


Summary

Package: ptairMS
Version: 1.12.0
Command: /Library/Frameworks/R.framework/Resources/bin/R CMD check --install=check:ptairMS.install-out.txt --library=/Library/Frameworks/R.framework/Resources/library --no-vignettes --timings ptairMS_1.12.0.tar.gz
StartedAt: 2024-10-18 08:11:07 -0400 (Fri, 18 Oct 2024)
EndedAt: 2024-10-18 08:21:19 -0400 (Fri, 18 Oct 2024)
EllapsedTime: 612.1 seconds
RetCode: 1
Status:   ERROR  
CheckDir: ptairMS.Rcheck
Warnings: NA

Command output

##############################################################################
##############################################################################
###
### Running command:
###
###   /Library/Frameworks/R.framework/Resources/bin/R CMD check --install=check:ptairMS.install-out.txt --library=/Library/Frameworks/R.framework/Resources/library --no-vignettes --timings ptairMS_1.12.0.tar.gz
###
##############################################################################
##############################################################################


* using log directory ‘/Users/biocbuild/bbs-3.19-bioc/meat/ptairMS.Rcheck’
* using R version 4.4.1 (2024-06-14)
* using platform: aarch64-apple-darwin20
* R was compiled by
    Apple clang version 14.0.0 (clang-1400.0.29.202)
    GNU Fortran (GCC) 12.2.0
* running under: macOS Ventura 13.6.6
* using session charset: UTF-8
* using option ‘--no-vignettes’
* checking for file ‘ptairMS/DESCRIPTION’ ... OK
* this is package ‘ptairMS’ version ‘1.12.0’
* package encoding: UTF-8
* checking package namespace information ... OK
* checking package dependencies ... OK
* checking if this is a source package ... OK
* checking if there is a namespace ... OK
* checking for hidden files and directories ... OK
* checking for portable file names ... OK
* checking for sufficient/correct file permissions ... OK
* checking whether package ‘ptairMS’ can be installed ... WARNING
Found the following significant warnings:
  Warning: replacing previous import ‘Biobase::cache’ by ‘bit64::cache’ when loading ‘ptairMS’
See ‘/Users/biocbuild/bbs-3.19-bioc/meat/ptairMS.Rcheck/00install.out’ for details.
* used C++ compiler: ‘Apple clang version 15.0.0 (clang-1500.0.40.1)’
* used SDK: ‘MacOSX11.3.sdk’
* checking installed package size ... OK
* checking package directory ... OK
* checking ‘build’ directory ... OK
* checking DESCRIPTION meta-information ... OK
* checking top-level files ... OK
* checking for left-over files ... OK
* checking index information ... OK
* checking package subdirectories ... OK
* checking code files for non-ASCII characters ... OK
* checking R files for syntax errors ... OK
* checking whether the package can be loaded ... OK
* checking whether the package can be loaded with stated dependencies ... OK
* checking whether the package can be unloaded cleanly ... OK
* checking whether the namespace can be loaded with stated dependencies ... OK
* checking whether the namespace can be unloaded cleanly ... OK
* checking dependencies in R code ... WARNING
'::' or ':::' imports not declared from:
  ‘htmlwidgets’ ‘plyr’
There are ::: calls to the package's namespace in its code. A package
  almost never needs to use ::: for its own objects:
  ‘getCalibrationInfo’ ‘getPeakList’ ‘getPeaksInfo’ ‘getTimeInfo’
  ‘processFileTemporalNominalMass’ ‘tofToMz’
* checking S3 generic/method consistency ... OK
* checking replacement functions ... OK
* checking foreign function calls ... OK
* checking R code for possible problems ... OK
* checking Rd files ... OK
* checking Rd metadata ... OK
* checking Rd cross-references ... OK
* checking for missing documentation entries ... OK
* checking for code/documentation mismatches ... OK
* checking Rd \usage sections ... OK
* checking Rd contents ... OK
* checking for unstated dependencies in examples ... OK
* checking line endings in C/C++/Fortran sources/headers ... OK
* checking compiled code ... NOTE
Note: information on .o files is not available
* checking files in ‘vignettes’ ... OK
* checking examples ... OK
Examples with CPU (user + system) or elapsed time > 5s
                       user system elapsed
detectPeak           98.883  3.760 103.915
writeEset            17.688  1.264  19.134
alignSamples         17.178  1.473  18.941
imputeMat            16.681  1.390  18.280
getPeakList          16.835  1.068  19.546
impute               15.672  1.007  16.863
annotation           14.810  1.032  16.014
convert_to_mzML      14.050  0.788  14.925
defineKnots          13.469  0.441  13.980
plot                 12.485  0.535  13.112
plotTIC              12.089  0.707  13.422
plotFeatures         11.512  0.923  12.618
rmPeakList           11.516  0.801  12.357
plotRaw              11.611  0.691  12.409
setSampleMetadata    11.655  0.562  12.282
updatePtrSet         11.655  0.499  12.308
resetSampleMetadata  10.754  0.600  11.481
getSampleMetadata    10.811  0.466  13.939
getDirectory         10.590  0.487  12.672
plotCalib             9.980  0.504  10.561
changeTimeLimits      9.320  0.883  10.270
exportSampleMetada    9.480  0.607  11.453
getFileNames          9.545  0.480  11.651
importSampleMetadata  9.340  0.406   9.830
createPtrSet          9.139  0.426   9.660
* checking for unstated dependencies in ‘tests’ ... OK
* checking tests ...
  Running ‘testthat.R’
 ERROR
Running the tests in ‘tests/testthat.R’ failed.
Last 13 lines of output:
   1. └─ptairMS (local) test_alignSamples()
   2.   └─testthat::expect_equal(nrow(Biobase::exprs(eset)), 1) at test-alignment.R:40:3
  ── Failure ('test-annotation.R:32:1'): annotateVOC function and findIsotope ────
  Biobase::fData(bacteria.eset)[1, "isotope"] not equal to row.names(Biobase::fData(bacteria.eset))[2].
  1/1 mismatches
  x[1]: "60.0514"
  y[1]: "59.0608"
  Backtrace:
      ▆
   1. └─ptairMS (local) test_annotateVOC_and_isotope()
   2.   └─testthat::expect_equal(...) at test-annotation.R:28:3
  
  [ FAIL 3 | WARN 0 | SKIP 0 | PASS 56 ]
  Error: Test failures
  Execution halted
* checking for unstated dependencies in vignettes ... OK
* checking package vignettes ... OK
* checking running R code from vignettes ... SKIPPED
* checking re-building of vignette outputs ... SKIPPED
* checking PDF version of manual ... OK
* DONE

Status: 1 ERROR, 2 WARNINGs, 1 NOTE
See
  ‘/Users/biocbuild/bbs-3.19-bioc/meat/ptairMS.Rcheck/00check.log’
for details.


Installation output

ptairMS.Rcheck/00install.out

##############################################################################
##############################################################################
###
### Running command:
###
###   /Library/Frameworks/R.framework/Resources/bin/R CMD INSTALL ptairMS
###
##############################################################################
##############################################################################


* installing to library ‘/Library/Frameworks/R.framework/Versions/4.4-arm64/Resources/library’
* installing *source* package ‘ptairMS’ ...
** using staged installation
** libs
using C++ compiler: ‘Apple clang version 15.0.0 (clang-1500.0.40.1)’
using SDK: ‘MacOSX11.3.sdk’
clang++ -arch arm64 -std=gnu++17 -I"/Library/Frameworks/R.framework/Resources/include" -DNDEBUG  -I'/Library/Frameworks/R.framework/Versions/4.4-arm64/Resources/library/Rcpp/include' -I/opt/R/arm64/include    -fPIC  -falign-functions=64 -Wall -g -O2   -c RcppExports.cpp -o RcppExports.o
clang++ -arch arm64 -std=gnu++17 -I"/Library/Frameworks/R.framework/Resources/include" -DNDEBUG  -I'/Library/Frameworks/R.framework/Versions/4.4-arm64/Resources/library/Rcpp/include' -I/opt/R/arm64/include    -fPIC  -falign-functions=64 -Wall -g -O2   -c align.cpp -o align.o
clang++ -arch arm64 -std=gnu++17 -I"/Library/Frameworks/R.framework/Resources/include" -DNDEBUG  -I'/Library/Frameworks/R.framework/Versions/4.4-arm64/Resources/library/Rcpp/include' -I/opt/R/arm64/include    -fPIC  -falign-functions=64 -Wall -g -O2   -c findEqualGreaterM.cpp -o findEqualGreaterM.o
clang++ -arch arm64 -std=gnu++17 -dynamiclib -Wl,-headerpad_max_install_names -undefined dynamic_lookup -L/Library/Frameworks/R.framework/Resources/lib -L/opt/R/arm64/lib -o ptairMS.so RcppExports.o align.o findEqualGreaterM.o -F/Library/Frameworks/R.framework/.. -framework R -Wl,-framework -Wl,CoreFoundation
installing to /Library/Frameworks/R.framework/Versions/4.4-arm64/Resources/library/00LOCK-ptairMS/00new/ptairMS/libs
** R
** inst
** byte-compile and prepare package for lazy loading
Warning: replacing previous import ‘Biobase::cache’ by ‘bit64::cache’ when loading ‘ptairMS’
** help
*** installing help indices
** building package indices
** installing vignettes
** testing if installed package can be loaded from temporary location
Warning: replacing previous import ‘Biobase::cache’ by ‘bit64::cache’ when loading ‘ptairMS’
** checking absolute paths in shared objects and dynamic libraries
** testing if installed package can be loaded from final location
Warning: replacing previous import ‘Biobase::cache’ by ‘bit64::cache’ when loading ‘ptairMS’
** testing if installed package keeps a record of temporary installation path
* DONE (ptairMS)

Tests output

ptairMS.Rcheck/tests/testthat.Rout.fail


R version 4.4.1 (2024-06-14) -- "Race for Your Life"
Copyright (C) 2024 The R Foundation for Statistical Computing
Platform: aarch64-apple-darwin20

R is free software and comes with ABSOLUTELY NO WARRANTY.
You are welcome to redistribute it under certain conditions.
Type 'license()' or 'licence()' for distribution details.

R is a collaborative project with many contributors.
Type 'contributors()' for more information and
'citation()' on how to cite R or R packages in publications.

Type 'demo()' for some demos, 'help()' for on-line help, or
'help.start()' for an HTML browser interface to help.
Type 'q()' to quit R.

> library(testthat)
> library(ptairMS)
Warning message:
replacing previous import 'Biobase::cache' by 'bit64::cache' when loading 'ptairMS' 
> 
> test_check("ptairMS")
Control1.h5 : 3 peaks detected 
Control2.h5 : 4 peaks detected 
Specie-a1.h5 : 2 peaks detected 
Specie-a2.h5 : 3 peaks detected 
specie-b1.h5 : 4 peaks detected 
specie-b2.h5 : 3 peaks detected 
Control1.h5 : 2 peaks detected 
Control2.h5 : 2 peaks detected 
Specie-a1.h5 : 3 peaks detected 
Specie-a2.h5 : 3 peaks detected 
specie-b1.h5 : 2 peaks detected 
specie-b2.h5 : 3 peaks detected 
Control1.h5 : 4 peaks detected 
Control2.h5 : 6 peaks detected 
Specie-a1.h5 : 3 peaks detected 
Specie-a2.h5 : 4 peaks detected 
specie-b1.h5 : 5 peaks detected 
specie-b2.h5 : 4 peaks detected 
Control1.h5 : 3 peaks detected 
Control2.h5 : 2 peaks detected 
Specie-a1.h5 : 3 peaks detected 
Specie-a2.h5 : 3 peaks detected 
specie-b1.h5 : 4 peaks detected 
specie-b2.h5 : 4 peaks detected 
[ FAIL 3 | WARN 0 | SKIP 0 | PASS 56 ]

══ Failed tests ════════════════════════════════════════════════════════════════
── Failure ('test-alignment.R:59:1'): alignSamples() works correctly. ──────────
nrow(Biobase::exprs(eset)) not equal to 2.
1/1 mismatches
[1] 3 - 2 == 1
Backtrace:
    ▆
 1. └─ptairMS (local) test_alignSamples()
 2.   └─testthat::expect_equal(nrow(Biobase::exprs(eset)), 2) at test-alignment.R:34:3
── Failure ('test-alignment.R:59:1'): alignSamples() works correctly. ──────────
nrow(Biobase::exprs(eset)) not equal to 1.
1/1 mismatches
[1] 2 - 1 == 1
Backtrace:
    ▆
 1. └─ptairMS (local) test_alignSamples()
 2.   └─testthat::expect_equal(nrow(Biobase::exprs(eset)), 1) at test-alignment.R:40:3
── Failure ('test-annotation.R:32:1'): annotateVOC function and findIsotope ────
Biobase::fData(bacteria.eset)[1, "isotope"] not equal to row.names(Biobase::fData(bacteria.eset))[2].
1/1 mismatches
x[1]: "60.0514"
y[1]: "59.0608"
Backtrace:
    ▆
 1. └─ptairMS (local) test_annotateVOC_and_isotope()
 2.   └─testthat::expect_equal(...) at test-annotation.R:28:3

[ FAIL 3 | WARN 0 | SKIP 0 | PASS 56 ]
Error: Test failures
Execution halted

Example timings

ptairMS.Rcheck/ptairMS-Ex.timings

nameusersystemelapsed
LocalMaximaSG0.0300.0050.037
PeakList0.9630.1661.141
RunShinnyApp000
alignSamples17.178 1.47318.941
annotation14.810 1.03216.014
calibration0.9920.1171.143
changeTimeLimits 9.320 0.88310.270
convert_to_mzML14.050 0.78814.925
createPtrSet9.1390.4269.660
defineKnots13.469 0.44113.980
detectPeak 98.883 3.760103.915
exportSampleMetada 9.480 0.60711.453
formula2mass0.0030.0010.008
getDirectory10.590 0.48712.672
getFileNames 9.545 0.48011.651
getPeakList16.835 1.06819.546
getSampleMetadata10.811 0.46613.939
importSampleMetadata9.3400.4069.830
impute15.672 1.00716.863
imputeMat16.681 1.39018.280
plot12.485 0.53513.112
plotCalib 9.980 0.50410.561
plotFeatures11.512 0.92312.618
plotRaw11.611 0.69112.409
plotTIC12.089 0.70713.422
readRaw0.1690.0600.239
resetSampleMetadata10.754 0.60011.481
rmPeakList11.516 0.80112.357
setSampleMetadata11.655 0.56212.282
timeLimits1.1090.0731.197
updatePtrSet11.655 0.49912.308
writeEset17.688 1.26419.134