Back to Multiple platform build/check report for BioC 3.19: simplified long |
|
This page was generated on 2024-06-11 14:44 -0400 (Tue, 11 Jun 2024).
Hostname | OS | Arch (*) | R version | Installed pkgs |
---|---|---|---|---|
nebbiolo1 | Linux (Ubuntu 22.04.3 LTS) | x86_64 | 4.4.0 (2024-04-24) -- "Puppy Cup" | 4757 |
palomino3 | Windows Server 2022 Datacenter | x64 | 4.4.0 (2024-04-24 ucrt) -- "Puppy Cup" | 4491 |
lconway | macOS 12.7.1 Monterey | x86_64 | 4.4.0 (2024-04-24) -- "Puppy Cup" | 4522 |
kjohnson3 | macOS 13.6.5 Ventura | arm64 | 4.4.0 (2024-04-24) -- "Puppy Cup" | 4468 |
Click on any hostname to see more info about the system (e.g. compilers) (*) as reported by 'uname -p', except on Windows and Mac OS X |
Package 1273/2300 | Hostname | OS / Arch | INSTALL | BUILD | CHECK | BUILD BIN | ||||||||
mina 1.12.0 (landing page) Rui Guan
| nebbiolo1 | Linux (Ubuntu 22.04.3 LTS) / x86_64 | OK | OK | WARNINGS | |||||||||
palomino3 | Windows Server 2022 Datacenter / x64 | OK | OK | WARNINGS | OK | |||||||||
lconway | macOS 12.7.1 Monterey / x86_64 | OK | OK | WARNINGS | OK | |||||||||
kjohnson3 | macOS 13.6.5 Ventura / arm64 | OK | OK | WARNINGS | OK | |||||||||
To the developers/maintainers of the mina package: - Allow up to 24 hours (and sometimes 48 hours) for your latest push to git@git.bioconductor.org:packages/mina.git to reflect on this report. See Troubleshooting Build Report for more information. - Use the following Renviron settings to reproduce errors and warnings. - If 'R CMD check' started to fail recently on the Linux builder(s) over a missing dependency, add the missing dependency to 'Suggests:' in your DESCRIPTION file. See Renviron.bioc for more information. |
Package: mina |
Version: 1.12.0 |
Command: /Library/Frameworks/R.framework/Resources/bin/R CMD check --install=check:mina.install-out.txt --library=/Library/Frameworks/R.framework/Resources/library --no-vignettes --timings mina_1.12.0.tar.gz |
StartedAt: 2024-06-10 22:05:09 -0400 (Mon, 10 Jun 2024) |
EndedAt: 2024-06-10 22:12:12 -0400 (Mon, 10 Jun 2024) |
EllapsedTime: 423.4 seconds |
RetCode: 0 |
Status: WARNINGS |
CheckDir: mina.Rcheck |
Warnings: 1 |
############################################################################## ############################################################################## ### ### Running command: ### ### /Library/Frameworks/R.framework/Resources/bin/R CMD check --install=check:mina.install-out.txt --library=/Library/Frameworks/R.framework/Resources/library --no-vignettes --timings mina_1.12.0.tar.gz ### ############################################################################## ############################################################################## * using log directory ‘/Users/biocbuild/bbs-3.19-bioc/meat/mina.Rcheck’ * using R version 4.4.0 (2024-04-24) * using platform: aarch64-apple-darwin20 * R was compiled by Apple clang version 14.0.0 (clang-1400.0.29.202) GNU Fortran (GCC) 12.2.0 * running under: macOS Ventura 13.6.5 * using session charset: UTF-8 * using option ‘--no-vignettes’ * checking for file ‘mina/DESCRIPTION’ ... OK * this is package ‘mina’ version ‘1.12.0’ * package encoding: UTF-8 * checking package namespace information ... OK * checking package dependencies ... OK * checking if this is a source package ... OK * checking if there is a namespace ... OK * checking for hidden files and directories ... OK * checking for portable file names ... OK * checking for sufficient/correct file permissions ... OK * checking whether package ‘mina’ can be installed ... OK * used C++ compiler: ‘Apple clang version 15.0.0 (clang-1500.1.0.2.5)’ * used SDK: ‘MacOSX11.3.sdk’ * checking installed package size ... NOTE installed size is 8.0Mb sub-directories of 1Mb or more: data 7.4Mb * checking package directory ... OK * checking ‘build’ directory ... OK * checking DESCRIPTION meta-information ... OK * checking top-level files ... OK * checking for left-over files ... OK * checking index information ... OK * checking package subdirectories ... OK * checking code files for non-ASCII characters ... OK * checking R files for syntax errors ... OK * checking whether the package can be loaded ... OK * checking whether the package can be loaded with stated dependencies ... OK * checking whether the package can be unloaded cleanly ... OK * checking whether the namespace can be loaded with stated dependencies ... OK * checking whether the namespace can be unloaded cleanly ... OK * checking dependencies in R code ... OK * checking S3 generic/method consistency ... OK * checking replacement functions ... OK * checking foreign function calls ... OK * checking R code for possible problems ... NOTE sparcc: no visible binding for global variable ‘i’ net_dis_pcoa,character: no visible binding for global variable ‘y’ net_dis_pcoa,character: no visible binding for global variable ‘Group’ net_dis_plot,mina: no visible binding for global variable ‘Group1’ net_dis_plot,mina: no visible binding for global variable ‘Group2’ net_dis_plot,mina: no visible binding for global variable ‘Distance’ net_dis_plot,mina: no visible binding for global variable ‘Sig’ Undefined global functions or variables: Distance Group Group1 Group2 Sig i y * checking Rd files ... NOTE checkRd: (-1) re_format_AP.Rd:10: Lost braces; missing escapes or markup? 10 | \item{x}{an {APResult} object from \pkg{apcluster}.} | ^ * checking Rd metadata ... OK * checking Rd cross-references ... OK * checking for missing documentation entries ... OK * checking for code/documentation mismatches ... OK * checking Rd \usage sections ... OK * checking Rd contents ... OK * checking for unstated dependencies in examples ... OK * checking contents of ‘data’ directory ... OK * checking data for non-ASCII characters ... OK * checking LazyData ... WARNING LazyData DB of 7.4 MB without LazyDataCompression set See §1.1.6 of 'Writing R Extensions' * checking data for ASCII and uncompressed saves ... OK * checking line endings in C/C++/Fortran sources/headers ... OK * checking compiled code ... NOTE Note: information on .o files is not available * checking files in ‘vignettes’ ... OK * checking examples ... OK Examples with CPU (user + system) or elapsed time > 5s user system elapsed net_dis_plot 35.880 6.677 59.064 com_plot-mina 25.273 2.736 7.111 net_dis-mina 18.047 3.536 28.869 net_cls-mina 17.626 0.907 27.567 dis_stat_accessor 14.730 2.069 23.920 net_cls-matrix 13.844 0.709 21.800 net_cls 13.936 0.418 21.685 bs_pm-mina 9.778 0.678 14.128 * checking for unstated dependencies in vignettes ... OK * checking package vignettes ... OK * checking running R code from vignettes ... SKIPPED * checking re-building of vignette outputs ... SKIPPED * checking PDF version of manual ... OK * DONE Status: 1 WARNING, 4 NOTEs See ‘/Users/biocbuild/bbs-3.19-bioc/meat/mina.Rcheck/00check.log’ for details.
mina.Rcheck/00install.out
############################################################################## ############################################################################## ### ### Running command: ### ### /Library/Frameworks/R.framework/Resources/bin/R CMD INSTALL mina ### ############################################################################## ############################################################################## * installing to library ‘/Library/Frameworks/R.framework/Versions/4.4-arm64/Resources/library’ * installing *source* package ‘mina’ ... ** using staged installation ** libs using C++ compiler: ‘Apple clang version 15.0.0 (clang-1500.1.0.2.5)’ using SDK: ‘MacOSX11.3.sdk’ clang++ -arch arm64 -std=gnu++17 -I"/Library/Frameworks/R.framework/Resources/include" -DNDEBUG -I'/Library/Frameworks/R.framework/Versions/4.4-arm64/Resources/library/Rcpp/include' -I'/Library/Frameworks/R.framework/Versions/4.4-arm64/Resources/library/RcppParallel/include' -I'/Library/Frameworks/R.framework/Versions/4.4-arm64/Resources/library/RcppArmadillo/include' -I/opt/R/arm64/include -fPIC -falign-functions=64 -Wall -g -O2 -c RcppExports.cpp -o RcppExports.o clang++ -arch arm64 -std=gnu++17 -I"/Library/Frameworks/R.framework/Resources/include" -DNDEBUG -I'/Library/Frameworks/R.framework/Versions/4.4-arm64/Resources/library/Rcpp/include' -I'/Library/Frameworks/R.framework/Versions/4.4-arm64/Resources/library/RcppParallel/include' -I'/Library/Frameworks/R.framework/Versions/4.4-arm64/Resources/library/RcppArmadillo/include' -I/opt/R/arm64/include -fPIC -falign-functions=64 -Wall -g -O2 -c cp_cor.cpp -o cp_cor.o clang++ -arch arm64 -std=gnu++17 -dynamiclib -Wl,-headerpad_max_install_names -undefined dynamic_lookup -L/Library/Frameworks/R.framework/Resources/lib -L/opt/R/arm64/lib -o mina.so RcppExports.o cp_cor.o -F/Library/Frameworks/R.framework/.. -framework R -Wl,-framework -Wl,CoreFoundation installing to /Library/Frameworks/R.framework/Versions/4.4-arm64/Resources/library/00LOCK-mina/00new/mina/libs ** R ** data *** moving datasets to lazyload DB ** byte-compile and prepare package for lazy loading Creating a new generic function for ‘norm’ in package ‘mina’ ** help *** installing help indices ** building package indices ** installing vignettes ** testing if installed package can be loaded from temporary location ** checking absolute paths in shared objects and dynamic libraries ** testing if installed package can be loaded from final location ** testing if installed package keeps a record of temporary installation path * DONE (mina)
mina.Rcheck/mina-Ex.timings
name | user | system | elapsed | |
adj-matrix | 0.629 | 0.033 | 0.623 | |
adj-mina | 1.135 | 0.027 | 1.370 | |
adj | 0.770 | 0.020 | 0.819 | |
adj_method_list | 0.071 | 0.056 | 0.241 | |
bs_pm-mina | 9.778 | 0.678 | 14.128 | |
bs_pm | 2.640 | 0.163 | 4.183 | |
check_mina | 0.052 | 0.012 | 0.133 | |
check_mina_de | 0.056 | 0.018 | 0.104 | |
check_mina_qu | 0.048 | 0.010 | 0.080 | |
cls_tab | 0.065 | 0.026 | 0.154 | |
com_dis-matrix | 0.579 | 0.011 | 0.495 | |
com_dis-mina | 0.387 | 0.015 | 0.156 | |
com_dis | 0.545 | 0.023 | 0.446 | |
com_dis_list | 0.083 | 0.045 | 0.182 | |
com_plot-mina | 25.273 | 2.736 | 7.111 | |
com_plot | 0.157 | 0.007 | 0.258 | |
com_r2-mina | 0.797 | 0.028 | 0.817 | |
com_r2 | 1.807 | 0.124 | 1.697 | |
data-hmp | 0.001 | 0.002 | 0.004 | |
data-maize | 0.001 | 0.001 | 0.004 | |
des_accessor | 0.003 | 0.001 | 0.005 | |
dis_accessor | 0.376 | 0.021 | 0.160 | |
dis_stat_accessor | 14.730 | 2.069 | 23.920 | |
dmr-matrix | 0.652 | 0.018 | 0.613 | |
dmr-mina | 0.664 | 0.019 | 0.592 | |
dmr | 0.670 | 0.047 | 0.667 | |
dmr_accessor | 0.665 | 0.018 | 0.613 | |
fit_tabs-mina | 0.874 | 0.254 | 1.653 | |
fit_tabs | 0.841 | 0.178 | 1.522 | |
get_net_cls_tab-matrix-data.frame-method | 1.873 | 0.156 | 2.650 | |
get_net_cls_tab | 2.121 | 0.234 | 3.194 | |
get_r2-mat | 0.756 | 0.032 | 0.766 | |
get_r2 | 0.760 | 0.031 | 0.801 | |
get_rep-matrix | 0.254 | 0.047 | 0.484 | |
get_rep-mima | 0.763 | 0.061 | 1.247 | |
hmp_des | 0.001 | 0.002 | 0.007 | |
hmp_otu | 0.001 | 0.002 | 0.006 | |
maize_asv | 0.001 | 0.002 | 0.003 | |
maize_asv2 | 0.001 | 0.001 | 0.002 | |
maize_des | 0.001 | 0.001 | 0.002 | |
maize_des2 | 0.001 | 0.001 | 0.002 | |
mina-class | 0.001 | 0.000 | 0.001 | |
net_cls-matrix | 13.844 | 0.709 | 21.800 | |
net_cls-mina | 17.626 | 0.907 | 27.567 | |
net_cls | 13.936 | 0.418 | 21.685 | |
net_cls_tab-mina-method | 3.154 | 0.094 | 4.651 | |
net_cls_tab | 2.211 | 0.259 | 3.351 | |
net_dis-mina | 18.047 | 3.536 | 28.869 | |
net_dis | 2.808 | 0.288 | 4.591 | |
net_dis_indi | 0.000 | 0.000 | 0.001 | |
net_dis_pcoa | 0 | 0 | 0 | |
net_dis_plot | 35.880 | 6.677 | 59.064 | |
net_grp_cmp | 0 | 0 | 0 | |
net_node_cmp | 0 | 0 | 0 | |
norm_accessor | 0.044 | 0.045 | 0.131 | |
norm_tab-matrix | 0.751 | 0.034 | 1.175 | |
norm_tab-mina | 0.821 | 0.074 | 1.355 | |
norm_tab | 0.027 | 0.002 | 0.052 | |
norm_tab_method_list | 0.062 | 0.051 | 0.222 | |
pcoa_plot | 1.408 | 0.056 | 1.342 | |
sim_par | 0.000 | 0.001 | 0.002 | |
sparcc | 0 | 0 | 0 | |
tab_accessor | 0.000 | 0.000 | 0.001 | |
tina-matrix-method | 0 | 0 | 0 | |
tina | 0 | 0 | 0 | |