Back to Multiple platform build/check report for BioC 3.19: simplified long |
|
This page was generated on 2024-05-09 11:41:22 -0400 (Thu, 09 May 2024).
Hostname | OS | Arch (*) | R version | Installed pkgs |
---|---|---|---|---|
nebbiolo1 | Linux (Ubuntu 22.04.3 LTS) | x86_64 | 4.4.0 (2024-04-24) -- "Puppy Cup" | 4748 |
palomino3 | Windows Server 2022 Datacenter | x64 | 4.4.0 (2024-04-24 ucrt) -- "Puppy Cup" | 4484 |
lconway | macOS 12.7.1 Monterey | x86_64 | 4.4.0 (2024-04-24) -- "Puppy Cup" | 4514 |
kunpeng2 | Linux (openEuler 22.03 LTS-SP1) | aarch64 | 4.4.0 beta (2024-04-15 r86425) -- "Puppy Cup" | 4480 |
Click on any hostname to see more info about the system (e.g. compilers) (*) as reported by 'uname -p', except on Windows and Mac OS X |
Package 1784/2300 | Hostname | OS / Arch | INSTALL | BUILD | CHECK | BUILD BIN | ||||||||
RMassBank 3.14.0 (landing page) RMassBank at Eawag
| nebbiolo1 | Linux (Ubuntu 22.04.3 LTS) / x86_64 | OK | OK | OK | |||||||||
palomino3 | Windows Server 2022 Datacenter / x64 | OK | ERROR | skipped | skipped | |||||||||
lconway | macOS 12.7.1 Monterey / x86_64 | OK | OK | OK | OK | |||||||||
kunpeng2 | Linux (openEuler 22.03 LTS-SP1) / aarch64 | OK | ERROR | skipped | ||||||||||
kjohnson3 | macOS 13.6.5 Ventura / arm64 | see weekly results here | ||||||||||||
To the developers/maintainers of the RMassBank package: - Allow up to 24 hours (and sometimes 48 hours) for your latest push to git@git.bioconductor.org:packages/RMassBank.git to reflect on this report. See Troubleshooting Build Report for more information. - Use the following Renviron settings to reproduce errors and warnings. - If 'R CMD check' started to fail recently on the Linux builder(s) over a missing dependency, add the missing dependency to 'Suggests:' in your DESCRIPTION file. See Renviron.bioc for more information. - See Martin Grigorov's blog post for how to debug Linux ARM64 related issues on a x86_64 host. |
Package: RMassBank |
Version: 3.14.0 |
Command: /home/biocbuild/R/R-beta-2024-04-15_r86425/bin/R CMD build --keep-empty-dirs --no-resave-data RMassBank |
StartedAt: 2024-05-09 03:04:14 -0000 (Thu, 09 May 2024) |
EndedAt: 2024-05-09 03:15:08 -0000 (Thu, 09 May 2024) |
EllapsedTime: 653.9 seconds |
RetCode: 1 |
Status: ERROR |
PackageFile: None |
PackageFileSize: NA |
############################################################################## ############################################################################## ### ### Running command: ### ### /home/biocbuild/R/R-beta-2024-04-15_r86425/bin/R CMD build --keep-empty-dirs --no-resave-data RMassBank ### ############################################################################## ############################################################################## * checking for file ‘RMassBank/DESCRIPTION’ ... OK * preparing ‘RMassBank’: * checking DESCRIPTION meta-information ... OK * installing the package to build vignettes * creating vignettes ... ERROR --- re-building ‘RMassBank.Rmd’ using rmarkdown INFO [2024-05-09 03:05:43] Loaded compoundlist successfully INFO [2024-05-09 03:05:43] msmsWorkflow: Step 1. Acquire all MSMS spectra from files | | | 0% | |================================ | 50% | |================================================================| 100%INFO [2024-05-09 03:05:52] msmsWorkflow: Step 2. First analysis pre recalibration | | | 0% | |================================ | 50% | |================================================================| 100% INFO [2024-05-09 03:06:23] msmsWorkflow: Step 3. Aggregate all spectra INFO [2024-05-09 03:06:23] msmsWorkflow: Step 4. Recalibrate m/z values in raw spectra INFO [2024-05-09 03:06:24] msmsWorkflow: Done. INFO [2024-05-09 03:08:06] msmsWorkflow: Step 4. Recalibrate m/z values in raw spectra INFO [2024-05-09 03:08:15] msmsWorkflow: Done. INFO [2024-05-09 03:08:15] msmsWorkflow: Step 4. Recalibrate m/z values in raw spectra INFO [2024-05-09 03:08:16] msmsWorkflow: Done. INFO [2024-05-09 03:08:17] msmsWorkflow: Step 5. Reanalyze recalibrated spectra | | | 0% | |================================ | 50% | |================================================================| 100% INFO [2024-05-09 03:08:47] msmsWorkflow: Step 6. Aggregate recalibrated results INFO [2024-05-09 03:08:47] msmsWorkflow: Step 7. Reanalyze fail peaks for N2 + O | | | 0% | |================================ | 50% | |================================================================| 100% INFO [2024-05-09 03:11:23] msmsWorkflow: Step 8. Peak multiplicity filtering INFO [2024-05-09 03:11:25] msmsWorkflow: Done. INFO [2024-05-09 03:11:25] mbWorkflow: Step 1. Gather info from several databases Quitting from lines at lines 433-434 [unnamed-chunk-22] (RMassBank.Rmd) Error: processing vignette 'RMassBank.Rmd' failed with diagnostics: not all data was parsed (0 chars were parsed out of a total of 573 chars) --- failed re-building ‘RMassBank.Rmd’ --- re-building ‘RMassBankNonstandard.Rmd’ using rmarkdown INFO [2024-05-09 03:13:45] msmsWorkflow: Step 4. Recalibrate m/z values in raw spectra INFO [2024-05-09 03:13:52] msmsWorkflow: Done. INFO [2024-05-09 03:13:57] Loaded compoundlist successfully INFO [2024-05-09 03:13:58] msmsWorkflow: Step 1. Acquire all MSMS spectra from files | | | 0% | |================================ | 50% | |================================================================| 100%INFO [2024-05-09 03:14:06] msmsWorkflow: Done. INFO [2024-05-09 03:14:06] msmsWorkflow: Step 2. First analysis pre recalibration | | | 0% | |================================ | 50% | |================================================================| 100% INFO [2024-05-09 03:14:09] msmsWorkflow: Step 3. Aggregate all spectra INFO [2024-05-09 03:14:09] msmsWorkflow: Step 4. Recalibrate m/z values in raw spectra INFO [2024-05-09 03:14:10] msmsWorkflow: Step 5. Reanalyze recalibrated spectra | | | 0% | |================================ | 50% | |================================================================| 100% INFO [2024-05-09 03:14:13] msmsWorkflow: Step 6. Aggregate recalibrated results INFO [2024-05-09 03:14:13] msmsWorkflow: Step 7. Reanalyze fail peaks for N2 + O | | | 0% | |================================ | 50% | |================================================================| 100% INFO [2024-05-09 03:14:30] msmsWorkflow: Done. INFO [2024-05-09 03:14:31] msmsWorkflow: Step 1. Acquire all MSMS spectra from files | | | 0% | |================================ | 50% | |================================================================| 100%INFO [2024-05-09 03:14:42] msmsWorkflow: Done. INFO [2024-05-09 03:14:42] msmsWorkflow: Step 2. First analysis pre recalibration | | | 0% | |================================ | 50% | |================================================================| 100% INFO [2024-05-09 03:14:44] msmsWorkflow: Step 3. Aggregate all spectra INFO [2024-05-09 03:14:44] msmsWorkflow: Step 4. Recalibrate m/z values in raw spectra INFO [2024-05-09 03:14:45] msmsWorkflow: Step 5. Reanalyze recalibrated spectra | | | 0% | |================================ | 50% | |================================================================| 100% INFO [2024-05-09 03:14:48] msmsWorkflow: Step 6. Aggregate recalibrated results INFO [2024-05-09 03:14:48] msmsWorkflow: Step 7. Reanalyze fail peaks for N2 + O | | | 0% | |================================ | 50% | |================================================================| 100% INFO [2024-05-09 03:15:04] msmsWorkflow: Done. INFO [2024-05-09 03:15:05] msmsWorkflow: Step 8. Peak multiplicity filtering INFO [2024-05-09 03:15:06] msmsWorkflow: Done. --- finished re-building ‘RMassBankNonstandard.Rmd’ SUMMARY: processing the following file failed: ‘RMassBank.Rmd’ Error: Vignette re-building failed. Execution halted