Back to Multiple platform build/check report for BioC 3.19: simplified long |
|
This page was generated on 2024-10-18 20:38 -0400 (Fri, 18 Oct 2024).
Hostname | OS | Arch (*) | R version | Installed pkgs |
---|---|---|---|---|
nebbiolo1 | Linux (Ubuntu 22.04.3 LTS) | x86_64 | 4.4.1 (2024-06-14) -- "Race for Your Life" | 4763 |
palomino7 | Windows Server 2022 Datacenter | x64 | 4.4.1 (2024-06-14 ucrt) -- "Race for Your Life" | 4500 |
merida1 | macOS 12.7.5 Monterey | x86_64 | 4.4.1 (2024-06-14) -- "Race for Your Life" | 4530 |
kjohnson1 | macOS 13.6.6 Ventura | arm64 | 4.4.1 (2024-06-14) -- "Race for Your Life" | 4480 |
Click on any hostname to see more info about the system (e.g. compilers) (*) as reported by 'uname -p', except on Windows and Mac OS X |
Package 877/2300 | Hostname | OS / Arch | INSTALL | BUILD | CHECK | BUILD BIN | ||||||||
Glimma 2.14.0 (landing page) Shian Su
| nebbiolo1 | Linux (Ubuntu 22.04.3 LTS) / x86_64 | OK | OK | WARNINGS | |||||||||
palomino7 | Windows Server 2022 Datacenter / x64 | OK | OK | WARNINGS | OK | |||||||||
merida1 | macOS 12.7.5 Monterey / x86_64 | OK | OK | WARNINGS | OK | |||||||||
kjohnson1 | macOS 13.6.6 Ventura / arm64 | OK | ERROR | skipped | skipped | |||||||||
To the developers/maintainers of the Glimma package: - Allow up to 24 hours (and sometimes 48 hours) for your latest push to git@git.bioconductor.org:packages/Glimma.git to reflect on this report. See Troubleshooting Build Report for more information. - Use the following Renviron settings to reproduce errors and warnings. - If 'R CMD check' started to fail recently on the Linux builder(s) over a missing dependency, add the missing dependency to 'Suggests:' in your DESCRIPTION file. See Renviron.bioc for more information. |
Package: Glimma |
Version: 2.14.0 |
Command: /home/biocbuild/bbs-3.19-bioc/R/bin/R CMD check --install=check:Glimma.install-out.txt --library=/home/biocbuild/bbs-3.19-bioc/R/site-library --timings Glimma_2.14.0.tar.gz |
StartedAt: 2024-10-17 00:58:28 -0400 (Thu, 17 Oct 2024) |
EndedAt: 2024-10-17 01:10:51 -0400 (Thu, 17 Oct 2024) |
EllapsedTime: 742.6 seconds |
RetCode: 0 |
Status: WARNINGS |
CheckDir: Glimma.Rcheck |
Warnings: 1 |
############################################################################## ############################################################################## ### ### Running command: ### ### /home/biocbuild/bbs-3.19-bioc/R/bin/R CMD check --install=check:Glimma.install-out.txt --library=/home/biocbuild/bbs-3.19-bioc/R/site-library --timings Glimma_2.14.0.tar.gz ### ############################################################################## ############################################################################## * using log directory ‘/home/biocbuild/bbs-3.19-bioc/meat/Glimma.Rcheck’ * using R version 4.4.1 (2024-06-14) * using platform: x86_64-pc-linux-gnu * R was compiled by gcc (Ubuntu 11.4.0-1ubuntu1~22.04) 11.4.0 GNU Fortran (Ubuntu 11.4.0-1ubuntu1~22.04) 11.4.0 * running under: Ubuntu 22.04.5 LTS * using session charset: UTF-8 * checking for file ‘Glimma/DESCRIPTION’ ... OK * checking extension type ... Package * this is package ‘Glimma’ version ‘2.14.0’ * package encoding: UTF-8 * checking package namespace information ... OK * checking package dependencies ... OK * checking if this is a source package ... OK * checking if there is a namespace ... OK * checking for hidden files and directories ... NOTE Found the following hidden files and directories: .travis.yml These were most likely included in error. See section ‘Package structure’ in the ‘Writing R Extensions’ manual. * checking for portable file names ... OK * checking for sufficient/correct file permissions ... OK * checking whether package ‘Glimma’ can be installed ... OK * checking installed package size ... OK * checking package directory ... OK * checking ‘build’ directory ... OK * checking DESCRIPTION meta-information ... OK * checking top-level files ... NOTE File LICENSE is not mentioned in the DESCRIPTION file. * checking for left-over files ... OK * checking index information ... OK * checking package subdirectories ... OK * checking code files for non-ASCII characters ... OK * checking R files for syntax errors ... OK * checking whether the package can be loaded ... OK * checking whether the package can be loaded with stated dependencies ... OK * checking whether the package can be unloaded cleanly ... OK * checking whether the namespace can be loaded with stated dependencies ... OK * checking whether the namespace can be unloaded cleanly ... OK * checking loading without being on the library search path ... OK * checking dependencies in R code ... OK * checking S3 generic/method consistency ... OK * checking replacement functions ... OK * checking foreign function calls ... OK * checking R code for possible problems ... OK * checking Rd files ... OK * checking Rd metadata ... OK * checking Rd cross-references ... OK * checking for missing documentation entries ... OK * checking for code/documentation mismatches ... OK * checking Rd \usage sections ... OK * checking Rd contents ... OK * checking for unstated dependencies in examples ... OK * checking files in ‘vignettes’ ... OK * checking examples ... WARNING Found the following significant warnings: Warning in edgeR::decideTestsDGE(x) : 'decideTestsDGE' is deprecated. Warning in edgeR::decideTestsDGE(x) : 'decideTestsDGE' is deprecated. Deprecated functions may be defunct as soon as of the next release of R. See ?Deprecated. Examples with CPU (user + system) or elapsed time > 5s user system elapsed glimmaMA.DESeqDataSet 9.804 0.339 10.165 glimmaVolcano.DESeqDataSet 8.175 0.316 8.492 glimmaMA.DGEExact 6.429 0.184 6.614 glimmaVolcano.DGEExact 6.037 0.128 6.166 * checking for unstated dependencies in ‘tests’ ... OK * checking tests ... Running ‘testthat.R’ OK * checking for unstated dependencies in vignettes ... OK * checking package vignettes ... OK * checking re-building of vignette outputs ... OK * checking PDF version of manual ... OK * DONE Status: 1 WARNING, 2 NOTEs See ‘/home/biocbuild/bbs-3.19-bioc/meat/Glimma.Rcheck/00check.log’ for details.
Glimma.Rcheck/00install.out
############################################################################## ############################################################################## ### ### Running command: ### ### /home/biocbuild/bbs-3.19-bioc/R/bin/R CMD INSTALL Glimma ### ############################################################################## ############################################################################## * installing to library ‘/home/biocbuild/bbs-3.19-bioc/R/site-library’ * installing *source* package ‘Glimma’ ... ** using staged installation ** R ** inst ** byte-compile and prepare package for lazy loading ** help *** installing help indices ** building package indices ** installing vignettes ** testing if installed package can be loaded from temporary location ** testing if installed package can be loaded from final location ** testing if installed package keeps a record of temporary installation path * DONE (Glimma)
Glimma.Rcheck/tests/testthat.Rout
R version 4.4.1 (2024-06-14) -- "Race for Your Life" Copyright (C) 2024 The R Foundation for Statistical Computing Platform: x86_64-pc-linux-gnu R is free software and comes with ABSOLUTELY NO WARRANTY. You are welcome to redistribute it under certain conditions. Type 'license()' or 'licence()' for distribution details. R is a collaborative project with many contributors. Type 'contributors()' for more information and 'citation()' on how to cite R or R packages in publications. Type 'demo()' for some demos, 'help()' for on-line help, or 'help.start()' for an HTML browser interface to help. Type 'q()' to quit R. > library(testthat) > test_check("Glimma") Loading required package: Glimma [ FAIL 0 | WARN 13 | SKIP 0 | PASS 229 ] [ FAIL 0 | WARN 13 | SKIP 0 | PASS 229 ] > > proc.time() user system elapsed 85.792 5.230 91.053
Glimma.Rcheck/Glimma-Ex.timings
name | user | system | elapsed | |
glMDRmd | 0.001 | 0.000 | 0.000 | |
glXYPlot | 0.002 | 0.001 | 0.003 | |
glimmaMA.DESeqDataSet | 9.804 | 0.339 | 10.165 | |
glimmaMA.DGEExact | 6.429 | 0.184 | 6.614 | |
glimmaMA.MArrayLM | 2.097 | 0.116 | 2.213 | |
glimmaMA | 0.014 | 0.000 | 0.014 | |
glimmaMDS.DESeqDataSet | 0.941 | 0.120 | 1.062 | |
glimmaMDS.DGEList | 0.090 | 0.008 | 0.098 | |
glimmaMDS | 0.442 | 0.020 | 0.463 | |
glimmaMDS.default | 0.097 | 0.004 | 0.102 | |
glimmaVolcano.DESeqDataSet | 8.175 | 0.316 | 8.492 | |
glimmaVolcano.DGEExact | 6.037 | 0.128 | 6.166 | |
glimmaVolcano | 2.612 | 0.160 | 2.772 | |
glimmaXY | 1.739 | 0.024 | 1.764 | |