Back to Multiple platform build/check report for BioC 3.19:   simplified   long
ABCDEF[G]HIJKLMNOPQRSTUVWXYZ

This page was generated on 2024-10-18 20:40 -0400 (Fri, 18 Oct 2024).

HostnameOSArch (*)R versionInstalled pkgs
nebbiolo1Linux (Ubuntu 22.04.3 LTS)x86_644.4.1 (2024-06-14) -- "Race for Your Life" 4763
palomino7Windows Server 2022 Datacenterx644.4.1 (2024-06-14 ucrt) -- "Race for Your Life" 4500
merida1macOS 12.7.5 Montereyx86_644.4.1 (2024-06-14) -- "Race for Your Life" 4530
kjohnson1macOS 13.6.6 Venturaarm644.4.1 (2024-06-14) -- "Race for Your Life" 4480
Click on any hostname to see more info about the system (e.g. compilers)      (*) as reported by 'uname -p', except on Windows and Mac OS X

Package 825/2300HostnameOS / ArchINSTALLBUILDCHECKBUILD BIN
GenomAutomorphism 1.6.0  (landing page)
Robersy Sanchez
Snapshot Date: 2024-10-16 14:00 -0400 (Wed, 16 Oct 2024)
git_url: https://git.bioconductor.org/packages/GenomAutomorphism
git_branch: RELEASE_3_19
git_last_commit: 22d7b7a
git_last_commit_date: 2024-04-30 11:43:53 -0400 (Tue, 30 Apr 2024)
nebbiolo1Linux (Ubuntu 22.04.3 LTS) / x86_64  OK    OK    WARNINGS  UNNEEDED, same version is already published
palomino7Windows Server 2022 Datacenter / x64  OK    OK    WARNINGS    OK  UNNEEDED, same version is already published
merida1macOS 12.7.5 Monterey / x86_64  OK    OK    WARNINGS    OK  UNNEEDED, same version is already published
kjohnson1macOS 13.6.6 Ventura / arm64  OK    OK    ERROR    OK  


CHECK results for GenomAutomorphism on merida1

To the developers/maintainers of the GenomAutomorphism package:
- Allow up to 24 hours (and sometimes 48 hours) for your latest push to git@git.bioconductor.org:packages/GenomAutomorphism.git to reflect on this report. See Troubleshooting Build Report for more information.
- Use the following Renviron settings to reproduce errors and warnings.
- If 'R CMD check' started to fail recently on the Linux builder(s) over a missing dependency, add the missing dependency to 'Suggests:' in your DESCRIPTION file. See Renviron.bioc for more information.

raw results


Summary

Package: GenomAutomorphism
Version: 1.6.0
Command: /Library/Frameworks/R.framework/Resources/bin/R CMD check --install=check:GenomAutomorphism.install-out.txt --library=/Library/Frameworks/R.framework/Resources/library --no-vignettes --timings GenomAutomorphism_1.6.0.tar.gz
StartedAt: 2024-10-17 05:49:06 -0400 (Thu, 17 Oct 2024)
EndedAt: 2024-10-17 06:03:24 -0400 (Thu, 17 Oct 2024)
EllapsedTime: 858.1 seconds
RetCode: 0
Status:   WARNINGS  
CheckDir: GenomAutomorphism.Rcheck
Warnings: 1

Command output

##############################################################################
##############################################################################
###
### Running command:
###
###   /Library/Frameworks/R.framework/Resources/bin/R CMD check --install=check:GenomAutomorphism.install-out.txt --library=/Library/Frameworks/R.framework/Resources/library --no-vignettes --timings GenomAutomorphism_1.6.0.tar.gz
###
##############################################################################
##############################################################################


* using log directory ‘/Users/biocbuild/bbs-3.19-bioc/meat/GenomAutomorphism.Rcheck’
* using R version 4.4.1 (2024-06-14)
* using platform: x86_64-apple-darwin20
* R was compiled by
    Apple clang version 14.0.0 (clang-1400.0.29.202)
    GNU Fortran (GCC) 12.2.0
* running under: macOS Monterey 12.7.6
* using session charset: UTF-8
* using option ‘--no-vignettes’
* checking for file ‘GenomAutomorphism/DESCRIPTION’ ... OK
* this is package ‘GenomAutomorphism’ version ‘1.6.0’
* package encoding: UTF-8
* checking package namespace information ... OK
* checking package dependencies ... OK
* checking if this is a source package ... OK
* checking if there is a namespace ... OK
* checking for hidden files and directories ... OK
* checking for portable file names ... OK
* checking for sufficient/correct file permissions ... OK
* checking whether package ‘GenomAutomorphism’ can be installed ... OK
* checking installed package size ... OK
* checking package directory ... OK
* checking ‘build’ directory ... OK
* checking DESCRIPTION meta-information ... OK
* checking top-level files ... OK
* checking for left-over files ... OK
* checking index information ... OK
* checking package subdirectories ... OK
* checking code files for non-ASCII characters ... OK
* checking R files for syntax errors ... OK
* checking whether the package can be loaded ... OK
* checking whether the package can be loaded with stated dependencies ... OK
* checking whether the package can be unloaded cleanly ... OK
* checking whether the namespace can be loaded with stated dependencies ... OK
* checking whether the namespace can be unloaded cleanly ... OK
* checking dependencies in R code ... OK
* checking S3 generic/method consistency ... OK
* checking replacement functions ... OK
* checking foreign function calls ... OK
* checking R code for possible problems ... OK
* checking Rd files ... OK
* checking Rd metadata ... OK
* checking Rd cross-references ... OK
* checking for missing documentation entries ... WARNING
Undocumented S4 methods:
  generic '[' and siglist 'AutomorphismList,ANY'
  generic '[' and siglist 'ListCodonMatrix,ANY'
  generic '[' and siglist 'MatrixSeq,ANY'
  generic '[[' and siglist 'AutomorphismList'
  generic '[[' and siglist 'ListCodonMatrix'
  generic 'names<-' and siglist 'AutomorphismList'
  generic 'names<-' and siglist 'MatrixSeq'
All user-level objects in a package (including S4 classes and methods)
should have documentation entries.
See chapter ‘Writing R documentation files’ in the ‘Writing R
Extensions’ manual.
* checking for code/documentation mismatches ... OK
* checking Rd \usage sections ... OK
* checking Rd contents ... OK
* checking for unstated dependencies in examples ... OK
* checking contents of ‘data’ directory ... OK
* checking data for non-ASCII characters ... OK
* checking data for ASCII and uncompressed saves ... OK
* checking files in ‘vignettes’ ... OK
* checking examples ... OK
Examples with CPU (user + system) or elapsed time > 5s
                   user system elapsed
automorphisms     7.878  0.253 133.154
aminoacid_dist    4.468  1.361  20.678
AutomorphismList  5.003  0.104   5.881
autZ64            3.020  0.090  45.108
aut3D             2.485  0.192  43.326
autZ125           2.373  0.075  33.369
autZ5             1.787  0.077  42.684
codon_dist_matrix 0.075  0.014  17.530
* checking for unstated dependencies in ‘tests’ ... OK
* checking tests ...
  Running ‘spelling.R’
  Running ‘testthat.R’
 OK
* checking for unstated dependencies in vignettes ... OK
* checking package vignettes ... OK
* checking running R code from vignettes ... SKIPPED
* checking re-building of vignette outputs ... SKIPPED
* checking PDF version of manual ... OK
* DONE

Status: 1 WARNING
See
  ‘/Users/biocbuild/bbs-3.19-bioc/meat/GenomAutomorphism.Rcheck/00check.log’
for details.


Installation output

GenomAutomorphism.Rcheck/00install.out

##############################################################################
##############################################################################
###
### Running command:
###
###   /Library/Frameworks/R.framework/Resources/bin/R CMD INSTALL GenomAutomorphism
###
##############################################################################
##############################################################################


* installing to library ‘/Library/Frameworks/R.framework/Versions/4.4-x86_64/Resources/library’
* installing *source* package ‘GenomAutomorphism’ ...
** using staged installation
** R
** data
** inst
** byte-compile and prepare package for lazy loading
** help
*** installing help indices
*** copying figures
** building package indices
** installing vignettes
** testing if installed package can be loaded from temporary location
** testing if installed package can be loaded from final location
** testing if installed package keeps a record of temporary installation path
* DONE (GenomAutomorphism)

Tests output

GenomAutomorphism.Rcheck/tests/spelling.Rout


R version 4.4.1 (2024-06-14) -- "Race for Your Life"
Copyright (C) 2024 The R Foundation for Statistical Computing
Platform: x86_64-apple-darwin20

R is free software and comes with ABSOLUTELY NO WARRANTY.
You are welcome to redistribute it under certain conditions.
Type 'license()' or 'licence()' for distribution details.

R is a collaborative project with many contributors.
Type 'contributors()' for more information and
'citation()' on how to cite R or R packages in publications.

Type 'demo()' for some demos, 'help()' for on-line help, or
'help.start()' for an HTML browser interface to help.
Type 'q()' to quit R.

> if (requireNamespace("spelling", quietly = TRUE)) {
+     spelling::spell_check_test(
+         vignettes = TRUE, error = FALSE,
+         skip_on_cran = TRUE
+     )
+ }
NULL
> 
> proc.time()
   user  system elapsed 
  0.361   0.119   0.469 

GenomAutomorphism.Rcheck/tests/testthat.Rout


R version 4.4.1 (2024-06-14) -- "Race for Your Life"
Copyright (C) 2024 The R Foundation for Statistical Computing
Platform: x86_64-apple-darwin20

R is free software and comes with ABSOLUTELY NO WARRANTY.
You are welcome to redistribute it under certain conditions.
Type 'license()' or 'licence()' for distribution details.

R is a collaborative project with many contributors.
Type 'contributors()' for more information and
'citation()' on how to cite R or R packages in publications.

Type 'demo()' for some demos, 'help()' for on-line help, or
'help.start()' for an HTML browser interface to help.
Type 'q()' to quit R.

> library(testthat)
> library(GenomAutomorphism)
> 
> test_check("GenomAutomorphism")
[ FAIL 0 | WARN 0 | SKIP 0 | PASS 33 ]
> 
> proc.time()
   user  system elapsed 
 35.456   1.997 153.051 

Example timings

GenomAutomorphism.Rcheck/GenomAutomorphism-Ex.timings

nameusersystemelapsed
AutomorphismByCoef1.0390.0321.164
AutomorphismList5.0030.1045.881
CodonMatrix0.4350.0070.490
CodonSeq0.9530.0481.114
GRangesMatrixSeq0.4430.0470.550
ListCodonMatrix0.6230.0160.697
MatrixSeq0.2210.0090.247
aa_phychem_index0.1690.0230.204
aaindex10.0590.0030.069
aaindex20.0250.0030.031
aaindex30.0160.0030.020
aln0.1560.0060.174
aminoacid_dist 4.468 1.36120.678
as.AutomorphismList1.2650.0991.486
aut3D 2.485 0.19243.326
autZ125 2.373 0.07533.369
autZ5 1.787 0.07742.684
autZ64 3.020 0.09045.108
autby_coef0.6710.0110.744
autm0.1380.0130.170
autm_3d0.2130.0120.274
autm_z1250.1700.0110.248
automorphismByRanges0.2750.0160.356
automorphism_bycoef0.2470.0180.302
automorphisms 7.878 0.253133.154
base2codon0.1280.0200.177
base2int0.0150.0040.022
base_methods0.9500.0651.124
brca1_aln0.1400.0130.161
brca1_aln20.1530.0130.178
brca1_autm0.9160.0341.155
cdm_z640.5861.4402.209
codon_coord1.1910.0211.411
codon_dist0.6680.0210.777
codon_dist_matrix 0.075 0.01417.530
codon_matrix1.4440.0481.808
conserved_regions1.0040.0221.237
covid_aln0.1500.0070.197
covid_autm0.1820.0120.254
cyc_aln0.2220.0100.322
cyc_autm0.3360.0150.448
dna_phyche0.0120.0050.026
dna_phychem0.0050.0030.008
extract-methods1.0990.0311.547
getAutomorphisms0.4640.0300.670
get_coord0.8570.0291.164
get_mutscore0.3840.0160.617
matrices0.8060.0201.044
mod0.0040.0030.007
modeq0.0020.0020.003
modlineq0.0050.0060.014
mut_type0.0040.0020.005
peptide_phychem_index0.2100.0160.293
reexports0.2540.0150.311
seqranges0.9200.0211.306
slapply0.0050.0030.022
sortByChromAndStart0.1550.0040.202
str2chr0.0010.0020.002
str2dig0.0010.0020.003
translation1.0690.0241.424