Back to Multiple platform build/check report for BioC 3.19:   simplified   long
ABCD[E]FGHIJKLMNOPQRSTUVWXYZ

This page was generated on 2024-10-18 20:40 -0400 (Fri, 18 Oct 2024).

HostnameOSArch (*)R versionInstalled pkgs
nebbiolo1Linux (Ubuntu 22.04.3 LTS)x86_644.4.1 (2024-06-14) -- "Race for Your Life" 4763
palomino7Windows Server 2022 Datacenterx644.4.1 (2024-06-14 ucrt) -- "Race for Your Life" 4500
merida1macOS 12.7.5 Montereyx86_644.4.1 (2024-06-14) -- "Race for Your Life" 4530
kjohnson1macOS 13.6.6 Venturaarm644.4.1 (2024-06-14) -- "Race for Your Life" 4480
Click on any hostname to see more info about the system (e.g. compilers)      (*) as reported by 'uname -p', except on Windows and Mac OS X

Package 643/2300HostnameOS / ArchINSTALLBUILDCHECKBUILD BIN
ELMER 2.28.0  (landing page)
Tiago Chedraoui Silva
Snapshot Date: 2024-10-16 14:00 -0400 (Wed, 16 Oct 2024)
git_url: https://git.bioconductor.org/packages/ELMER
git_branch: RELEASE_3_19
git_last_commit: dd7f626
git_last_commit_date: 2024-04-30 10:44:07 -0400 (Tue, 30 Apr 2024)
nebbiolo1Linux (Ubuntu 22.04.3 LTS) / x86_64  OK    OK    OK  UNNEEDED, same version is already published
palomino7Windows Server 2022 Datacenter / x64  OK    OK    OK    OK  UNNEEDED, same version is already published
merida1macOS 12.7.5 Monterey / x86_64  OK    ERROR  skippedskipped
kjohnson1macOS 13.6.6 Ventura / arm64  OK    OK    OK    OK  UNNEEDED, same version is already published


BUILD results for ELMER on merida1

To the developers/maintainers of the ELMER package:
- Allow up to 24 hours (and sometimes 48 hours) for your latest push to git@git.bioconductor.org:packages/ELMER.git to reflect on this report. See Troubleshooting Build Report for more information.
- Use the following Renviron settings to reproduce errors and warnings.
- If 'R CMD check' started to fail recently on the Linux builder(s) over a missing dependency, add the missing dependency to 'Suggests:' in your DESCRIPTION file. See Renviron.bioc for more information.

raw results


Summary

Package: ELMER
Version: 2.28.0
Command: /Library/Frameworks/R.framework/Resources/bin/R CMD build --keep-empty-dirs --no-resave-data ELMER
StartedAt: 2024-10-16 18:56:51 -0400 (Wed, 16 Oct 2024)
EndedAt: 2024-10-16 19:01:30 -0400 (Wed, 16 Oct 2024)
EllapsedTime: 279.3 seconds
RetCode: 1
Status:   ERROR  
PackageFile: None
PackageFileSize: NA

Command output

##############################################################################
##############################################################################
###
### Running command:
###
###   /Library/Frameworks/R.framework/Resources/bin/R CMD build --keep-empty-dirs --no-resave-data ELMER
###
##############################################################################
##############################################################################


* checking for file ‘ELMER/DESCRIPTION’ ... OK
* preparing ‘ELMER’:
* checking DESCRIPTION meta-information ... OK
* installing the package to build vignettes
* creating vignettes ... ERROR
--- re-building ‘analysis_data_input.Rmd’ using rmarkdown

Quitting from lines 64-85 [unnamed-chunk-3] (analysis_data_input.Rmd)
Error: processing vignette 'analysis_data_input.Rmd' failed with diagnostics:
'getURL()' failed:
  URL: https://api.gdc.cancer.gov/cases/?pretty=true&expand=samples,project,diagnoses,diagnoses.treatments,annotations,family_histories,demographic,exposures&size=2&filters=%7B%22op%22:%22or%22,%22content%22:[%7B%22op%22:%22in%22,%22content%22:%7B%22field%22:%22cases.submitter_id%22,%22value%22:["TCGA-43-3394-11A","TCGA-56-8305-01A%22]%7D%7D,%7B%22op%22:%22in%22,%22content%22:%7B%22field%22:%22submitter_sample_ids%22,%22value%22:["TCGA-43-3394-11A","TCGA-56-8305-01A%22]%7D%7D,%7B%22op%22:%22in%22,%22content%22:%7B%22field%22:%22submitter_aliquot_ids%22,%22value%22:["TCGA-43-3394-11A","TCGA-56-8305-01A%22]%7D%7D]%7D
  error: Recv failure: Connection reset by peer
--- failed re-building ‘analysis_data_input.Rmd’

--- re-building ‘analysis_diff_meth.Rmd’ using rmarkdown

Quitting from lines 69-83 [unnamed-chunk-2] (analysis_diff_meth.Rmd)
Error: processing vignette 'analysis_diff_meth.Rmd' failed with diagnostics:
error in evaluating the argument 'x' in selecting a method for function 'get': cannot open the connection
--- failed re-building ‘analysis_diff_meth.Rmd’

--- re-building ‘analysis_get_pair.Rmd’ using rmarkdown

Quitting from lines 109-138 [unnamed-chunk-2] (analysis_get_pair.Rmd)
Error: processing vignette 'analysis_get_pair.Rmd' failed with diagnostics:
error in evaluating the argument 'x' in selecting a method for function 'get': cannot open the connection
--- failed re-building ‘analysis_get_pair.Rmd’

--- re-building ‘analysis_gui.Rmd’ using rmarkdown
--- finished re-building ‘analysis_gui.Rmd’

--- re-building ‘analysis_motif_enrichment.Rmd’ using rmarkdown

Quitting from lines 68-85 [unnamed-chunk-2] (analysis_motif_enrichment.Rmd)
Error: processing vignette 'analysis_motif_enrichment.Rmd' failed with diagnostics:
error in evaluating the argument 'x' in selecting a method for function 'get': cannot open the connection
--- failed re-building ‘analysis_motif_enrichment.Rmd’

--- re-building ‘analysis_regulatory_tf.Rmd’ using rmarkdown

Quitting from lines 87-90 [unnamed-chunk-2] (analysis_regulatory_tf.Rmd)
Error: processing vignette 'analysis_regulatory_tf.Rmd' failed with diagnostics:
error in evaluating the argument 'x' in selecting a method for function 'get': cannot open the connection
--- failed re-building ‘analysis_regulatory_tf.Rmd’

--- re-building ‘index.Rmd’ using rmarkdown
--- finished re-building ‘index.Rmd’

--- re-building ‘input.Rmd’ using rmarkdown

Quitting from lines 133-190 [unnamed-chunk-4] (input.Rmd)
Error: processing vignette 'input.Rmd' failed with diagnostics:
'getURL()' failed:
  URL: https://api.gdc.cancer.gov/cases/?pretty=true&expand=samples,project,diagnoses,diagnoses.treatments,annotations,family_histories,demographic,exposures&size=2&filters=%7B%22op%22:%22or%22,%22content%22:[%7B%22op%22:%22in%22,%22content%22:%7B%22field%22:%22cases.submitter_id%22,%22value%22:["TCGA-43-3394-11A","TCGA-56-8305-01A%22]%7D%7D,%7B%22op%22:%22in%22,%22content%22:%7B%22field%22:%22submitter_sample_ids%22,%22value%22:["TCGA-43-3394-11A","TCGA-56-8305-01A%22]%7D%7D,%7B%22op%22:%22in%22,%22content%22:%7B%22field%22:%22submitter_aliquot_ids%22,%22value%22:["TCGA-43-3394-11A","TCGA-56-8305-01A%22]%7D%7D]%7D
  error: Recv failure: Connection reset by peer
--- failed re-building ‘input.Rmd’

--- re-building ‘pipe.Rmd’ using rmarkdown
--- finished re-building ‘pipe.Rmd’

--- re-building ‘plots_TF.Rmd’ using rmarkdown

Quitting from lines 41-48 [unnamed-chunk-2] (plots_TF.Rmd)
Error: processing vignette 'plots_TF.Rmd' failed with diagnostics:
cannot open the connection
--- failed re-building ‘plots_TF.Rmd’

--- re-building ‘plots_heatmap.Rmd’ using rmarkdown

Quitting from lines 33-35 [unnamed-chunk-2] (plots_heatmap.Rmd)
Error: processing vignette 'plots_heatmap.Rmd' failed with diagnostics:
error in evaluating the argument 'x' in selecting a method for function 'get': cannot open the connection
--- failed re-building ‘plots_heatmap.Rmd’

--- re-building ‘plots_motif_enrichment.Rmd’ using rmarkdown

Quitting from lines 36-40 [unnamed-chunk-2] (plots_motif_enrichment.Rmd)
Error: processing vignette 'plots_motif_enrichment.Rmd' failed with diagnostics:
cannot open the connection
--- failed re-building ‘plots_motif_enrichment.Rmd’

--- re-building ‘plots_scatter.Rmd’ using rmarkdown

Quitting from lines 33-35 [unnamed-chunk-2] (plots_scatter.Rmd)
Error: processing vignette 'plots_scatter.Rmd' failed with diagnostics:
error in evaluating the argument 'x' in selecting a method for function 'get': cannot open the connection
--- failed re-building ‘plots_scatter.Rmd’

--- re-building ‘plots_schematic.Rmd’ using rmarkdown

Quitting from lines 32-35 [unnamed-chunk-2] (plots_schematic.Rmd)
Error: processing vignette 'plots_schematic.Rmd' failed with diagnostics:
error in evaluating the argument 'x' in selecting a method for function 'get': cannot open the connection
--- failed re-building ‘plots_schematic.Rmd’

--- re-building ‘usecase.Rmd’ using rmarkdown
--- finished re-building ‘usecase.Rmd’

SUMMARY: processing the following files failed:
  ‘analysis_data_input.Rmd’ ‘analysis_diff_meth.Rmd’
  ‘analysis_get_pair.Rmd’ ‘analysis_motif_enrichment.Rmd’
  ‘analysis_regulatory_tf.Rmd’ ‘input.Rmd’ ‘plots_TF.Rmd’
  ‘plots_heatmap.Rmd’ ‘plots_motif_enrichment.Rmd’ ‘plots_scatter.Rmd’
  ‘plots_schematic.Rmd’

Error: Vignette re-building failed.
Execution halted