Back to Multiple platform build/check report for BioC 3.19: simplified long |
|
This page was generated on 2024-10-18 20:38 -0400 (Fri, 18 Oct 2024).
Hostname | OS | Arch (*) | R version | Installed pkgs |
---|---|---|---|---|
nebbiolo1 | Linux (Ubuntu 22.04.3 LTS) | x86_64 | 4.4.1 (2024-06-14) -- "Race for Your Life" | 4763 |
palomino7 | Windows Server 2022 Datacenter | x64 | 4.4.1 (2024-06-14 ucrt) -- "Race for Your Life" | 4500 |
merida1 | macOS 12.7.5 Monterey | x86_64 | 4.4.1 (2024-06-14) -- "Race for Your Life" | 4530 |
kjohnson1 | macOS 13.6.6 Ventura | arm64 | 4.4.1 (2024-06-14) -- "Race for Your Life" | 4480 |
Click on any hostname to see more info about the system (e.g. compilers) (*) as reported by 'uname -p', except on Windows and Mac OS X |
Package 549/2300 | Hostname | OS / Arch | INSTALL | BUILD | CHECK | BUILD BIN | ||||||||
DEP 1.26.0 (landing page) Arne Smits
| nebbiolo1 | Linux (Ubuntu 22.04.3 LTS) / x86_64 | OK | OK | WARNINGS | |||||||||
palomino7 | Windows Server 2022 Datacenter / x64 | OK | OK | WARNINGS | OK | |||||||||
merida1 | macOS 12.7.5 Monterey / x86_64 | OK | OK | WARNINGS | OK | |||||||||
kjohnson1 | macOS 13.6.6 Ventura / arm64 | OK | OK | WARNINGS | OK | |||||||||
To the developers/maintainers of the DEP package: - Allow up to 24 hours (and sometimes 48 hours) for your latest push to git@git.bioconductor.org:packages/DEP.git to reflect on this report. See Troubleshooting Build Report for more information. - Use the following Renviron settings to reproduce errors and warnings. - If 'R CMD check' started to fail recently on the Linux builder(s) over a missing dependency, add the missing dependency to 'Suggests:' in your DESCRIPTION file. See Renviron.bioc for more information. |
Package: DEP |
Version: 1.26.0 |
Command: /home/biocbuild/bbs-3.19-bioc/R/bin/R CMD check --install=check:DEP.install-out.txt --library=/home/biocbuild/bbs-3.19-bioc/R/site-library --timings DEP_1.26.0.tar.gz |
StartedAt: 2024-10-16 23:41:31 -0400 (Wed, 16 Oct 2024) |
EndedAt: 2024-10-16 23:50:21 -0400 (Wed, 16 Oct 2024) |
EllapsedTime: 530.0 seconds |
RetCode: 0 |
Status: WARNINGS |
CheckDir: DEP.Rcheck |
Warnings: 1 |
############################################################################## ############################################################################## ### ### Running command: ### ### /home/biocbuild/bbs-3.19-bioc/R/bin/R CMD check --install=check:DEP.install-out.txt --library=/home/biocbuild/bbs-3.19-bioc/R/site-library --timings DEP_1.26.0.tar.gz ### ############################################################################## ############################################################################## * using log directory ‘/home/biocbuild/bbs-3.19-bioc/meat/DEP.Rcheck’ * using R version 4.4.1 (2024-06-14) * using platform: x86_64-pc-linux-gnu * R was compiled by gcc (Ubuntu 11.4.0-1ubuntu1~22.04) 11.4.0 GNU Fortran (Ubuntu 11.4.0-1ubuntu1~22.04) 11.4.0 * running under: Ubuntu 22.04.5 LTS * using session charset: UTF-8 * checking for file ‘DEP/DESCRIPTION’ ... OK * this is package ‘DEP’ version ‘1.26.0’ * package encoding: UTF-8 * checking package namespace information ... OK * checking package dependencies ... OK * checking if this is a source package ... OK * checking if there is a namespace ... OK * checking for hidden files and directories ... OK * checking for portable file names ... OK * checking for sufficient/correct file permissions ... OK * checking whether package ‘DEP’ can be installed ... OK * checking installed package size ... OK * checking package directory ... OK * checking ‘build’ directory ... OK * checking DESCRIPTION meta-information ... OK * checking top-level files ... OK * checking for left-over files ... OK * checking index information ... OK * checking package subdirectories ... OK * checking code files for non-ASCII characters ... OK * checking R files for syntax errors ... OK * checking whether the package can be loaded ... OK * checking whether the package can be loaded with stated dependencies ... OK * checking whether the package can be unloaded cleanly ... OK * checking whether the namespace can be loaded with stated dependencies ... OK * checking whether the namespace can be unloaded cleanly ... OK * checking loading without being on the library search path ... OK * checking whether startup messages can be suppressed ... OK * checking dependencies in R code ... OK * checking S3 generic/method consistency ... OK * checking replacement functions ... OK * checking foreign function calls ... OK * checking R code for possible problems ... OK * checking Rd files ... OK * checking Rd metadata ... OK * checking Rd cross-references ... WARNING Missing link or links in Rd file 'LFQ.Rd': ‘[MSnbase:impute-methods]{impute}’ Missing link or links in Rd file 'TMT.Rd': ‘[MSnbase:impute-methods]{impute}’ Missing link or links in Rd file 'impute.Rd': ‘[MSnbase:impute-methods]{impute}’ Missing link or links in Rd file 'process.Rd': ‘[MSnbase:impute-methods]{impute}’ See section 'Cross-references' in the 'Writing R Extensions' manual. * checking for missing documentation entries ... OK * checking for code/documentation mismatches ... OK * checking Rd \usage sections ... OK * checking Rd contents ... OK * checking for unstated dependencies in examples ... OK * checking contents of ‘data’ directory ... OK * checking data for non-ASCII characters ... OK * checking LazyData ... OK * checking data for ASCII and uncompressed saves ... OK * checking R/sysdata.rda ... OK * checking files in ‘vignettes’ ... OK * checking examples ... OK Examples with CPU (user + system) or elapsed time > 5s user system elapsed impute 54.207 0.511 54.719 * checking for unstated dependencies in ‘tests’ ... OK * checking tests ... Running ‘testthat.R’ OK * checking for unstated dependencies in vignettes ... OK * checking package vignettes ... OK * checking re-building of vignette outputs ... OK * checking PDF version of manual ... OK * DONE Status: 1 WARNING See ‘/home/biocbuild/bbs-3.19-bioc/meat/DEP.Rcheck/00check.log’ for details.
DEP.Rcheck/00install.out
############################################################################## ############################################################################## ### ### Running command: ### ### /home/biocbuild/bbs-3.19-bioc/R/bin/R CMD INSTALL DEP ### ############################################################################## ############################################################################## * installing to library ‘/home/biocbuild/bbs-3.19-bioc/R/site-library’ * installing *source* package ‘DEP’ ... ** using staged installation ** R ** data *** moving datasets to lazyload DB ** inst ** byte-compile and prepare package for lazy loading ** help *** installing help indices ** building package indices ** installing vignettes ** testing if installed package can be loaded from temporary location ** testing if installed package can be loaded from final location ** testing if installed package keeps a record of temporary installation path * DONE (DEP)
DEP.Rcheck/tests/testthat.Rout
R version 4.4.1 (2024-06-14) -- "Race for Your Life" Copyright (C) 2024 The R Foundation for Statistical Computing Platform: x86_64-pc-linux-gnu R is free software and comes with ABSOLUTELY NO WARRANTY. You are welcome to redistribute it under certain conditions. Type 'license()' or 'licence()' for distribution details. R is a collaborative project with many contributors. Type 'contributors()' for more information and 'citation()' on how to cite R or R packages in publications. Type 'demo()' for some demos, 'help()' for on-line help, or 'help.start()' for an HTML browser interface to help. Type 'q()' to quit R. > library(testthat) > library(DEP) > > test_check("DEP") [ FAIL 0 | WARN 15 | SKIP 0 | PASS 333 ] [ FAIL 0 | WARN 15 | SKIP 0 | PASS 333 ] > > proc.time() user system elapsed 52.977 2.197 55.182
DEP.Rcheck/DEP-Ex.timings
name | user | system | elapsed | |
LFQ | 1.967 | 0.112 | 2.079 | |
TMT | 0 | 0 | 0 | |
add_rejections | 0.669 | 0.012 | 0.681 | |
analyze_dep | 1.910 | 0.044 | 1.954 | |
filter_missval | 0.429 | 0.008 | 0.437 | |
filter_proteins | 0.266 | 0.000 | 0.265 | |
get_df_long | 1.647 | 0.068 | 1.716 | |
get_df_wide | 0.632 | 0.004 | 0.637 | |
get_prefix | 0.000 | 0.002 | 0.002 | |
get_results | 0.830 | 0.009 | 0.839 | |
get_suffix | 0.001 | 0.000 | 0.002 | |
import_IsobarQuant | 0 | 0 | 0 | |
import_MaxQuant | 0.049 | 0.012 | 0.061 | |
impute | 54.207 | 0.511 | 54.719 | |
make_se | 0.031 | 0.004 | 0.035 | |
make_se_parse | 0.064 | 0.008 | 0.072 | |
make_unique | 0.016 | 0.000 | 0.016 | |
manual_impute | 0.573 | 0.004 | 0.578 | |
meanSdPlot | 0.519 | 0.052 | 0.572 | |
normalize_vsn | 0.312 | 0.020 | 0.332 | |
plot_all | 1.609 | 0.012 | 1.621 | |
plot_cond | 0.990 | 0.004 | 0.994 | |
plot_cond_freq | 0.808 | 0.000 | 0.808 | |
plot_cond_overlap | 0.804 | 0.000 | 0.804 | |
plot_cor | 1.100 | 0.004 | 1.105 | |
plot_coverage | 0.422 | 0.000 | 0.422 | |
plot_detect | 0.699 | 0.008 | 0.707 | |
plot_dist | 3.271 | 0.003 | 3.275 | |
plot_frequency | 0.356 | 0.000 | 0.356 | |
plot_gsea | 0.619 | 0.003 | 0.622 | |
plot_heatmap | 2.271 | 0.020 | 2.291 | |
plot_imputation | 0.936 | 0.020 | 0.956 | |
plot_missval | 1.451 | 0.016 | 1.467 | |
plot_normalization | 1.189 | 0.000 | 1.189 | |
plot_numbers | 0.436 | 0.004 | 0.440 | |
plot_p_hist | 1.121 | 0.000 | 1.122 | |
plot_pca | 2.388 | 0.128 | 2.516 | |
plot_single | 1.409 | 0.020 | 1.430 | |
plot_volcano | 3.814 | 0.012 | 3.826 | |
process | 1.256 | 0.028 | 1.284 | |
report | 0 | 0 | 0 | |
run_app | 0.001 | 0.000 | 0.000 | |
se2msn | 0.105 | 0.000 | 0.106 | |
test_diff | 0.790 | 0.007 | 0.798 | |
test_gsea | 0.615 | 0.004 | 0.618 | |
theme_DEP1 | 0.409 | 0.012 | 0.421 | |
theme_DEP2 | 0.392 | 0.000 | 0.392 | |