Back to Multiple platform build/check report for BioC 3.19: simplified long |
|
This page was generated on 2024-06-11 14:43 -0400 (Tue, 11 Jun 2024).
Hostname | OS | Arch (*) | R version | Installed pkgs |
---|---|---|---|---|
nebbiolo1 | Linux (Ubuntu 22.04.3 LTS) | x86_64 | 4.4.0 (2024-04-24) -- "Puppy Cup" | 4757 |
palomino3 | Windows Server 2022 Datacenter | x64 | 4.4.0 (2024-04-24 ucrt) -- "Puppy Cup" | 4491 |
lconway | macOS 12.7.1 Monterey | x86_64 | 4.4.0 (2024-04-24) -- "Puppy Cup" | 4522 |
kjohnson3 | macOS 13.6.5 Ventura | arm64 | 4.4.0 (2024-04-24) -- "Puppy Cup" | 4468 |
Click on any hostname to see more info about the system (e.g. compilers) (*) as reported by 'uname -p', except on Windows and Mac OS X |
Package 439/2300 | Hostname | OS / Arch | INSTALL | BUILD | CHECK | BUILD BIN | ||||||||
Remy Nicolle
| nebbiolo1 | Linux (Ubuntu 22.04.3 LTS) / x86_64 | OK | OK | ERROR | |||||||||
palomino3 | Windows Server 2022 Datacenter / x64 | OK | OK | WARNINGS | OK | ![]() | ||||||||
lconway | macOS 12.7.1 Monterey / x86_64 | OK | OK | WARNINGS | OK | ![]() | ||||||||
kjohnson3 | macOS 13.6.5 Ventura / arm64 | OK | OK | WARNINGS | OK | ![]() | ||||||||
To the developers/maintainers of the CoRegNet package: - Allow up to 24 hours (and sometimes 48 hours) for your latest push to git@git.bioconductor.org:packages/CoRegNet.git to reflect on this report. See Troubleshooting Build Report for more information. - Use the following Renviron settings to reproduce errors and warnings. - If 'R CMD check' started to fail recently on the Linux builder(s) over a missing dependency, add the missing dependency to 'Suggests:' in your DESCRIPTION file. See Renviron.bioc for more information. |
Package: CoRegNet |
Version: 1.42.0 |
Command: /Library/Frameworks/R.framework/Resources/bin/R CMD check --install=check:CoRegNet.install-out.txt --library=/Library/Frameworks/R.framework/Resources/library --no-vignettes --timings CoRegNet_1.42.0.tar.gz |
StartedAt: 2024-06-10 11:46:03 -0400 (Mon, 10 Jun 2024) |
EndedAt: 2024-06-10 11:49:32 -0400 (Mon, 10 Jun 2024) |
EllapsedTime: 209.8 seconds |
RetCode: 0 |
Status: WARNINGS |
CheckDir: CoRegNet.Rcheck |
Warnings: 1 |
############################################################################## ############################################################################## ### ### Running command: ### ### /Library/Frameworks/R.framework/Resources/bin/R CMD check --install=check:CoRegNet.install-out.txt --library=/Library/Frameworks/R.framework/Resources/library --no-vignettes --timings CoRegNet_1.42.0.tar.gz ### ############################################################################## ############################################################################## * using log directory ‘/Users/biocbuild/bbs-3.19-bioc/meat/CoRegNet.Rcheck’ * using R version 4.4.0 (2024-04-24) * using platform: aarch64-apple-darwin20 * R was compiled by Apple clang version 14.0.0 (clang-1400.0.29.202) GNU Fortran (GCC) 12.2.0 * running under: macOS Ventura 13.6.5 * using session charset: UTF-8 * using option ‘--no-vignettes’ * checking for file ‘CoRegNet/DESCRIPTION’ ... OK * checking extension type ... Package * this is package ‘CoRegNet’ version ‘1.42.0’ * checking package namespace information ... OK * checking package dependencies ... OK * checking if this is a source package ... OK * checking if there is a namespace ... OK * checking for hidden files and directories ... OK * checking for portable file names ... OK * checking for sufficient/correct file permissions ... OK * checking whether package ‘CoRegNet’ can be installed ... OK * used C compiler: ‘Apple clang version 15.0.0 (clang-1500.1.0.2.5)’ * used SDK: ‘MacOSX11.3.sdk’ * checking installed package size ... OK * checking package directory ... OK * checking ‘build’ directory ... OK * checking DESCRIPTION meta-information ... OK * checking top-level files ... OK * checking for left-over files ... OK * checking index information ... OK * checking package subdirectories ... OK * checking code files for non-ASCII characters ... OK * checking R files for syntax errors ... OK * checking whether the package can be loaded ... OK * checking whether the package can be loaded with stated dependencies ... OK * checking whether the package can be unloaded cleanly ... OK * checking whether the namespace can be loaded with stated dependencies ... OK * checking whether the namespace can be unloaded cleanly ... OK * checking whether startup messages can be suppressed ... OK * checking dependencies in R code ... NOTE 'library' or 'require' calls in package code: ‘RColorBrewer’ ‘gplots’ Please use :: or requireNamespace() instead. See section 'Suggested packages' in the 'Writing R Extensions' manual. * checking S3 generic/method consistency ... OK * checking replacement functions ... OK * checking foreign function calls ... OK * checking R code for possible problems ... NOTE .descriptionUpdate: no visible global function definition for ‘vcount’ .descriptionUpdate: no visible global function definition for ‘fisher.test’ .distfun: no visible global function definition for ‘as.dist’ .distfun: no visible global function definition for ‘cor’ .fitGRN : <anonymous>: no visible global function definition for ‘lm’ .fitGRN : <anonymous>: no visible global function definition for ‘coef’ .fitGRN: no visible global function definition for ‘cor’ .fitGRN: no visible global function definition for ‘lm’ .fitGRN: no visible global function definition for ‘coef’ .hclustfun: no visible global function definition for ‘hclust’ .heatplot: no visible global function definition for ‘rainbow’ .heatplot : distf: no visible global function definition for ‘as.dist’ .heatplot : distf: no visible global function definition for ‘cor’ .heatplot : hclustf: no visible global function definition for ‘hclust’ .heatplot: no visible global function definition for ‘colorRampPalette’ .heatplot: no visible global function definition for ‘heatmap.2’ .heatplot: no visible global function definition for ‘quantile’ .tfPlot: no visible global function definition for ‘colorRampPalette’ .tfPlot: no visible global function definition for ‘rainbow’ .tfPlot: no visible global function definition for ‘par’ .tfPlot: no visible global function definition for ‘mtext’ .tfPlot: no visible global function definition for ‘quantile’ .traits : <anonymous>: no visible global function definition for ‘lines’ .traits: no visible global function definition for ‘abline’ automaticParameters: no visible global function definition for ‘quantile’ automaticParameters : <anonymous>: no visible global function definition for ‘pnorm’ automaticParameters: no visible global function definition for ‘abline’ automaticParameters: no visible global function definition for ‘sd’ coregnet : <anonymous>: no visible global function definition for ‘cor’ coregnet: no visible global function definition for ‘cor’ directedNetworkEnrichment: no visible global function definition for ‘fisher.test’ discretizeExpressionData: no visible global function definition for ‘sd’ fishersMethod: no visible global function definition for ‘pchisq’ legendPlot: no visible global function definition for ‘par’ legendPlot: no visible global function definition for ‘colorRampPalette’ legendPlot: no visible global function definition for ‘axis’ legendPlot: no visible global function definition for ‘rainbow’ list.enriched: no visible global function definition for ‘wilcox.test’ networkLegendPlot: no visible global function definition for ‘par’ networkLegendPlot: no visible global function definition for ‘symbols’ networkLegendPlot: no visible global function definition for ‘text’ networkLegendPlot: no visible global function definition for ‘rainbow’ networkLegendPlot: no visible global function definition for ‘segments’ networkLegendPlot: no visible global function definition for ‘arrows’ reactiveAdjacencyMatrix : <anonymous>: no visible global function definition for ‘rainbow’ set.overlap: no visible global function definition for ‘fisher.test’ undirectedNetworkEnrichment: no visible global function definition for ‘fisher.test’ updateData : <anonymous> : <anonymous>: no visible global function definition for ‘t.test’ activators,coregnet: no visible global function definition for ‘na.omit’ coregulators,coregnet: no visible global function definition for ‘p.adjust’ coregulators,coregnet : <anonymous>: no visible global function definition for ‘fisher.test’ refine,coregnet: no visible global function definition for ‘glm’ refine,coregnet: no visible global function definition for ‘abline’ regulatorInfluence,coregnet : <anonymous> : <anonymous>: no visible global function definition for ‘t.test’ regulators,coregnet: no visible global function definition for ‘na.omit’ repressors,coregnet: no visible global function definition for ‘na.omit’ targets,coregnet: no visible global function definition for ‘na.omit’ Undefined global functions or variables: abline arrows as.dist axis coef colorRampPalette cor fisher.test glm hclust heatmap.2 lines lm mtext na.omit p.adjust par pchisq pnorm quantile rainbow sd segments symbols t.test text vcount wilcox.test Consider adding importFrom("grDevices", "colorRampPalette", "rainbow") importFrom("graphics", "abline", "arrows", "axis", "lines", "mtext", "par", "segments", "symbols", "text") importFrom("stats", "as.dist", "coef", "cor", "fisher.test", "glm", "hclust", "lm", "na.omit", "p.adjust", "pchisq", "pnorm", "quantile", "sd", "t.test", "wilcox.test") to your NAMESPACE file. * checking Rd files ... NOTE checkRd: (-1) discretizeExpressionData.Rd:73: Lost braces; missing escapes or markup? 73 | A matrix of integers with the same number of rows and the same number of column as the input numericalExpression. Values in the output matrix are in {-1,0,1}. | ^ checkRd: (-1) hLICORN.Rd:32: Lost braces; missing escapes or markup? 32 | optional. Should be in exactly the same format as \code{numericalExpression} (dimensions, colnames and rownames) and should contain value only in {-1,0,1} with -1 for under-expressed, 0 for no change and 1 for over expressed. For default value see details. | ^ * checking Rd metadata ... NOTE Invalid package aliases in Rd file 'coRegnet-package.Rd': ‘coRegnet-package’ * checking Rd cross-references ... OK * checking for missing documentation entries ... OK * checking for code/documentation mismatches ... OK * checking Rd \usage sections ... OK * checking Rd contents ... OK * checking for unstated dependencies in examples ... OK * checking contents of ‘data’ directory ... OK * checking data for non-ASCII characters ... OK * checking data for ASCII and uncompressed saves ... OK * checking line endings in C/C++/Fortran sources/headers ... OK * checking compiled code ... NOTE Note: information on .o files is not available * checking files in ‘vignettes’ ... OK * checking examples ... OK Examples with CPU (user + system) or elapsed time > 5s user system elapsed hLICORN 43.915 1.725 38.081 masterRegulator 19.507 0.600 16.361 * checking for unstated dependencies in ‘tests’ ... WARNING '::' or ':::' import not declared from: ‘BiocGenerics’ * checking tests ... Running ‘runTests.R’ OK * checking for unstated dependencies in vignettes ... OK * checking package vignettes ... OK * checking running R code from vignettes ... SKIPPED * checking re-building of vignette outputs ... SKIPPED * checking PDF version of manual ... OK * DONE Status: 1 WARNING, 5 NOTEs See ‘/Users/biocbuild/bbs-3.19-bioc/meat/CoRegNet.Rcheck/00check.log’ for details.
CoRegNet.Rcheck/00install.out
############################################################################## ############################################################################## ### ### Running command: ### ### /Library/Frameworks/R.framework/Resources/bin/R CMD INSTALL CoRegNet ### ############################################################################## ############################################################################## * installing to library ‘/Library/Frameworks/R.framework/Versions/4.4-arm64/Resources/library’ * installing *source* package ‘CoRegNet’ ... ** using staged installation ** libs using C compiler: ‘Apple clang version 15.0.0 (clang-1500.1.0.2.5)’ using SDK: ‘MacOSX11.3.sdk’ clang -arch arm64 -I"/Library/Frameworks/R.framework/Resources/include" -DNDEBUG -I/opt/R/arm64/include -fPIC -falign-functions=64 -Wall -g -O2 -c comblicorn.c -o comblicorn.o clang -arch arm64 -dynamiclib -Wl,-headerpad_max_install_names -undefined dynamic_lookup -L/Library/Frameworks/R.framework/Resources/lib -L/opt/R/arm64/lib -o CoRegNet.so comblicorn.o -F/Library/Frameworks/R.framework/.. -framework R -Wl,-framework -Wl,CoreFoundation installing to /Library/Frameworks/R.framework/Versions/4.4-arm64/Resources/library/00LOCK-CoRegNet/00new/CoRegNet/libs ** R ** data ** inst ** byte-compile and prepare package for lazy loading ** help *** installing help indices ** building package indices ** installing vignettes ** testing if installed package can be loaded from temporary location Warning in fun(libname, pkgname) : Package 'CoRegNet' is deprecated and will be removed from Bioconductor version 3.20 ** checking absolute paths in shared objects and dynamic libraries ** testing if installed package can be loaded from final location Warning in fun(libname, pkgname) : Package 'CoRegNet' is deprecated and will be removed from Bioconductor version 3.20 ** testing if installed package keeps a record of temporary installation path * DONE (CoRegNet)
CoRegNet.Rcheck/tests/runTests.Rout
R version 4.4.0 (2024-04-24) -- "Puppy Cup" Copyright (C) 2024 The R Foundation for Statistical Computing Platform: aarch64-apple-darwin20 R is free software and comes with ABSOLUTELY NO WARRANTY. You are welcome to redistribute it under certain conditions. Type 'license()' or 'licence()' for distribution details. R is a collaborative project with many contributors. Type 'contributors()' for more information and 'citation()' on how to cite R or R packages in publications. Type 'demo()' for some demos, 'help()' for on-line help, or 'help.start()' for an HTML browser interface to help. Type 'q()' to quit R. > require(CoRegNet) || stop("unable to load CoRegNet package") Loading required package: CoRegNet Loading required package: igraph Attaching package: 'igraph' The following objects are masked from 'package:stats': decompose, spectrum The following object is masked from 'package:base': union Loading required package: shiny Loading required package: arules Loading required package: Matrix Attaching package: 'arules' The following objects are masked from 'package:base': abbreviate, write [1] TRUE Warning message: In fun(libname, pkgname) : Package 'CoRegNet' is deprecated and will be removed from Bioconductor version 3.20 > BiocGenerics:::testPackage('CoRegNet') Attaching package: 'RUnit' The following object is masked from 'package:arules': inspect evidence1 was integrated into the network. [1] "coregevidence1" [1] "coregevidence1 was integrated into the network." evidence1 was integrated into the network. [1] "coregevidence1" [1] "coregevidence1 was integrated into the network." RUNIT TEST PROTOCOL -- Mon Jun 10 11:49:15 2024 *********************************************** Number of test functions: 8 Number of errors: 0 Number of failures: 0 1 Test Suite : CoRegNet RUnit Tests - 8 test functions, 0 errors, 0 failures Number of test functions: 8 Number of errors: 0 Number of failures: 0 Warning messages: 1: In hLICORN(ex, TFlist = LETTERS[1:5]) : Expression data should be in a matrix or data frame with genes in rows and samples in column. 2: In hLICORN(ex, TFlist = LETTERS[1:5], parallel = "no") : Expression data should be in a matrix or data frame with genes in rows and samples in column. > > proc.time() user system elapsed 6.981 1.946 11.625
CoRegNet.Rcheck/CoRegNet-Ex.timings
name | user | system | elapsed | |
HumanDataExamples | 0.023 | 0.009 | 0.038 | |
HumanTF | 0.007 | 0.005 | 0.018 | |
addEvidences | 0.300 | 0.311 | 0.847 | |
coregnet | 0.058 | 0.125 | 0.241 | |
coregulators | 0.093 | 0.128 | 0.289 | |
discretizeExpressionData | 0.043 | 0.016 | 0.081 | |
display | 0.237 | 0.265 | 0.539 | |
hLICORN | 43.915 | 1.725 | 38.081 | |
masterRegulator | 19.507 | 0.600 | 16.361 | |
refine | 0.402 | 0.572 | 1.324 | |
regulatorInfluence | 0.049 | 0.127 | 0.516 | |
regulators | 0.051 | 0.123 | 0.239 | |
summary | 0.035 | 0.090 | 0.174 | |