Back to Mac ARM64 build report for BioC 3.17 |
|
This page was generated on 2023-10-20 09:37:58 -0400 (Fri, 20 Oct 2023).
Hostname | OS | Arch (*) | R version | Installed pkgs |
---|---|---|---|---|
kjohnson2 | macOS 12.6.1 Monterey | arm64 | 4.3.1 (2023-06-16) -- "Beagle Scouts" | 4347 |
Click on any hostname to see more info about the system (e.g. compilers) (*) as reported by 'uname -p', except on Windows and Mac OS X |
Package 176/2230 | Hostname | OS / Arch | INSTALL | BUILD | CHECK | BUILD BIN | ||||||||
BiocGenerics 0.46.0 (landing page) Hervé Pagès
| kjohnson2 | macOS 12.6.1 Monterey / arm64 | OK | OK | WARNINGS | OK | ![]() | |||||||
To the developers/maintainers of the BiocGenerics package: - Use the following Renviron settings to reproduce errors and warnings. - If 'R CMD check' started to fail recently on the Linux builder(s) over a missing dependency, add the missing dependency to 'Suggests:' in your DESCRIPTION file. See Renviron.bioc for more information. |
Package: BiocGenerics |
Version: 0.46.0 |
Command: /Library/Frameworks/R.framework/Resources/bin/R CMD check --install=check:BiocGenerics.install-out.txt --library=/Library/Frameworks/R.framework/Resources/library --no-vignettes --timings BiocGenerics_0.46.0.tar.gz |
StartedAt: 2023-10-17 05:24:26 -0400 (Tue, 17 Oct 2023) |
EndedAt: 2023-10-17 05:26:02 -0400 (Tue, 17 Oct 2023) |
EllapsedTime: 95.3 seconds |
RetCode: 0 |
Status: WARNINGS |
CheckDir: BiocGenerics.Rcheck |
Warnings: 1 |
############################################################################## ############################################################################## ### ### Running command: ### ### /Library/Frameworks/R.framework/Resources/bin/R CMD check --install=check:BiocGenerics.install-out.txt --library=/Library/Frameworks/R.framework/Resources/library --no-vignettes --timings BiocGenerics_0.46.0.tar.gz ### ############################################################################## ############################################################################## * using log directory ‘/Users/biocbuild/bbs-3.17-bioc-mac-arm64/meat/BiocGenerics.Rcheck’ * using R version 4.3.1 (2023-06-16) * using platform: aarch64-apple-darwin20 (64-bit) * R was compiled by Apple clang version 14.0.0 (clang-1400.0.29.202) GNU Fortran (GCC) 12.2.0 * running under: macOS Monterey 12.6.7 * using session charset: UTF-8 * using option ‘--no-vignettes’ * checking for file ‘BiocGenerics/DESCRIPTION’ ... OK * this is package ‘BiocGenerics’ version ‘0.46.0’ * package encoding: UTF-8 * checking package namespace information ... OK * checking package dependencies ... OK * checking if this is a source package ... OK * checking if there is a namespace ... OK * checking for hidden files and directories ... OK * checking for portable file names ... OK * checking for sufficient/correct file permissions ... OK * checking whether package ‘BiocGenerics’ can be installed ... OK * checking installed package size ... OK * checking package directory ... OK * checking DESCRIPTION meta-information ... NOTE Packages listed in more than one of Depends, Imports, Suggests, Enhances: ‘methods’ ‘utils’ ‘graphics’ ‘stats’ A package should be listed in only one of these fields. * checking top-level files ... OK * checking for left-over files ... OK * checking index information ... OK * checking package subdirectories ... OK * checking R files for non-ASCII characters ... OK * checking R files for syntax errors ... OK * checking whether the package can be loaded ... OK * checking whether the package can be loaded with stated dependencies ... OK * checking whether the package can be unloaded cleanly ... OK * checking whether the namespace can be loaded with stated dependencies ... OK * checking whether the namespace can be unloaded cleanly ... OK * checking dependencies in R code ... NOTE 'library' or 'require' call to ‘RUnit’ in package code. Please use :: or requireNamespace() instead. See section 'Suggested packages' in the 'Writing R Extensions' manual. * checking S3 generic/method consistency ... OK * checking replacement functions ... OK * checking foreign function calls ... OK * checking R code for possible problems ... OK * checking Rd files ... OK * checking Rd metadata ... OK * checking Rd cross-references ... WARNING Missing link or links in documentation object 'as.data.frame.Rd': ‘[IRanges]{as.data.frame,IntegerRanges-method}’ Missing link or links in documentation object 'order.Rd': ‘[IRanges]{order,IntegerRanges-method}’ Missing link or links in documentation object 'type.Rd': ‘[DelayedArray]{type,ANY-method}’ See section 'Cross-references' in the 'Writing R Extensions' manual. * checking for missing documentation entries ... OK * checking for code/documentation mismatches ... OK * checking Rd \usage sections ... OK * checking Rd contents ... OK * checking for unstated dependencies in examples ... OK * checking examples ... OK Examples with CPU (user + system) or elapsed time > 5s user system elapsed plotMA 7.328 0.298 11.184 Ontology 4.065 0.190 6.089 fileName 3.330 0.133 5.151 * checking for unstated dependencies in ‘tests’ ... OK * checking tests ... Running ‘run_unitTests.R’ OK * checking PDF version of manual ... OK * DONE Status: 1 WARNING, 2 NOTEs See ‘/Users/biocbuild/bbs-3.17-bioc-mac-arm64/meat/BiocGenerics.Rcheck/00check.log’ for details.
BiocGenerics.Rcheck/00install.out
############################################################################## ############################################################################## ### ### Running command: ### ### /Library/Frameworks/R.framework/Resources/bin/R CMD INSTALL BiocGenerics ### ############################################################################## ############################################################################## * installing to library ‘/Library/Frameworks/R.framework/Versions/4.3-arm64/Resources/library’ * installing *source* package ‘BiocGenerics’ ... ** using staged installation ** R ** inst ** byte-compile and prepare package for lazy loading Creating a new generic function for ‘aperm’ in package ‘BiocGenerics’ Creating a new generic function for ‘append’ in package ‘BiocGenerics’ Creating a new generic function for ‘as.data.frame’ in package ‘BiocGenerics’ Creating a new generic function for ‘cbind’ in package ‘BiocGenerics’ Creating a new generic function for ‘rbind’ in package ‘BiocGenerics’ Creating a new generic function for ‘do.call’ in package ‘BiocGenerics’ Creating a new generic function for ‘duplicated’ in package ‘BiocGenerics’ Creating a new generic function for ‘anyDuplicated’ in package ‘BiocGenerics’ Creating a new generic function for ‘eval’ in package ‘BiocGenerics’ Creating a new generic function for ‘pmax’ in package ‘BiocGenerics’ Creating a new generic function for ‘pmin’ in package ‘BiocGenerics’ Creating a new generic function for ‘pmax.int’ in package ‘BiocGenerics’ Creating a new generic function for ‘pmin.int’ in package ‘BiocGenerics’ Creating a new generic function for ‘Reduce’ in package ‘BiocGenerics’ Creating a new generic function for ‘Filter’ in package ‘BiocGenerics’ Creating a new generic function for ‘Find’ in package ‘BiocGenerics’ Creating a new generic function for ‘Map’ in package ‘BiocGenerics’ Creating a new generic function for ‘Position’ in package ‘BiocGenerics’ Creating a new generic function for ‘get’ in package ‘BiocGenerics’ Creating a new generic function for ‘mget’ in package ‘BiocGenerics’ Creating a new generic function for ‘grep’ in package ‘BiocGenerics’ Creating a new generic function for ‘grepl’ in package ‘BiocGenerics’ Creating a new generic function for ‘is.unsorted’ in package ‘BiocGenerics’ Creating a new generic function for ‘lapply’ in package ‘BiocGenerics’ Creating a new generic function for ‘sapply’ in package ‘BiocGenerics’ Creating a new generic function for ‘mapply’ in package ‘BiocGenerics’ Creating a new generic function for ‘match’ in package ‘BiocGenerics’ Creating a new generic function for ‘order’ in package ‘BiocGenerics’ Creating a new generic function for ‘paste’ in package ‘BiocGenerics’ Creating a new generic function for ‘rank’ in package ‘BiocGenerics’ Creating a new generic function for ‘rownames’ in package ‘BiocGenerics’ Creating a new generic function for ‘colnames’ in package ‘BiocGenerics’ Creating a new generic function for ‘union’ in package ‘BiocGenerics’ Creating a new generic function for ‘intersect’ in package ‘BiocGenerics’ Creating a new generic function for ‘setdiff’ in package ‘BiocGenerics’ Creating a new generic function for ‘sort’ in package ‘BiocGenerics’ Creating a new generic function for ‘table’ in package ‘BiocGenerics’ Creating a new generic function for ‘tapply’ in package ‘BiocGenerics’ Creating a new generic function for ‘unique’ in package ‘BiocGenerics’ Creating a new generic function for ‘unsplit’ in package ‘BiocGenerics’ Creating a new generic function for ‘var’ in package ‘BiocGenerics’ Creating a new generic function for ‘sd’ in package ‘BiocGenerics’ Creating a new generic function for ‘which.min’ in package ‘BiocGenerics’ Creating a new generic function for ‘which.max’ in package ‘BiocGenerics’ Creating a new generic function for ‘IQR’ in package ‘BiocGenerics’ Creating a new generic function for ‘mad’ in package ‘BiocGenerics’ Creating a new generic function for ‘xtabs’ in package ‘BiocGenerics’ Creating a new generic function for ‘basename’ in package ‘BiocGenerics’ Creating a new generic function for ‘dirname’ in package ‘BiocGenerics’ ** help *** installing help indices ** building package indices ** testing if installed package can be loaded from temporary location ** testing if installed package can be loaded from final location ** testing if installed package keeps a record of temporary installation path * DONE (BiocGenerics)
BiocGenerics.Rcheck/tests/run_unitTests.Rout
R version 4.3.1 (2023-06-16) -- "Beagle Scouts" Copyright (C) 2023 The R Foundation for Statistical Computing Platform: aarch64-apple-darwin20 (64-bit) R is free software and comes with ABSOLUTELY NO WARRANTY. You are welcome to redistribute it under certain conditions. Type 'license()' or 'licence()' for distribution details. R is a collaborative project with many contributors. Type 'contributors()' for more information and 'citation()' on how to cite R or R packages in publications. Type 'demo()' for some demos, 'help()' for on-line help, or 'help.start()' for an HTML browser interface to help. Type 'q()' to quit R. > require("BiocGenerics") || stop("unable to load BiocGenerics package") Loading required package: BiocGenerics Attaching package: 'BiocGenerics' The following objects are masked from 'package:stats': IQR, mad, sd, var, xtabs The following objects are masked from 'package:base': Filter, Find, Map, Position, Reduce, anyDuplicated, aperm, append, as.data.frame, basename, cbind, colnames, dirname, do.call, duplicated, eval, evalq, get, grep, grepl, intersect, is.unsorted, lapply, mapply, match, mget, order, paste, pmax, pmax.int, pmin, pmin.int, rank, rbind, rownames, sapply, setdiff, sort, table, tapply, union, unique, unsplit, which.max, which.min [1] TRUE > BiocGenerics:::.test() Loading required package: S4Vectors Loading required package: stats4 Attaching package: 'S4Vectors' The following object is masked from 'package:utils': findMatches The following objects are masked from 'package:base': I, expand.grid, unname RUNIT TEST PROTOCOL -- Tue Oct 17 05:25:37 2023 *********************************************** Number of test functions: 25 Number of errors: 0 Number of failures: 0 1 Test Suite : BiocGenerics RUnit Tests - 25 test functions, 0 errors, 0 failures Number of test functions: 25 Number of errors: 0 Number of failures: 0 > > proc.time() user system elapsed 2.416 0.162 3.798
BiocGenerics.Rcheck/BiocGenerics-Ex.timings
name | user | system | elapsed | |
BiocGenerics-package | 0.001 | 0.002 | 0.001 | |
Extremes | 0.008 | 0.002 | 0.015 | |
IQR | 0.002 | 0.000 | 0.002 | |
Ontology | 4.065 | 0.190 | 6.089 | |
annotation | 0.020 | 0.002 | 0.028 | |
aperm | 0.003 | 0.000 | 0.004 | |
append | 0.002 | 0.001 | 0.003 | |
as.data.frame | 0.003 | 0.001 | 0.005 | |
as.list | 0.041 | 0.004 | 0.060 | |
as.vector | 0.003 | 0.001 | 0.007 | |
boxplot | 0.144 | 0.013 | 0.217 | |
cbind | 0.041 | 0.003 | 0.058 | |
combine | 0.059 | 0.007 | 0.091 | |
dbconn | 0.097 | 0.011 | 0.150 | |
density | 0.001 | 0.000 | 0.004 | |
dims | 0.056 | 0.005 | 0.088 | |
do.call | 0.002 | 0.001 | 0.003 | |
duplicated | 0.005 | 0.001 | 0.005 | |
eval | 0.002 | 0.001 | 0.005 | |
evalq | 0 | 0 | 0 | |
fileName | 3.330 | 0.133 | 5.151 | |
format | 0.003 | 0.000 | 0.003 | |
funprog | 0.009 | 0.002 | 0.016 | |
get | 0.004 | 0.001 | 0.006 | |
grep | 0.002 | 0.000 | 0.009 | |
image | 0.045 | 0.003 | 0.074 | |
is.unsorted | 0.002 | 0.001 | 0.003 | |
lapply | 0.005 | 0.002 | 0.010 | |
mad | 0.002 | 0.001 | 0.005 | |
mapply | 0.002 | 0.000 | 0.003 | |
match | 0.006 | 0.001 | 0.009 | |
mean | 0.002 | 0.000 | 0.005 | |
normalize | 0.044 | 0.004 | 0.074 | |
nrow | 0.009 | 0.003 | 0.017 | |
order | 0.004 | 0.001 | 0.008 | |
organism_species | 0.250 | 0.023 | 0.423 | |
paste | 0.005 | 0.001 | 0.009 | |
path | 0.031 | 0.006 | 0.058 | |
plotMA | 7.328 | 0.298 | 11.184 | |
plotPCA | 3.354 | 0.061 | 4.584 | |
rank | 0.016 | 0.001 | 0.022 | |
relist | 0.003 | 0.001 | 0.005 | |
rep | 0.003 | 0.001 | 0.006 | |
residuals | 0.002 | 0.001 | 0.003 | |
row_colnames | 0.013 | 0.002 | 0.024 | |
score | 0.124 | 0.009 | 0.178 | |
sets | 0.010 | 0.002 | 0.017 | |
sort | 0.004 | 0.000 | 0.006 | |
start | 0.093 | 0.008 | 0.134 | |
strand | 0.130 | 0.010 | 0.206 | |
subset | 0.049 | 0.003 | 0.081 | |
t | 0.004 | 0.001 | 0.008 | |
table | 0.003 | 0.001 | 0.005 | |
tapply | 0.003 | 0.001 | 0.005 | |
testPackage | 0.428 | 0.018 | 0.650 | |
toTable | 0.119 | 0.009 | 0.184 | |
type | 0.304 | 0.026 | 0.477 | |
unique | 0.003 | 0.000 | 0.008 | |
unlist | 0.004 | 0.001 | 0.005 | |
unsplit | 0.002 | 0.001 | 0.007 | |
updateObject | 0.238 | 0.012 | 0.378 | |
var | 0.002 | 0.000 | 0.005 | |
weights | 0.002 | 0.000 | 0.004 | |
which | 0.216 | 0.014 | 0.355 | |
which.min | 0.078 | 0.006 | 0.125 | |
xtabs | 0.048 | 0.003 | 0.081 | |