Back to Multiple platform build/check report for BioC 3.17: simplified long |
|
This page was generated on 2023-10-14 11:37:00 -0400 (Sat, 14 Oct 2023).
Hostname | OS | Arch (*) | R version | Installed pkgs |
---|---|---|---|---|
nebbiolo1 | Linux (Ubuntu 22.04.2 LTS) | x86_64 | 4.3.1 (2023-06-16) -- "Beagle Scouts" | 4626 |
palomino3 | Windows Server 2022 Datacenter | x64 | 4.3.1 (2023-06-16 ucrt) -- "Beagle Scouts" | 4379 |
merida1 | macOS 12.6.4 Monterey | x86_64 | 4.3.1 (2023-06-16) -- "Beagle Scouts" | 4395 |
Click on any hostname to see more info about the system (e.g. compilers) (*) as reported by 'uname -p', except on Windows and Mac OS X |
Package 769/2230 | Hostname | OS / Arch | INSTALL | BUILD | CHECK | BUILD BIN | ||||||||
gemma.R 1.2.0 (landing page) Ogan Mancarci
| nebbiolo1 | Linux (Ubuntu 22.04.2 LTS) / x86_64 | OK | OK | ERROR | |||||||||
palomino3 | Windows Server 2022 Datacenter / x64 | OK | OK | ERROR | OK | |||||||||
merida1 | macOS 12.6.4 Monterey / x86_64 | OK | OK | ERROR | OK | |||||||||
kjohnson2 | macOS 12.6.1 Monterey / arm64 | see weekly results here | ||||||||||||
To the developers/maintainers of the gemma.R package: - Allow up to 24 hours (and sometimes 48 hours) for your latest push to git@git.bioconductor.org:packages/gemma.R.git to reflect on this report. See Troubleshooting Build Report for more information. - Use the following Renviron settings to reproduce errors and warnings. - If 'R CMD check' started to fail recently on the Linux builder(s) over a missing dependency, add the missing dependency to 'Suggests:' in your DESCRIPTION file. See Renviron.bioc for more information. |
Package: gemma.R |
Version: 1.2.0 |
Command: /Library/Frameworks/R.framework/Resources/bin/R CMD check --install=check:gemma.R.install-out.txt --library=/Library/Frameworks/R.framework/Resources/library --no-vignettes --timings gemma.R_1.2.0.tar.gz |
StartedAt: 2023-10-14 01:52:04 -0400 (Sat, 14 Oct 2023) |
EndedAt: 2023-10-14 01:55:36 -0400 (Sat, 14 Oct 2023) |
EllapsedTime: 211.5 seconds |
RetCode: 1 |
Status: ERROR |
CheckDir: gemma.R.Rcheck |
Warnings: NA |
############################################################################## ############################################################################## ### ### Running command: ### ### /Library/Frameworks/R.framework/Resources/bin/R CMD check --install=check:gemma.R.install-out.txt --library=/Library/Frameworks/R.framework/Resources/library --no-vignettes --timings gemma.R_1.2.0.tar.gz ### ############################################################################## ############################################################################## * using log directory ‘/Users/biocbuild/bbs-3.17-bioc/meat/gemma.R.Rcheck’ * using R version 4.3.1 (2023-06-16) * using platform: x86_64-apple-darwin20 (64-bit) * R was compiled by Apple clang version 14.0.3 (clang-1403.0.22.14.1) GNU Fortran (GCC) 12.2.0 * running under: macOS Monterey 12.6.4 * using session charset: UTF-8 * using option ‘--no-vignettes’ * checking for file ‘gemma.R/DESCRIPTION’ ... OK * this is package ‘gemma.R’ version ‘1.2.0’ * package encoding: UTF-8 * checking package namespace information ... OK * checking package dependencies ... OK * checking if this is a source package ... OK * checking if there is a namespace ... OK * checking for hidden files and directories ... OK * checking for portable file names ... OK * checking for sufficient/correct file permissions ... OK * checking whether package ‘gemma.R’ can be installed ... OK * checking installed package size ... OK * checking package directory ... OK * checking ‘build’ directory ... OK * checking DESCRIPTION meta-information ... OK * checking top-level files ... OK * checking for left-over files ... OK * checking index information ... OK * checking package subdirectories ... OK * checking R files for non-ASCII characters ... OK * checking R files for syntax errors ... OK * checking whether the package can be loaded ... OK * checking whether the package can be loaded with stated dependencies ... OK * checking whether the package can be unloaded cleanly ... OK * checking whether the namespace can be loaded with stated dependencies ... OK * checking whether the namespace can be unloaded cleanly ... OK * checking dependencies in R code ... OK * checking S3 generic/method consistency ... OK * checking replacement functions ... OK * checking foreign function calls ... OK * checking R code for possible problems ... NOTE get_dataset_object : <anonymous>: no visible binding for global variable ‘contrast.id’ get_dataset_object : <anonymous>: no visible global function definition for ‘mutate’ Undefined global functions or variables: contrast.id mutate * checking Rd files ... OK * checking Rd metadata ... OK * checking Rd cross-references ... OK * checking for missing documentation entries ... OK * checking for code/documentation mismatches ... OK * checking Rd \usage sections ... OK * checking Rd contents ... OK * checking for unstated dependencies in examples ... OK * checking files in ‘vignettes’ ... OK * checking examples ... ERROR Running examples in ‘gemma.R-Ex.R’ failed The error most likely occurred in: > base::assign(".ptime", proc.time(), pos = "CheckExEnv") > ### Name: get_dataset_differential_expression_analyses > ### Title: Retrieve the differential analyses of a dataset > ### Aliases: get_dataset_differential_expression_analyses > ### Keywords: dataset > > ### ** Examples > > result <- get_dataset_differential_expression_analyses("GSE2018") > get_differential_expression_values(resultSet = result$result.ID) Error in if (is.na(dataset) == TRUE && is.na(resultSet) == FALSE) { : missing value where TRUE/FALSE needed Calls: get_differential_expression_values Execution halted * checking for unstated dependencies in ‘tests’ ... OK * checking tests ... Running ‘testthat.R’ ERROR Running the tests in ‘tests/testthat.R’ failed. Last 13 lines of output: 1. ├─testthat::expect_gt(nrow(dat[[1]]), 10) at testConvenience.R:54:4 2. │ └─testthat::quasi_label(enquo(object), label, arg = "object") 3. │ └─rlang::eval_bare(expr, quo_get_env(quo)) 4. └─base::nrow(dat[[1]]) ── Error ('testGeneEndpoints.R:46:5'): getGeneGO queries work ────────────────── Error in `eval(code, test_env)`: object 'term.Name' not found Backtrace: ▆ 1. └─testthat::expect_equal(...) at testGeneEndpoints.R:46:4 2. └─testthat::quasi_label(enquo(object), label, arg = "object") 3. └─rlang::eval_bare(expr, quo_get_env(quo)) [ FAIL 4 | WARN 6 | SKIP 4 | PASS 112 ] Error: Test failures Execution halted * checking for unstated dependencies in vignettes ... OK * checking package vignettes in ‘inst/doc’ ... OK * checking running R code from vignettes ... SKIPPED * checking re-building of vignette outputs ... SKIPPED * checking PDF version of manual ... OK * DONE Status: 2 ERRORs, 1 NOTE See ‘/Users/biocbuild/bbs-3.17-bioc/meat/gemma.R.Rcheck/00check.log’ for details.
gemma.R.Rcheck/00install.out
############################################################################## ############################################################################## ### ### Running command: ### ### /Library/Frameworks/R.framework/Resources/bin/R CMD INSTALL gemma.R ### ############################################################################## ############################################################################## * installing to library ‘/Library/Frameworks/R.framework/Versions/4.3-x86_64/Resources/library’ * installing *source* package ‘gemma.R’ ... ** using staged installation ** R ** inst ** byte-compile and prepare package for lazy loading ** help *** installing help indices *** copying figures ** building package indices ** installing vignettes ** testing if installed package can be loaded from temporary location ** testing if installed package can be loaded from final location ** testing if installed package keeps a record of temporary installation path * DONE (gemma.R)
gemma.R.Rcheck/tests/testthat.Rout.fail
R version 4.3.1 (2023-06-16) -- "Beagle Scouts" Copyright (C) 2023 The R Foundation for Statistical Computing Platform: x86_64-apple-darwin20 (64-bit) R is free software and comes with ABSOLUTELY NO WARRANTY. You are welcome to redistribute it under certain conditions. Type 'license()' or 'licence()' for distribution details. R is a collaborative project with many contributors. Type 'contributors()' for more information and 'citation()' on how to cite R or R packages in publications. Type 'demo()' for some demos, 'help()' for on-line help, or 'help.start()' for an HTML browser interface to help. Type 'q()' to quit R. > library(testthat) > library(dplyr) Attaching package: 'dplyr' The following object is masked from 'package:testthat': matches The following objects are masked from 'package:stats': filter, lag The following objects are masked from 'package:base': intersect, setdiff, setequal, union > > # Prevent certificate issues for GitHub actions > options(gemma.SSL = FALSE) > # get gemma api path if it's set in the environment > options(gemma.API = Sys.getenv('API_PATH','https://gemma.msl.ubc.ca/rest/v2/')) > print(gemma.R:::gemmaPath()) [1] "https://gemma.msl.ubc.ca/rest/v2/" > test_check("gemma.R") Loading required package: gemma.R [ FAIL 4 | WARN 6 | SKIP 4 | PASS 112 ] ══ Skipped tests (4) ═══════════════════════════════════════════════════════════ • On Bioconductor (4): 'testCaches.R:37:3', 'testConvenience.R:14:5', 'testConvenience.R:36:5', 'testDatasetEndpoints.R:78:5' ══ Failed tests ════════════════════════════════════════════════════════════════ ── Failure ('testConvenience.R:3:5'): getPlatformAnnotation queries work ─────── colnames(dat) not equal to c(...). target is NULL, current is character ── Failure ('testConvenience.R:4:5'): getPlatformAnnotation queries work ─────── nrow(dat) == 0 is not FALSE `actual`: `expected`: FALSE ── Error ('testConvenience.R:54:5'): getDatasetDE works properly ─────────────── <subscriptOutOfBoundsError/error/condition> Error in `dat[[1]]`: subscript out of bounds Backtrace: ▆ 1. ├─testthat::expect_gt(nrow(dat[[1]]), 10) at testConvenience.R:54:4 2. │ └─testthat::quasi_label(enquo(object), label, arg = "object") 3. │ └─rlang::eval_bare(expr, quo_get_env(quo)) 4. └─base::nrow(dat[[1]]) ── Error ('testGeneEndpoints.R:46:5'): getGeneGO queries work ────────────────── Error in `eval(code, test_env)`: object 'term.Name' not found Backtrace: ▆ 1. └─testthat::expect_equal(...) at testGeneEndpoints.R:46:4 2. └─testthat::quasi_label(enquo(object), label, arg = "object") 3. └─rlang::eval_bare(expr, quo_get_env(quo)) [ FAIL 4 | WARN 6 | SKIP 4 | PASS 112 ] Error: Test failures Execution halted
gemma.R.Rcheck/gemma.R-Ex.timings
name | user | system | elapsed | |
forget_gemma_memoised | 0.041 | 0.020 | 0.080 | |
gemma_call | 0.265 | 0.075 | 7.380 | |
get_dataset_annotations | 0.087 | 0.002 | 0.183 | |
get_dataset_design | 0.781 | 0.069 | 1.279 | |