Back to Multiple platform build/check report for BioC 3.17
ABC[D]EFGHIJKLMNOPQRSTUVWXYZ

This page was generated on 2022-11-09 13:20:29 -0500 (Wed, 09 Nov 2022).

HostnameOSArch (*)R versionInstalled pkgs
nebbiolo1Linux (Ubuntu 20.04.5 LTS)x86_64R Under development (unstable) (2022-10-25 r83175) -- "Unsuffered Consequences" 4449
merida1macOS 10.14.6 Mojavex86_644.2.2 (2022-10-31) -- "Innocent and Trusting" 3992
Click on any hostname to see more info about the system (e.g. compilers)      (*) as reported by 'uname -p', except on Windows and Mac OS X

CHECK results for deco on merida1


To the developers/maintainers of the deco package:
- Please allow up to 24 hours (and sometimes 48 hours) for your latest push to git@git.bioconductor.org:packages/deco.git to
reflect on this report. See How and When does the builder pull? When will my changes propagate? for more information.
- Make sure to use the following settings in order to reproduce any error or warning you see on this page.

raw results

Package 478/2151HostnameOS / ArchINSTALLBUILDCHECKBUILD BIN
deco 1.15.0  (landing page)
Francisco Jose Campos Laborie
Snapshot Date: 2022-11-08 13:55:08 -0500 (Tue, 08 Nov 2022)
git_url: https://git.bioconductor.org/packages/deco
git_branch: master
git_last_commit: c90c294
git_last_commit_date: 2022-11-01 11:19:01 -0500 (Tue, 01 Nov 2022)
nebbiolo1Linux (Ubuntu 20.04.5 LTS) / x86_64  OK    ERROR  skipped
merida1macOS 10.14.6 Mojave / x86_64  OK    OK    ERROR    OK  

Summary

Package: deco
Version: 1.15.0
Command: /Library/Frameworks/R.framework/Resources/bin/R CMD check --install=check:deco.install-out.txt --library=/Library/Frameworks/R.framework/Resources/library --no-vignettes --timings deco_1.15.0.tar.gz
StartedAt: 2022-11-09 02:04:02 -0500 (Wed, 09 Nov 2022)
EndedAt: 2022-11-09 02:04:10 -0500 (Wed, 09 Nov 2022)
EllapsedTime: 8.0 seconds
RetCode: 1
Status:   ERROR  
CheckDir: deco.Rcheck
Warnings: NA

Command output

##############################################################################
##############################################################################
###
### Running command:
###
###   /Library/Frameworks/R.framework/Resources/bin/R CMD check --install=check:deco.install-out.txt --library=/Library/Frameworks/R.framework/Resources/library --no-vignettes --timings deco_1.15.0.tar.gz
###
##############################################################################
##############################################################################


* using log directory ‘/Users/biocbuild/bbs-3.17-bioc/meat/deco.Rcheck’
* using R version 4.2.2 (2022-10-31)
* using platform: x86_64-apple-darwin17.0 (64-bit)
* using session charset: UTF-8
* using option ‘--no-vignettes’
* checking for file ‘deco/DESCRIPTION’ ... OK
* checking extension type ... Package
* this is package ‘deco’ version ‘1.15.0’
* checking package namespace information ... OK
* checking package dependencies ... ERROR
Package suggested but not available: ‘curatedTCGAData’

The suggested packages are required for a complete check.
Checking can be attempted without them by setting the environment
variable _R_CHECK_FORCE_SUGGESTS_ to a false value.

See section ‘The DESCRIPTION file’ in the ‘Writing R Extensions’
manual.
* DONE

Status: 1 ERROR
See
  ‘/Users/biocbuild/bbs-3.17-bioc/meat/deco.Rcheck/00check.log’
for details.


Installation output


Tests output


Example timings