Back to Multiple platform build/check report for BioC 3.15 |
|
This page was generated on 2022-03-18 11:07:38 -0400 (Fri, 18 Mar 2022).
Hostname | OS | Arch (*) | R version | Installed pkgs |
---|---|---|---|---|
nebbiolo1 | Linux (Ubuntu 20.04.4 LTS) | x86_64 | R Under development (unstable) (2022-02-17 r81757) -- "Unsuffered Consequences" | 4334 |
riesling1 | Windows Server 2019 Standard | x64 | R Under development (unstable) (2021-11-21 r81221) -- "Unsuffered Consequences" | 4097 |
palomino3 | Windows Server 2022 Datacenter | x64 | R Under development (unstable) (2022-02-17 r81757 ucrt) -- "Unsuffered Consequences" | 4083 |
merida1 | macOS 10.14.6 Mojave | x86_64 | R Under development (unstable) (2022-03-02 r81842) -- "Unsuffered Consequences" | 4134 |
Click on any hostname to see more info about the system (e.g. compilers) (*) as reported by 'uname -p', except on Windows and Mac OS X |
To the developers/maintainers of the ggbio package: - Please allow up to 24 hours (and sometimes 48 hours) for your latest push to git@git.bioconductor.org:packages/ggbio.git to reflect on this report. See How and When does the builder pull? When will my changes propagate? here for more information. - Make sure to use the following settings in order to reproduce any error or warning you see on this page. |
Package 777/2090 | Hostname | OS / Arch | INSTALL | BUILD | CHECK | BUILD BIN | ||||||||
ggbio 1.43.0 (landing page) Michael Lawrence
| nebbiolo1 | Linux (Ubuntu 20.04.4 LTS) / x86_64 | OK | OK | WARNINGS | ![]() | ||||||||
riesling1 | Windows Server 2019 Standard / x64 | OK | OK | WARNINGS | OK | |||||||||
palomino3 | Windows Server 2022 Datacenter / x64 | OK | OK | WARNINGS | OK | ![]() | ||||||||
merida1 | macOS 10.14.6 Mojave / x86_64 | OK | OK | WARNINGS | OK | ![]() | ||||||||
Package: ggbio |
Version: 1.43.0 |
Command: D:\biocbuild\bbs-3.15-bioc\R\bin\R.exe CMD check --no-multiarch --install=check:ggbio.install-out.txt --library=D:\biocbuild\bbs-3.15-bioc\R\library --no-vignettes --timings ggbio_1.43.0.tar.gz |
StartedAt: 2022-03-17 19:12:11 -0400 (Thu, 17 Mar 2022) |
EndedAt: 2022-03-17 19:20:47 -0400 (Thu, 17 Mar 2022) |
EllapsedTime: 516.4 seconds |
RetCode: 0 |
Status: WARNINGS |
CheckDir: ggbio.Rcheck |
Warnings: 2 |
############################################################################## ############################################################################## ### ### Running command: ### ### D:\biocbuild\bbs-3.15-bioc\R\bin\R.exe CMD check --no-multiarch --install=check:ggbio.install-out.txt --library=D:\biocbuild\bbs-3.15-bioc\R\library --no-vignettes --timings ggbio_1.43.0.tar.gz ### ############################################################################## ############################################################################## * using log directory 'D:/biocbuild/bbs-3.15-bioc/meat/ggbio.Rcheck' * using R Under development (unstable) (2021-11-21 r81221) * using platform: x86_64-w64-mingw32 (64-bit) * using session charset: ISO8859-1 * using option '--no-vignettes' * checking for file 'ggbio/DESCRIPTION' ... OK * this is package 'ggbio' version '1.43.0' * checking package namespace information ... OK * checking package dependencies ... OK * checking if this is a source package ... OK * checking if there is a namespace ... OK * checking for hidden files and directories ... OK * checking for portable file names ... OK * checking whether package 'ggbio' can be installed ... OK * checking installed package size ... OK * checking package directory ... OK * checking 'build' directory ... OK * checking DESCRIPTION meta-information ... OK * checking top-level files ... OK * checking for left-over files ... OK * checking index information ... OK * checking package subdirectories ... OK * checking R files for non-ASCII characters ... OK * checking R files for syntax errors ... OK * checking whether the package can be loaded ... OK * checking whether the package can be loaded with stated dependencies ... OK * checking whether the package can be unloaded cleanly ... OK * checking whether the namespace can be loaded with stated dependencies ... OK * checking whether the namespace can be unloaded cleanly ... OK * checking dependencies in R code ... NOTE ':::' call which should be '::': 'ggplot2:::set_last_plot' See the note in ?`:::` about the use of this operator. Unexported objects imported by ':::' calls: 'S4Vectors:::top_prenv' 'ggplot2:::add_ggplot' 'ggplot2:::cunion' 'ggplot2:::rescale01' See the note in ?`:::` about the use of this operator. * checking S3 generic/method consistency ... OK * checking replacement functions ... OK * checking foreign function calls ... OK * checking R code for possible problems ... NOTE .combineNames: no visible binding for global variable '.layout_circle.stats' Ideogram: no visible global function definition for 'data' Ideogram: no visible binding for global variable 'ideoCyto' getNR: no visible global function definition for 'se' getNR: no visible global function definition for 'indexProbesProcessed' getNR: no visible global function definition for 'coefs' scale_x_sequnit: no visible binding for global variable '.x' autoplot,ExpressionSet: no visible binding for global variable 'variable' autoplot,RangedSummarizedExperiment: no visible binding for global variable 'variable' autoplot,VCF: no visible binding for global variable 'stepping' autoplot,VCF: no visible binding for global variable 'value' autoplot,VRanges: no visible binding for global variable 'midpoint' autoplot,Views: no visible binding for global variable 'x' autoplot,Views: no visible binding for global variable 'value' geom_alignment,BamFile: no visible binding for global variable 'fl' geom_alignment,BamFile: no visible binding for global variable 'stepping' height,GGbio: no visible binding for global variable 'mt' height,Tracked: no visible binding for global variable 'mt' height,gg: no visible binding for global variable 'mt' layout_karyogram,GRanges: no visible binding for global variable 'gieStain' layout_karyogram,GRanges: no visible binding for global variable 'x' layout_karyogram,GRanges: no visible binding for global variable 'xend' layout_karyogram,GRanges: no visible binding for global variable 'y2' layout_karyogram,GRanges: no visible binding for global variable 'yend2' layout_karyogram,GRanges: no visible binding for global variable 'name' plotFragLength,character-GRanges: no visible binding for global variable '.fragLength' plotSpliceSum,character-EnsDb: possible error in GRangesFilter(which, condition = "overlapping"): unused argument (condition = "overlapping") stat_mismatch,GRanges: no visible binding for global variable 'sts' stat_mismatch,GRanges: no visible binding for global variable 'eds' stat_mismatch,GRanges: no visible binding for global variable 'read' Undefined global functions or variables: .fragLength .layout_circle.stats .x coefs data eds fl gieStain ideoCyto indexProbesProcessed midpoint mt name read se stepping sts value variable x xend y2 yend2 Consider adding importFrom("utils", "data") to your NAMESPACE file. * checking Rd files ... OK * checking Rd metadata ... OK * checking Rd cross-references ... OK * checking for missing documentation entries ... WARNING Undocumented S4 methods: generic '+' and siglist 'Tracks,ANY' generic '+' and siglist 'Tracks,Tracks' generic '+' and siglist 'Tracks,cartesian' generic '+' and siglist 'Tracks,position_c' generic '+' and siglist 'Tracks,theme' generic '+' and siglist 'Tracks,zoom' All user-level objects in a package (including S4 classes and methods) should have documentation entries. See chapter 'Writing R documentation files' in the 'Writing R Extensions' manual. * checking for code/documentation mismatches ... WARNING Codoc mismatches from documentation object 'geom_alignment': \S4method{geom_alignment}{GRanges} Code: function(data, ..., xlab, ylab, main, facets = NULL, stat = c("stepping", "identity"), range.geom = c("rect", "arrowrect"), gap.geom = c("chevron", "arrow", "segment"), rect.height = NULL, group.selfish = TRUE) Docs: function(data, ..., xlab, ylab, main, facets = NULL, stat = c("stepping", "identity"), range.geom = c("rect", "arrowrect"), gap.geom = c("chevron", "arrow", "segment"), rect.height = NULL, group.selfish = TRUE, label = TRUE) Argument names in docs not in code: label Codoc mismatches from documentation object 'ggsave': ggsave Code: function(filename, plot = last_plot(), device = NULL, path = NULL, scale = 1, width = NA, height = NA, units = c("in", "cm", "mm"), dpi = 300, limitsize = TRUE, ...) Docs: function(filename, plot = last_plot(), device = default_device(filename), path = NULL, scale = 1, width = par("din")[1], height = par("din")[2], units = c("in", "cm", "mm"), dpi = 300, limitsize = TRUE, ...) Mismatches in argument default values: Name: 'device' Code: NULL Docs: default_device(filename) Name: 'width' Code: NA Docs: par("din")[1] Name: 'height' Code: NA Docs: par("din")[2] * checking Rd \usage sections ... OK * checking Rd contents ... OK * checking for unstated dependencies in examples ... OK * checking line endings in Makefiles ... OK * checking for GNU extensions in Makefiles ... OK * checking include directives in Makefiles ... OK * checking files in 'vignettes' ... OK * checking examples ... OK Examples with CPU (user + system) or elapsed time > 5s user system elapsed autoplot-method 65.47 2.29 72.39 geom_alignment-method 28.42 1.60 33.35 layout_karyogram-method 24.55 0.16 34.19 tracks 17.51 0.05 17.56 plotRangesLinkedToData 10.68 0.27 14.50 plotGrandLinear 6.32 0.15 8.20 stat_reduce-method 5.89 0.37 6.27 stat_aggregate-method 6.15 0.03 9.71 ggplot-method 5.01 0.21 5.22 stat_bin-method 5.12 0.03 6.04 scale_fill_giemsa 3.97 0.00 5.73 * checking for unstated dependencies in 'tests' ... OK * checking tests ... Running 'test-all.R' OK * checking for unstated dependencies in vignettes ... OK * checking package vignettes in 'inst/doc' ... OK * checking running R code from vignettes ... SKIPPED * checking re-building of vignette outputs ... SKIPPED * checking PDF version of manual ... OK * DONE Status: 2 WARNINGs, 2 NOTEs See 'D:/biocbuild/bbs-3.15-bioc/meat/ggbio.Rcheck/00check.log' for details.
ggbio.Rcheck/00install.out
############################################################################## ############################################################################## ### ### Running command: ### ### D:\biocbuild\bbs-3.15-bioc\R\bin\R.exe CMD INSTALL ggbio ### ############################################################################## ############################################################################## * installing to library 'D:/biocbuild/bbs-3.15-bioc/R/library' * installing *source* package 'ggbio' ... ** using staged installation ** R ** inst ** byte-compile and prepare package for lazy loading Creating a new generic function for 'rescale' in package 'ggbio' Creating a new generic function for 'xlim' in package 'ggbio' Creating a new generic function for 'geom_rect' in package 'ggbio' Creating a new generic function for 'geom_segment' in package 'ggbio' Creating a new generic function for 'geom_bar' in package 'ggbio' Creating a new generic function for 'stat_identity' in package 'ggbio' Creating a new generic function for 'stat_bin' in package 'ggbio' ** help *** installing help indices converting help for package 'ggbio' finding HTML links ... done Grob-class html Plot-class html Tracked-class html arrangeGrobByParsingLegend html autoplot-method html finding level-2 HTML links ... done geom_alignment-method html geom_arch-method html geom_arrow-method html geom_arrowrect-method html geom_bar-method html geom_chevron-method html geom_rect-method html geom_segment-method html ggbio-class html REDIRECT:topic Previous alias or file overwritten by alias: D:/biocbuild/bbs-3.15-bioc/R/library/00LOCK-ggbio/00new/ggbio/help/GGbio.html REDIRECT:topic Previous alias or file overwritten by alias: D:/biocbuild/bbs-3.15-bioc/R/library/00LOCK-ggbio/00new/ggbio/help/ggbio-class.html ggplot-method html ggsave html layout_circle-method html layout_karyogram-method html nav html plotFragLength html plotGrandLinear html plotRangesLinkedToData html plotSingleChrom html plotSpliceSum html plotStackedOverview html rescale-method html scale_fill_fold_change html scale_fill_giemsa html scale_x_sequnit html stat_aggregate-method html stat_bin-method html stat_coverage-method html stat_gene-method html stat_identity-method html stat_mismatch-method html stat_reduce-method html stat_slice-method html stat_stepping-method html stat_table-method html theme html tracks html ** building package indices ** installing vignettes ** testing if installed package can be loaded from temporary location ** testing if installed package can be loaded from final location ** testing if installed package keeps a record of temporary installation path * DONE (ggbio) Making 'packages.html' ... done
ggbio.Rcheck/tests/test-all.Rout
R Under development (unstable) (2021-11-21 r81221) -- "Unsuffered Consequences" Copyright (C) 2021 The R Foundation for Statistical Computing Platform: x86_64-w64-mingw32/x64 (64-bit) R is free software and comes with ABSOLUTELY NO WARRANTY. You are welcome to redistribute it under certain conditions. Type 'license()' or 'licence()' for distribution details. R is a collaborative project with many contributors. Type 'contributors()' for more information and 'citation()' on how to cite R or R packages in publications. Type 'demo()' for some demos, 'help()' for on-line help, or 'help.start()' for an HTML browser interface to help. Type 'q()' to quit R. > library(testthat) > test_check("ggbio") Loading required package: ggbio Loading required package: BiocGenerics Attaching package: 'BiocGenerics' The following objects are masked from 'package:stats': IQR, mad, sd, var, xtabs The following objects are masked from 'package:base': Filter, Find, Map, Position, Reduce, anyDuplicated, append, as.data.frame, basename, cbind, colnames, dirname, do.call, duplicated, eval, evalq, get, grep, grepl, intersect, is.unsorted, lapply, mapply, match, mget, order, paste, pmax, pmax.int, pmin, pmin.int, rank, rbind, rownames, sapply, setdiff, sort, table, tapply, union, unique, unsplit, which.max, which.min Loading required package: ggplot2 Need specific help about ggbio? try mailing the maintainer or visit https://lawremi.github.io/ggbio/ Attaching package: 'ggbio' The following objects are masked from 'package:ggplot2': geom_bar, geom_rect, geom_segment, ggsave, stat_bin, stat_identity, xlim [ FAIL 0 | WARN 0 | SKIP 0 | PASS 0 ] > > proc.time() user system elapsed 11.35 1.28 12.62
ggbio.Rcheck/ggbio-Ex.timings
name | user | system | elapsed | |
arrangeGrobByParsingLegend | 1.67 | 0.08 | 1.75 | |
autoplot-method | 65.47 | 2.29 | 72.39 | |
geom_alignment-method | 28.42 | 1.60 | 33.35 | |
geom_arch-method | 0.99 | 0.05 | 1.03 | |
geom_arrow-method | 3.42 | 0.00 | 3.42 | |
geom_arrowrect-method | 2.29 | 0.00 | 2.30 | |
geom_bar-method | 0.96 | 0.03 | 0.98 | |
geom_chevron-method | 2.92 | 0.04 | 2.97 | |
geom_rect-method | 2.03 | 0.00 | 2.03 | |
geom_segment-method | 2.19 | 0.00 | 2.19 | |
ggbio-class | 0 | 0 | 0 | |
ggplot-method | 5.01 | 0.21 | 5.22 | |
layout_circle-method | 3.91 | 0.01 | 4.01 | |
layout_karyogram-method | 24.55 | 0.16 | 34.19 | |
plotFragLength | 0 | 0 | 0 | |
plotGrandLinear | 6.32 | 0.15 | 8.20 | |
plotRangesLinkedToData | 10.68 | 0.27 | 14.50 | |
plotSingleChrom | 0 | 0 | 0 | |
plotSpliceSum | 0 | 0 | 0 | |
plotStackedOverview | 0.00 | 0.02 | 0.02 | |
rescale-method | 0.10 | 0.00 | 0.13 | |
scale_fill_fold_change | 0.43 | 0.00 | 0.45 | |
scale_fill_giemsa | 3.97 | 0.00 | 5.73 | |
scale_x_sequnit | 0.31 | 0.00 | 0.37 | |
stat_aggregate-method | 6.15 | 0.03 | 9.71 | |
stat_bin-method | 5.12 | 0.03 | 6.04 | |
stat_coverage-method | 2.34 | 0.05 | 3.16 | |
stat_gene-method | 0 | 0 | 0 | |
stat_identity-method | 2.28 | 0.00 | 3.23 | |
stat_reduce-method | 5.89 | 0.37 | 6.27 | |
stat_slice-method | 2.64 | 0.02 | 2.65 | |
stat_stepping-method | 2.08 | 0.00 | 2.08 | |
stat_table-method | 1.34 | 0.04 | 1.39 | |
theme | 1.32 | 0.00 | 1.38 | |
tracks | 17.51 | 0.05 | 17.56 | |