Back to Multiple platform build/check report for BioC 3.15 |
|
This page was generated on 2022-10-19 13:23:00 -0400 (Wed, 19 Oct 2022).
Hostname | OS | Arch (*) | R version | Installed pkgs |
---|---|---|---|---|
nebbiolo1 | Linux (Ubuntu 20.04.5 LTS) | x86_64 | 4.2.1 (2022-06-23) -- "Funny-Looking Kid" | 4386 |
palomino3 | Windows Server 2022 Datacenter | x64 | 4.2.1 (2022-06-23 ucrt) -- "Funny-Looking Kid" | 4138 |
merida1 | macOS 10.14.6 Mojave | x86_64 | 4.2.1 (2022-06-23) -- "Funny-Looking Kid" | 4205 |
Click on any hostname to see more info about the system (e.g. compilers) (*) as reported by 'uname -p', except on Windows and Mac OS X |
To the developers/maintainers of the geneXtendeR package: - Please allow up to 24 hours (and sometimes 48 hours) for your latest push to git@git.bioconductor.org:packages/geneXtendeR.git to reflect on this report. See How and When does the builder pull? When will my changes propagate? for more information. - Make sure to use the following settings in order to reproduce any error or warning you see on this page. |
Package 761/2140 | Hostname | OS / Arch | INSTALL | BUILD | CHECK | BUILD BIN | ||||||||
geneXtendeR 1.22.0 (landing page) Bohdan Khomtchouk
| nebbiolo1 | Linux (Ubuntu 20.04.5 LTS) / x86_64 | OK | OK | WARNINGS | ![]() | ||||||||
palomino3 | Windows Server 2022 Datacenter / x64 | OK | OK | WARNINGS | OK | ![]() | ||||||||
merida1 | macOS 10.14.6 Mojave / x86_64 | OK | OK | WARNINGS | OK | ![]() | ||||||||
Package: geneXtendeR |
Version: 1.22.0 |
Command: /Library/Frameworks/R.framework/Resources/bin/R CMD check --install=check:geneXtendeR.install-out.txt --library=/Library/Frameworks/R.framework/Resources/library --no-vignettes --timings geneXtendeR_1.22.0.tar.gz |
StartedAt: 2022-10-19 02:46:49 -0400 (Wed, 19 Oct 2022) |
EndedAt: 2022-10-19 03:05:53 -0400 (Wed, 19 Oct 2022) |
EllapsedTime: 1144.2 seconds |
RetCode: 0 |
Status: WARNINGS |
CheckDir: geneXtendeR.Rcheck |
Warnings: 1 |
############################################################################## ############################################################################## ### ### Running command: ### ### /Library/Frameworks/R.framework/Resources/bin/R CMD check --install=check:geneXtendeR.install-out.txt --library=/Library/Frameworks/R.framework/Resources/library --no-vignettes --timings geneXtendeR_1.22.0.tar.gz ### ############################################################################## ############################################################################## * using log directory ‘/Users/biocbuild/bbs-3.15-bioc/meat/geneXtendeR.Rcheck’ * using R version 4.2.1 (2022-06-23) * using platform: x86_64-apple-darwin17.0 (64-bit) * using session charset: UTF-8 * using option ‘--no-vignettes’ * checking for file ‘geneXtendeR/DESCRIPTION’ ... OK * checking extension type ... Package * this is package ‘geneXtendeR’ version ‘1.22.0’ * package encoding: UTF-8 * checking package namespace information ... OK * checking package dependencies ... OK * checking if this is a source package ... OK * checking if there is a namespace ... OK * checking for hidden files and directories ... OK * checking for portable file names ... OK * checking for sufficient/correct file permissions ... OK * checking whether package ‘geneXtendeR’ can be installed ... OK * checking installed package size ... NOTE installed size is 11.4Mb sub-directories of 1Mb or more: data 5.8Mb doc 1.9Mb extdata 3.5Mb * checking package directory ... OK * checking DESCRIPTION meta-information ... NOTE Package listed in more than one of Depends, Imports, Suggests, Enhances: ‘rtracklayer’ A package should be listed in only one of these fields. * checking top-level files ... OK * checking for left-over files ... OK * checking index information ... OK * checking package subdirectories ... OK * checking R files for non-ASCII characters ... OK * checking R files for syntax errors ... OK * checking whether the package can be loaded ... OK * checking whether the package can be loaded with stated dependencies ... OK * checking whether the package can be unloaded cleanly ... OK * checking whether the namespace can be loaded with stated dependencies ... OK * checking whether the namespace can be unloaded cleanly ... OK * checking dependencies in R code ... NOTE Namespaces in Imports field not imported from: ‘BiocStyle’ ‘SnowballC’ ‘org.Rn.eg.db’ All declared Imports should be used. * checking S3 generic/method consistency ... OK * checking replacement functions ... OK * checking foreign function calls ... OK * checking R code for possible problems ... NOTE .geneXtender: no visible binding for global variable ‘type’ .geneXtender: no visible binding for global variable ‘seqid’ .geneXtender: no visible binding for global variable ‘gene_id’ .geneXtender: no visible binding for global variable ‘gene_name’ annotate_n: no visible binding for global variable ‘..I’ annotate_n: no visible binding for global variable ‘seqid’ diffGO: no visible binding for global variable ‘rat’ gene_annotate: no visible global function definition for ‘.’ gene_annotate: no visible binding for global variable ‘Distance-of-Gene-to-Nearest-Peak’ gene_annotate: no visible global function definition for ‘sd’ gene_annotate: no visible binding for global variable ‘Chromosome’ gene_annotate: no visible binding for global variable ‘Gene-Start’ gene_annotate: no visible binding for global variable ‘Gene-End’ gene_annotate: no visible binding for global variable ‘Gene-ID’ gene_annotate: no visible binding for global variable ‘Gene-Name’ gene_annotate: no visible binding for global variable ‘Peaks-on-Gene-Body’ gene_annotate: no visible binding for global variable ‘Number-of-Peaks-Associated-with-Gene’ gene_lookup: no visible binding for global variable ‘gene_name_id’ gene_lookup: no visible binding for global variable ‘gene_id’ gene_lookup : internal_find: no visible binding for global variable ‘Chromosome’ gene_lookup : internal_find: no visible binding for global variable ‘distance’ gene_lookup : internal_find: no visible global function definition for ‘na.omit’ gene_lookup: no visible binding for global variable ‘..I’ gene_lookup: no visible binding for global variable ‘distance’ makeWordCloud: no visible binding for global variable ‘rat’ meanPeakLength: no visible binding for global variable ‘rat’ peaksInput: no visible binding for global variable ‘chr’ peaksInput: no visible global function definition for ‘na.omit’ peaksMerge: no visible binding for global variable ‘chr’ peaksMerge: no visible binding for global variable ‘g’ peaksMerge: no visible global function definition for ‘.’ plotWordFreq : geneXtender: no visible binding for global variable ‘type’ plotWordFreq : geneXtender: no visible binding for global variable ‘seqid’ plotWordFreq : geneXtender: no visible binding for global variable ‘gene_id’ plotWordFreq : geneXtender: no visible binding for global variable ‘gene_name’ Undefined global functions or variables: . ..I Chromosome Distance-of-Gene-to-Nearest-Peak Gene-End Gene-ID Gene-Name Gene-Start Number-of-Peaks-Associated-with-Gene Peaks-on-Gene-Body chr distance g gene_id gene_name gene_name_id na.omit rat sd seqid type Consider adding importFrom("stats", "na.omit", "sd") to your NAMESPACE file. * checking Rd files ... OK * checking Rd metadata ... OK * checking Rd cross-references ... OK * checking for missing documentation entries ... OK * checking for code/documentation mismatches ... OK * checking Rd \usage sections ... OK * checking Rd contents ... OK * checking for unstated dependencies in examples ... OK * checking contents of ‘data’ directory ... OK * checking data for non-ASCII characters ... OK * checking LazyData ... WARNING LazyData DB of 5.8 MB without LazyDataCompression set See §1.1.6 of 'Writing R Extensions' * checking data for ASCII and uncompressed saves ... OK * checking line endings in C/C++/Fortran sources/headers ... OK * checking compiled code ... NOTE Note: information on .o files is not available * checking sizes of PDF files under ‘inst/doc’ ... OK * checking installed files from ‘inst/doc’ ... OK * checking files in ‘vignettes’ ... NOTE Files named as vignettes but with no recognized vignette engine: ‘vignettes/geneXtendeR.Rnw’ (Is a VignetteBuilder field missing?) * checking examples ... OK Examples with CPU (user + system) or elapsed time > 5s user system elapsed meanPeakLengthPlot 58.800 3.486 66.136 hotspotPlot 35.315 1.044 39.513 barChart 26.672 0.839 30.618 linePlot 26.026 0.680 29.668 cumlinePlot 25.785 0.735 29.654 annotate 25.487 0.607 35.173 makeWordCloud 22.423 0.798 26.350 diffGO 20.975 0.775 25.035 makeNetwork 20.883 0.706 24.672 plotWordFreq 20.831 0.647 24.488 gene_annotate 20.611 0.483 24.265 meanPeakLength 20.187 0.550 25.307 peakLengthBoxplot 19.999 0.473 23.488 distinct 18.975 0.531 22.513 gene_lookup 17.490 0.358 20.850 rat 6.794 0.334 7.145 * checking for unstated dependencies in ‘tests’ ... OK * checking tests ... Running ‘testthat.R’ OK * checking PDF version of manual ... OK * DONE Status: 1 WARNING, 6 NOTEs See ‘/Users/biocbuild/bbs-3.15-bioc/meat/geneXtendeR.Rcheck/00check.log’ for details.
geneXtendeR.Rcheck/00install.out
############################################################################## ############################################################################## ### ### Running command: ### ### /Library/Frameworks/R.framework/Resources/bin/R CMD INSTALL geneXtendeR ### ############################################################################## ############################################################################## * installing to library ‘/Library/Frameworks/R.framework/Versions/4.2/Resources/library’ * installing *source* package ‘geneXtendeR’ ... ** using staged installation ** libs clang -mmacosx-version-min=10.13 -I"/Library/Frameworks/R.framework/Resources/include" -DNDEBUG -I/usr/local/include -fPIC -Wall -g -O2 -c annotate.c -o annotate.o clang -mmacosx-version-min=10.13 -I"/Library/Frameworks/R.framework/Resources/include" -DNDEBUG -I/usr/local/include -fPIC -Wall -g -O2 -c extract_number.c -o extract_number.o clang -mmacosx-version-min=10.13 -I"/Library/Frameworks/R.framework/Resources/include" -DNDEBUG -I/usr/local/include -fPIC -Wall -g -O2 -c extract_peaks.c -o extract_peaks.o clang -mmacosx-version-min=10.13 -dynamiclib -Wl,-headerpad_max_install_names -undefined dynamic_lookup -single_module -multiply_defined suppress -L/Library/Frameworks/R.framework/Resources/lib -L/usr/local/lib -o geneXtendeR.so annotate.o extract_number.o extract_peaks.o -F/Library/Frameworks/R.framework/.. -framework R -Wl,-framework -Wl,CoreFoundation installing to /Library/Frameworks/R.framework/Versions/4.2/Resources/library/00LOCK-geneXtendeR/00new/geneXtendeR/libs ** R ** data *** moving datasets to lazyload DB ** inst ** byte-compile and prepare package for lazy loading ** help *** installing help indices ** building package indices ** installing vignettes ** testing if installed package can be loaded from temporary location ** checking absolute paths in shared objects and dynamic libraries ** testing if installed package can be loaded from final location ** testing if installed package keeps a record of temporary installation path * DONE (geneXtendeR)
geneXtendeR.Rcheck/tests/testthat.Rout
R version 4.2.1 (2022-06-23) -- "Funny-Looking Kid" Copyright (C) 2022 The R Foundation for Statistical Computing Platform: x86_64-apple-darwin17.0 (64-bit) R is free software and comes with ABSOLUTELY NO WARRANTY. You are welcome to redistribute it under certain conditions. Type 'license()' or 'licence()' for distribution details. R is a collaborative project with many contributors. Type 'contributors()' for more information and 'citation()' on how to cite R or R packages in publications. Type 'demo()' for some demos, 'help()' for on-line help, or 'help.start()' for an HTML browser interface to help. Type 'q()' to quit R. > library(testthat) > library(geneXtendeR) Loading required package: rtracklayer Loading required package: GenomicRanges Loading required package: stats4 Loading required package: BiocGenerics Attaching package: 'BiocGenerics' The following objects are masked from 'package:stats': IQR, mad, sd, var, xtabs The following objects are masked from 'package:base': Filter, Find, Map, Position, Reduce, anyDuplicated, append, as.data.frame, basename, cbind, colnames, dirname, do.call, duplicated, eval, evalq, get, grep, grepl, intersect, is.unsorted, lapply, mapply, match, mget, order, paste, pmax, pmax.int, pmin, pmin.int, rank, rbind, rownames, sapply, setdiff, sort, table, tapply, union, unique, unsplit, which.max, which.min Loading required package: S4Vectors Attaching package: 'S4Vectors' The following objects are masked from 'package:base': I, expand.grid, unname Loading required package: IRanges Loading required package: GenomeInfoDb Loading required package: GO.db Loading required package: AnnotationDbi Loading required package: Biobase Welcome to Bioconductor Vignettes contain introductory material; view with 'browseVignettes()'. To cite Bioconductor, see 'citation("Biobase")', and for packages 'citation("pkgname")'. > > test_check("geneXtendeR") [ FAIL 0 | WARN 0 | SKIP 0 | PASS 86 ] > > proc.time() user system elapsed 252.104 23.156 276.530
geneXtendeR.Rcheck/geneXtendeR-Ex.timings
name | user | system | elapsed | |
allPeakLengths | 0.055 | 0.005 | 0.062 | |
annotate | 25.487 | 0.607 | 35.173 | |
annotate_n | 0.000 | 0.001 | 0.000 | |
barChart | 26.672 | 0.839 | 30.618 | |
cumlinePlot | 25.785 | 0.735 | 29.654 | |
diffGO | 20.975 | 0.775 | 25.035 | |
distinct | 18.975 | 0.531 | 22.513 | |
gene_annotate | 20.611 | 0.483 | 24.265 | |
gene_lookup | 17.490 | 0.358 | 20.850 | |
hotspotPlot | 35.315 | 1.044 | 39.513 | |
linePlot | 26.026 | 0.680 | 29.668 | |
makeNetwork | 20.883 | 0.706 | 24.672 | |
makeWordCloud | 22.423 | 0.798 | 26.350 | |
meanPeakLength | 20.187 | 0.550 | 25.307 | |
meanPeakLengthPlot | 58.800 | 3.486 | 66.136 | |
peakLengthBoxplot | 19.999 | 0.473 | 23.488 | |
peaksInput | 0.363 | 0.056 | 0.438 | |
peaksMerge | 0.237 | 0.009 | 0.246 | |
plotWordFreq | 20.831 | 0.647 | 24.488 | |
rat | 6.794 | 0.334 | 7.145 | |
samplepeaksinput | 0.009 | 0.000 | 0.010 | |