Back to Multiple platform build/check report for BioC 3.15 |
|
This page was generated on 2022-10-19 13:22:18 -0400 (Wed, 19 Oct 2022).
Hostname | OS | Arch (*) | R version | Installed pkgs |
---|---|---|---|---|
nebbiolo1 | Linux (Ubuntu 20.04.5 LTS) | x86_64 | 4.2.1 (2022-06-23) -- "Funny-Looking Kid" | 4386 |
palomino3 | Windows Server 2022 Datacenter | x64 | 4.2.1 (2022-06-23 ucrt) -- "Funny-Looking Kid" | 4138 |
merida1 | macOS 10.14.6 Mojave | x86_64 | 4.2.1 (2022-06-23) -- "Funny-Looking Kid" | 4205 |
Click on any hostname to see more info about the system (e.g. compilers) (*) as reported by 'uname -p', except on Windows and Mac OS X |
To the developers/maintainers of the SLGI package: - Please allow up to 24 hours (and sometimes 48 hours) for your latest push to git@git.bioconductor.org:packages/SLGI.git to reflect on this report. See How and When does the builder pull? When will my changes propagate? for more information. - Make sure to use the following settings in order to reproduce any error or warning you see on this page. |
Package 1866/2140 | Hostname | OS / Arch | INSTALL | BUILD | CHECK | BUILD BIN | ||||||||
Nolwenn Le Meur
| nebbiolo1 | Linux (Ubuntu 20.04.5 LTS) / x86_64 | OK | OK | WARNINGS | ![]() | ||||||||
palomino3 | Windows Server 2022 Datacenter / x64 | OK | OK | WARNINGS | OK | ![]() | ||||||||
merida1 | macOS 10.14.6 Mojave / x86_64 | OK | OK | WARNINGS | OK | ![]() | ||||||||
Package: SLGI |
Version: 1.56.0 |
Command: F:\biocbuild\bbs-3.15-bioc\R\bin\R.exe CMD check --no-multiarch --install=check:SLGI.install-out.txt --library=F:\biocbuild\bbs-3.15-bioc\R\library --no-vignettes --timings SLGI_1.56.0.tar.gz |
StartedAt: 2022-10-19 04:18:20 -0400 (Wed, 19 Oct 2022) |
EndedAt: 2022-10-19 04:22:37 -0400 (Wed, 19 Oct 2022) |
EllapsedTime: 257.0 seconds |
RetCode: 0 |
Status: WARNINGS |
CheckDir: SLGI.Rcheck |
Warnings: 1 |
############################################################################## ############################################################################## ### ### Running command: ### ### F:\biocbuild\bbs-3.15-bioc\R\bin\R.exe CMD check --no-multiarch --install=check:SLGI.install-out.txt --library=F:\biocbuild\bbs-3.15-bioc\R\library --no-vignettes --timings SLGI_1.56.0.tar.gz ### ############################################################################## ############################################################################## * using log directory 'F:/biocbuild/bbs-3.15-bioc/meat/SLGI.Rcheck' * using R version 4.2.1 (2022-06-23 ucrt) * using platform: x86_64-w64-mingw32 (64-bit) * using session charset: UTF-8 * using option '--no-vignettes' * checking for file 'SLGI/DESCRIPTION' ... OK * this is package 'SLGI' version '1.56.0' * checking package namespace information ... OK * checking package dependencies ... OK * checking if this is a source package ... OK * checking if there is a namespace ... OK * checking for hidden files and directories ... OK * checking for portable file names ... OK * checking whether package 'SLGI' can be installed ... WARNING Found the following significant warnings: Warning: Package 'RpsiXML' is deprecated and will be removed from Bioconductor Warning: Package 'ScISI' is deprecated and will be removed from Bioconductor Warning: Package 'SLGI' is deprecated and will be removed from Bioconductor See 'F:/biocbuild/bbs-3.15-bioc/meat/SLGI.Rcheck/00install.out' for details. * checking installed package size ... NOTE installed size is 15.9Mb sub-directories of 1Mb or more: data 4.2Mb extdata 11.3Mb * checking package directory ... OK * checking 'build' directory ... OK * checking DESCRIPTION meta-information ... NOTE Malformed Description field: should contain one or more complete sentences. Packages listed in more than one of Depends, Imports, Suggests, Enhances: 'ScISI' 'lattice' 'GO.db' A package should be listed in only one of these fields. * checking top-level files ... OK * checking for left-over files ... OK * checking index information ... OK * checking package subdirectories ... OK * checking R files for non-ASCII characters ... OK * checking R files for syntax errors ... OK * checking whether the package can be loaded ... OK * checking whether the package can be loaded with stated dependencies ... OK * checking whether the package can be unloaded cleanly ... OK * checking whether the namespace can be loaded with stated dependencies ... OK * checking whether the namespace can be unloaded cleanly ... OK * checking dependencies in R code ... NOTE 'library' or 'require' call to 'GO.db' in package code. Please use :: or requireNamespace() instead. See section 'Suggested packages' in the 'Writing R Extensions' manual. * checking S3 generic/method consistency ... OK * checking replacement functions ... OK * checking foreign function calls ... OK * checking R code for possible problems ... OK * checking Rd files ... OK * checking Rd metadata ... OK * checking Rd cross-references ... OK * checking for missing documentation entries ... OK * checking for code/documentation mismatches ... OK * checking Rd \usage sections ... OK * checking Rd contents ... OK * checking for unstated dependencies in examples ... OK * checking contents of 'data' directory ... OK * checking data for non-ASCII characters ... OK * checking data for ASCII and uncompressed saves ... OK * checking sizes of PDF files under 'inst/doc' ... OK * checking files in 'vignettes' ... OK * checking examples ... OK Examples with CPU (user + system) or elapsed time > 5s user system elapsed iSummary 12.66 1.10 18.06 compare 9.66 3.41 13.06 siResult-class 9.03 1.13 10.15 modelSLGI 8.45 1.32 9.78 plot 8.87 0.77 9.65 topInteraction 4.64 0.75 5.39 normInteraction 4.58 0.77 5.34 * checking for unstated dependencies in vignettes ... OK * checking package vignettes in 'inst/doc' ... OK * checking running R code from vignettes ... SKIPPED * checking re-building of vignette outputs ... SKIPPED * checking PDF version of manual ... OK * DONE Status: 1 WARNING, 3 NOTEs See 'F:/biocbuild/bbs-3.15-bioc/meat/SLGI.Rcheck/00check.log' for details.
SLGI.Rcheck/00install.out
############################################################################## ############################################################################## ### ### Running command: ### ### F:\biocbuild\bbs-3.15-bioc\R\bin\R.exe CMD INSTALL SLGI ### ############################################################################## ############################################################################## * installing to library 'F:/biocbuild/bbs-3.15-bioc/R/library' * installing *source* package 'SLGI' ... ** using staged installation ** R ** data ** inst ** byte-compile and prepare package for lazy loading Warning messages: 1: Package 'RpsiXML' is deprecated and will be removed from Bioconductor version 3.16 2: Package 'ScISI' is deprecated and will be removed from Bioconductor version 3.16 No methods found in package 'BiocGenerics' for request: 'plot' when loading 'SLGI' ** help *** installing help indices ** building package indices ** installing vignettes ** testing if installed package can be loaded from temporary location Warning: Package 'RpsiXML' is deprecated and will be removed from Bioconductor version 3.16 Warning: Package 'ScISI' is deprecated and will be removed from Bioconductor version 3.16 No methods found in package 'BiocGenerics' for request: 'plot' when loading 'SLGI' Warning: Package 'SLGI' is deprecated and will be removed from Bioconductor version 3.16 ** testing if installed package can be loaded from final location Warning: Package 'RpsiXML' is deprecated and will be removed from Bioconductor version 3.16 Warning: Package 'ScISI' is deprecated and will be removed from Bioconductor version 3.16 No methods found in package 'BiocGenerics' for request: 'plot' when loading 'SLGI' Warning: Package 'SLGI' is deprecated and will be removed from Bioconductor version 3.16 ** testing if installed package keeps a record of temporary installation path * DONE (SLGI)
SLGI.Rcheck/SLGI-Ex.timings
name | user | system | elapsed | |
Atong | 0.01 | 0.00 | 0.01 | |
AtongFnDomain | 3.16 | 0.11 | 3.27 | |
AtongPair | 0.08 | 0.00 | 0.08 | |
SDL | 0.01 | 0.00 | 0.01 | |
SGA | 0.02 | 0.00 | 0.02 | |
SGD.SL | 0.15 | 0.01 | 0.17 | |
TFmat | 0.1 | 0.0 | 0.1 | |
byComplex | 0.95 | 0.00 | 0.98 | |
comemberIn | 0.17 | 0.03 | 0.20 | |
compare | 9.66 | 3.41 | 13.06 | |
congruence | 0 | 0 | 0 | |
createSquareMatrix | 0.06 | 0.03 | 0.09 | |
domainDist | 2.81 | 0.08 | 2.89 | |
essglist | 0.00 | 0.01 | 0.02 | |
getInteraction | 0 | 0 | 0 | |
getSharedDomains | 0.02 | 0.00 | 0.01 | |
getSharedInteraction | 0 | 0 | 0 | |
getTestedPairs | 0.01 | 0.00 | 0.02 | |
getUniquePairs | 0.02 | 0.00 | 0.01 | |
gi2005 | 0.03 | 0.02 | 0.05 | |
gi2007 | 0.78 | 0.00 | 0.78 | |
gi2Interactome | 0 | 0 | 0 | |
hyperG | 0 | 0 | 0 | |
iSummary | 12.66 | 1.10 | 18.06 | |
modelSLGI | 8.45 | 1.32 | 9.78 | |
normInteraction | 4.58 | 0.77 | 5.34 | |
plot | 8.87 | 0.77 | 9.65 | |
seqMatcherAlign | 0 | 0 | 0 | |
sharedBy | 2.77 | 0.04 | 2.81 | |
sharedInt | 0 | 0 | 0 | |
siResult-class | 9.03 | 1.13 | 10.15 | |
test2Interact | 0 | 0 | 0 | |
topInteraction | 4.64 | 0.75 | 5.39 | |
twoWayTable | 4.67 | 0.04 | 4.72 | |
withinComplex | 0.33 | 0.02 | 0.35 | |