Back to Multiple platform build/check report for BioC 3.13 |
|
This page was generated on 2021-10-15 15:06:08 -0400 (Fri, 15 Oct 2021).
To the developers/maintainers of the idpr package: - Please allow up to 24 hours (and sometimes 48 hours) for your latest push to git@git.bioconductor.org:packages/idpr.git to reflect on this report. See How and When does the builder pull? When will my changes propagate? here for more information. - Make sure to use the following settings in order to reproduce any error or warning you see on this page. |
Package 902/2041 | Hostname | OS / Arch | INSTALL | BUILD | CHECK | BUILD BIN | ||||||||
idpr 1.2.0 (landing page) William M. McFadden
| nebbiolo1 | Linux (Ubuntu 20.04.2 LTS) / x86_64 | OK | OK | OK | |||||||||
tokay2 | Windows Server 2012 R2 Standard / x64 | OK | ERROR | skipped | skipped | |||||||||
machv2 | macOS 10.14.6 Mojave / x86_64 | OK | OK | OK | OK | |||||||||
Package: idpr |
Version: 1.2.0 |
Command: chmod a+r idpr -R && C:\Users\biocbuild\bbs-3.13-bioc\R\bin\R.exe CMD build --keep-empty-dirs --no-resave-data idpr |
StartedAt: 2021-10-14 15:00:46 -0400 (Thu, 14 Oct 2021) |
EndedAt: 2021-10-14 15:02:03 -0400 (Thu, 14 Oct 2021) |
EllapsedTime: 77.1 seconds |
RetCode: 1 |
Status: ERROR |
PackageFile: None |
PackageFileSize: NA |
############################################################################## ############################################################################## ### ### Running command: ### ### chmod a+r idpr -R && C:\Users\biocbuild\bbs-3.13-bioc\R\bin\R.exe CMD build --keep-empty-dirs --no-resave-data idpr ### ############################################################################## ############################################################################## * checking for file 'idpr/DESCRIPTION' ... OK * preparing 'idpr': * checking DESCRIPTION meta-information ... OK * installing the package to build vignettes * creating vignettes ... ERROR --- re-building 'chargeHydropathy-vignette.Rmd' using rmarkdown --- finished re-building 'chargeHydropathy-vignette.Rmd' --- re-building 'disorderedMatrices-vignette.Rmd' using rmarkdown --- finished re-building 'disorderedMatrices-vignette.Rmd' --- re-building 'idpr-vignette.Rmd' using rmarkdown --- finished re-building 'idpr-vignette.Rmd' --- re-building 'iupred-vignette.Rmd' using rmarkdown Quitting from lines 182-186 (iupred-vignette.Rmd) Error: processing vignette 'iupred-vignette.Rmd' failed with diagnostics: schannel: next InitializeSecurityContext failed: SEC_E_BUFFER_TOO_SMALL (0x80090321) - The buffers supplied to a function was too small. --- failed re-building 'iupred-vignette.Rmd' --- re-building 'sequenceMAP-vignette.Rmd' using rmarkdown --- finished re-building 'sequenceMAP-vignette.Rmd' --- re-building 'structuralTendency-vignette.Rmd' using rmarkdown --- finished re-building 'structuralTendency-vignette.Rmd' SUMMARY: processing the following file failed: 'iupred-vignette.Rmd' Error: Vignette re-building failed. Execution halted