1.7.1Keith Satterley | Linux (SUSE 9.2) | x86_64 | OK | WARNINGS | |
Linux (SUSE 9.2) | i686 | OK | WARNINGS | |
Solaris 2.9 | sparc | OK | OK | |
Linux (SUSE 10.0) | x86_64 | OK | WARNINGS | |
Windows Server 2003 | x86_64 | OK | WARNINGS | OK |
Windows XP | i686 | OK | [ ERROR ] | OK |
Mac OS X (10.4.6) | i686 | OK | WARNINGS | |
* checking for working latex ... OK
* using log directory 'E:/hpages/1.9d/Rpacks/affylmGUI.Rcheck'
* using R version 2.4.0 alpha (2006-09-10 r39242)
* checking for file 'affylmGUI/DESCRIPTION' ... OK
* this is package 'affylmGUI' version '1.7.1'
* checking package dependencies ... ERROR
Packages required but not available:
affyPLM
See the information on DESCRIPTION files in the chapter 'Creating R
packages' of the 'Writing R Extensions' manual.