############################################################################## ############################################################################## ### ### Running command: ### ### /Library/Frameworks/R.framework/Resources/bin/R CMD check --install=check:MesKit.install-out.txt --library=/Library/Frameworks/R.framework/Resources/library --no-vignettes --timings MesKit_1.16.0.tar.gz ### ############################################################################## ############################################################################## * using log directory ‘/Users/biocbuild/bbs-3.20-bioc/meat/MesKit.Rcheck’ * using R version 4.4.2 (2024-10-31) * using platform: x86_64-apple-darwin20 * R was compiled by Apple clang version 14.0.0 (clang-1400.0.29.202) GNU Fortran (GCC) 12.2.0 * running under: macOS Monterey 12.7.6 * using session charset: UTF-8 * using option ‘--no-vignettes’ * checking for file ‘MesKit/DESCRIPTION’ ... OK * checking extension type ... Package * this is package ‘MesKit’ version ‘1.16.0’ * package encoding: UTF-8 * checking package namespace information ... OK * checking package dependencies ... OK * checking if this is a source package ... OK * checking if there is a namespace ... OK * checking for hidden files and directories ... OK * checking for portable file names ... OK * checking for sufficient/correct file permissions ... OK * checking whether package ‘MesKit’ can be installed ... WARNING Found the following significant warnings: Warning: replacing previous import ‘ape::degree’ by ‘circlize::degree’ when loading ‘MesKit’ Warning: replacing previous import ‘ape::where’ by ‘dplyr::where’ when loading ‘MesKit’ See ‘/Users/biocbuild/bbs-3.20-bioc/meat/MesKit.Rcheck/00install.out’ for details. * checking installed package size ... NOTE installed size is 5.9Mb sub-directories of 1Mb or more: extdata 4.9Mb * checking package directory ... OK * checking ‘build’ directory ... OK * checking DESCRIPTION meta-information ... OK * checking top-level files ... NOTE File LICENSE is not mentioned in the DESCRIPTION file. * checking for left-over files ... OK * checking index information ... OK * checking package subdirectories ... OK * checking code files for non-ASCII characters ... OK * checking R files for syntax errors ... OK * checking whether the package can be loaded ... OK * checking whether the package can be loaded with stated dependencies ... OK * checking whether the package can be unloaded cleanly ... OK * checking whether the namespace can be loaded with stated dependencies ... OK * checking whether the namespace can be unloaded cleanly ... OK * checking dependencies in R code ... OK * checking S3 generic/method consistency ... OK * checking replacement functions ... OK * checking foreign function calls ... OK * checking R code for possible problems ... NOTE calJSI : processJSI: no visible binding for global variable ‘CCF’ cna2gene: no visible global function definition for ‘genes’ cna2gene: no visible binding for global variable ‘org.Hs.eg.db’ cna2gene: no visible binding for global variable ‘seqnames’ cna2gene: no visible binding for global variable ‘Chromosome’ cna2gene: no visible binding for global variable ‘Hugo_Symbol’ cna2gene: no visible binding for global variable ‘Start_Position’ cna2gene: no visible binding for global variable ‘End_Position’ cna2gene: no visible binding for global variable ‘i.End_Position’ cna2gene: no visible binding for global variable ‘i.Start_Position’ cna2gene: no visible binding for global variable ‘Patient_ID’ cna2gene: no visible binding for global variable ‘Tumor_Sample_Barcode’ cna2gene: no visible binding for global variable ‘seg_id’ cna2gene: no visible binding for global variable ‘overlap_width’ copyNumberFilter: no visible binding for global variable ‘Patient_ID’ drawVAFCombine: no visible binding for global variable ‘V’ drawVAFCombineVline: no visible binding for global variable ‘V’ fitSignatures : processFitSig: no visible binding for global variable ‘Branch’ fitSignatures : processFitSig: no visible binding for global variable ‘Original’ fitSignatures : processFitSig: no visible binding for global variable ‘Reconstructed’ mutCluster : processVafcluster_sample: no visible binding for global variable ‘cluster’ plotCNA: no visible binding for global variable ‘Cytoband’ plotCNA: no visible binding for global variable ‘Cytoband_pos’ plotCNA: no visible binding for global variable ‘gene_id’ plotCNA: no visible binding for global variable ‘gene_pos’ plotCNA: no visible binding for global variable ‘Hugo_Symbol’ plotTree: no visible binding for global variable ‘is.match’ plotTree: no visible binding for global variable ‘x’ plotTree: no visible binding for global variable ‘y’ plotTree: no visible binding for global variable ‘xend’ plotTree: no visible binding for global variable ‘yend’ Undefined global functions or variables: Branch CCF Chromosome Cytoband Cytoband_pos End_Position Hugo_Symbol Original Patient_ID Reconstructed Start_Position Tumor_Sample_Barcode V cluster gene_id gene_pos genes i.End_Position i.Start_Position is.match org.Hs.eg.db overlap_width seg_id seqnames x xend y yend * checking Rd files ... OK * checking Rd metadata ... OK * checking Rd cross-references ... OK * checking for missing documentation entries ... OK * checking for code/documentation mismatches ... OK * checking Rd \usage sections ... OK * checking Rd contents ... OK * checking for unstated dependencies in examples ... OK * checking files in ‘vignettes’ ... OK * checking examples ... OK Examples with CPU (user + system) or elapsed time > 5s user system elapsed calFst 39.708 0.523 41.434 getBootstrapValue 38.827 0.337 41.107 getBinaryMatrix 37.707 0.473 40.575 getBranchType 36.023 0.591 39.156 getPhyloTreePatient 36.111 0.462 36.725 getCCFMatrix 36.067 0.391 39.598 getPhyloTreeRef 35.879 0.202 36.557 getPhyloTreeTsbLabel 35.816 0.177 36.061 getTreeMethod 35.783 0.208 36.180 getMutBranches 35.333 0.651 36.194 getPhyloTree 35.384 0.226 36.086 getTree 35.012 0.171 34.909 plotMutSigProfile 34.102 0.271 35.733 cna2gene 32.053 1.455 34.170 mutHeatmap 31.771 0.201 32.747 compareCCF 27.778 2.624 30.880 compareTree 29.570 0.260 31.293 calNeiDist 28.679 0.210 29.451 calJSI 26.654 0.174 27.270 mutCluster 25.057 1.581 28.241 fitSignatures 25.855 0.347 28.056 mutTrunkBranch 25.507 0.280 26.072 testNeutral 24.919 0.137 27.126 plotMutProfile 24.787 0.115 25.732 ccfAUC 24.656 0.149 25.061 plotPhyloTree 24.470 0.242 25.412 triMatrix 24.351 0.277 26.461 classifyMut 22.712 1.249 24.105 mathScore 21.120 0.382 22.228 readMaf 20.445 0.130 21.864 subMaf 20.474 0.093 21.933 getMafData 19.058 0.283 19.694 getNonSyn_vc 19.177 0.096 19.529 getMafRef 19.148 0.070 19.310 getMafPatient 18.978 0.080 19.132 getSampleInfo 18.959 0.096 18.948 plotCNA 6.398 0.095 6.019 * checking for unstated dependencies in vignettes ... OK * checking package vignettes ... OK * checking running R code from vignettes ... SKIPPED * checking re-building of vignette outputs ... SKIPPED * checking PDF version of manual ... OK * DONE Status: 1 WARNING, 3 NOTEs See ‘/Users/biocbuild/bbs-3.20-bioc/meat/MesKit.Rcheck/00check.log’ for details.