############################################################################## ############################################################################## ### ### Running command: ### ### /home/biocbuild/bbs-3.21-bioc/R/bin/R CMD check --install=check:MEDIPSData.install-out.txt --library=/home/biocbuild/bbs-3.21-bioc/R/site-library --timings MEDIPSData_1.43.0.tar.gz ### ############################################################################## ############################################################################## * using log directory ‘/home/biocbuild/bbs-3.21-data-experiment/meat/MEDIPSData.Rcheck’ * using R Under development (unstable) (2025-01-20 r87609) * using platform: x86_64-pc-linux-gnu * R was compiled by gcc (Ubuntu 13.3.0-6ubuntu2~24.04) 13.3.0 GNU Fortran (Ubuntu 13.3.0-6ubuntu2~24.04) 13.3.0 * running under: Ubuntu 24.04.1 LTS * using session charset: UTF-8 * checking for file ‘MEDIPSData/DESCRIPTION’ ... OK * checking extension type ... Package * this is package ‘MEDIPSData’ version ‘1.43.0’ * checking package namespace information ... OK * checking package dependencies ... OK * checking if this is a source package ... OK * checking if there is a namespace ... OK * checking for hidden files and directories ... OK * checking for portable file names ... OK * checking for sufficient/correct file permissions ... OK * checking whether package ‘MEDIPSData’ can be installed ... OK * checking installed package size ... INFO installed size is 168.3Mb sub-directories of 1Mb or more: data 25.1Mb extdata 143.0Mb * checking package directory ... OK * checking DESCRIPTION meta-information ... OK * checking top-level files ... OK * checking for left-over files ... OK * checking index information ... OK * checking package subdirectories ... OK * checking whether the package can be loaded ... OK * checking whether the package can be loaded with stated dependencies ... OK * checking whether the package can be unloaded cleanly ... OK * checking whether the namespace can be loaded with stated dependencies ... OK * checking whether the namespace can be unloaded cleanly ... OK * checking loading without being on the library search path ... OK * checking Rd files ... OK * checking Rd metadata ... OK * checking Rd cross-references ... OK * checking for missing documentation entries ... OK * checking for code/documentation mismatches ... OK * checking Rd \usage sections ... OK * checking Rd contents ... OK * checking for unstated dependencies in examples ... OK * checking contents of ‘data’ directory ... WARNING File ‘data/datalist’ contains malformed line(s): ‘’ * checking data for non-ASCII characters ... WARNING Failed with error: 'there is no package called 'MEDIPS'' Error loading dataset 'CS': Error in .requirePackage(package) : unable to load required package 'MEDIPS' Failed with error: 'there is no package called 'MEDIPS'' Error loading dataset 'DE_Input': Error in .requirePackage(package) : unable to load required package 'MEDIPS' Failed with error: 'there is no package called 'MEDIPS'' Error loading dataset 'DE_MeDIP': Error in .requirePackage(package) : unable to load required package 'MEDIPS' Failed with error: 'there is no package called 'GenomicRanges'' Error loading dataset 'ROIs': Error in .requirePackage(package) : unable to load required package 'GenomicRanges' Failed with error: 'there is no package called 'MEDIPS'' Error loading dataset 'hESCs_Input': Error in .requirePackage(package) : unable to load required package 'MEDIPS' Failed with error: 'there is no package called 'MEDIPS'' Error loading dataset 'hESCs_MeDIP': Error in .requirePackage(package) : unable to load required package 'MEDIPS' Failed with error: 'there is no package called 'qsea'' Error loading dataset 'qseaGLM': Error in .requirePackage(package) : unable to load required package 'qsea' Failed with error: 'there is no package called 'qsea'' Error loading dataset 'qseaSet': Error in .requirePackage(package) : unable to load required package 'qsea' Failed with error: 'there is no package called 'GenomicRanges'' Error loading dataset 'tcga_luad_lusc_450kmeth': Error in .requirePackage(package) : unable to load required package 'GenomicRanges' Failed with error: 'there is no package called 'GenomicRanges'' Error loading dataset 'tfbs': Error in .requirePackage(package) : unable to load required package 'GenomicRanges' The dataset(s) may use package(s) not declared in Depends/Imports. * checking data for ASCII and uncompressed saves ... OK * checking examples ... OK * checking PDF version of manual ... OK * DONE Status: 2 WARNINGs See ‘/home/biocbuild/bbs-3.21-data-experiment/meat/MEDIPSData.Rcheck/00check.log’ for details.