############################################################################## ############################################################################## ### ### Running command: ### ### /home/biocbuild/R/R/bin/R CMD check --install=check:txdbmaker.install-out.txt --library=/home/biocbuild/R/R/site-library --no-vignettes --timings txdbmaker_1.3.1.tar.gz ### ############################################################################## ############################################################################## * using log directory ‘/home/biocbuild/bbs-3.21-bioc/meat/txdbmaker.Rcheck’ * using R Under development (unstable) (2024-11-24 r87369) * using platform: aarch64-unknown-linux-gnu * R was compiled by aarch64-unknown-linux-gnu-gcc (GCC) 14.2.0 GNU Fortran (GCC) 14.2.0 * running under: openEuler 24.03 (LTS) * using session charset: UTF-8 * using option ‘--no-vignettes’ * checking for file ‘txdbmaker/DESCRIPTION’ ... OK * this is package ‘txdbmaker’ version ‘1.3.1’ * package encoding: UTF-8 * checking package namespace information ... OK * checking package dependencies ... OK * checking if this is a source package ... OK * checking if there is a namespace ... OK * checking for hidden files and directories ... OK * checking for portable file names ... OK * checking for sufficient/correct file permissions ... OK * checking whether package ‘txdbmaker’ can be installed ... WARNING Found the following significant warnings: Warning: program compiled against libxml 212 using older 211 See ‘/home/biocbuild/bbs-3.21-bioc/meat/txdbmaker.Rcheck/00install.out’ for details. * checking installed package size ... OK * checking package directory ... OK * checking ‘build’ directory ... OK * checking DESCRIPTION meta-information ... OK * checking top-level files ... OK * checking for left-over files ... OK * checking index information ... OK * checking package subdirectories ... OK * checking code files for non-ASCII characters ... OK * checking R files for syntax errors ... OK * checking whether the package can be loaded ... OK * checking whether the package can be loaded with stated dependencies ... OK * checking whether the package can be unloaded cleanly ... OK * checking whether the namespace can be loaded with stated dependencies ... NOTE Warning: program compiled against libxml 212 using older 211 A namespace must be able to be loaded with just the base namespace loaded: otherwise if the namespace gets loaded by a saved object, the session will be unable to start. Probably some imports need to be declared in the NAMESPACE file. * checking whether the namespace can be unloaded cleanly ... OK * checking loading without being on the library search path ... OK * checking dependencies in R code ... NOTE Warning: program compiled against libxml 212 using older 211 Unexported objects imported by ':::' calls: ‘AnnotationDbi:::dbEasyQuery’ ‘BiocGenerics:::testPackage’ ‘GenomeInfoDb:::check_tax_id’ ‘GenomeInfoDb:::lookup_organism_by_tax_id’ ‘GenomeInfoDb:::lookup_tax_id_by_organism’ ‘GenomeInfoDb:::make_circ_flags_from_circ_seqs’ ‘S4Vectors:::anyMissingOrOutside’ ‘S4Vectors:::extract_data_frame_rows’ ‘S4Vectors:::quick_togroup’ ‘biomaRt:::martBM’ ‘biomaRt:::martDataset’ ‘biomaRt:::martHost’ ‘rtracklayer:::resourceDescription’ See the note in ?`:::` about the use of this operator. * checking S3 generic/method consistency ... WARNING Warning: program compiled against libxml 212 using older 211 See section ‘Generic functions and methods’ in the ‘Writing R Extensions’ manual. * checking replacement functions ... WARNING Warning: program compiled against libxml 212 using older 211 The argument of a replacement function which corresponds to the right hand side must be named ‘value’. * checking foreign function calls ... NOTE Warning: program compiled against libxml 212 using older 211 See chapter ‘System and foreign language interfaces’ in the ‘Writing R Extensions’ manual. * checking R code for possible problems ... NOTE Warning: program compiled against libxml 212 using older 211 * checking Rd files ... OK * checking Rd metadata ... OK * checking Rd cross-references ... OK * checking for missing documentation entries ... WARNING Warning: program compiled against libxml 212 using older 211 All user-level objects in a package should have documentation entries. See chapter ‘Writing R documentation files’ in the ‘Writing R Extensions’ manual. * checking for code/documentation mismatches ... WARNING Warning: program compiled against libxml 212 using older 211 Warning: program compiled against libxml 212 using older 211 Warning: program compiled against libxml 212 using older 211 * checking Rd \usage sections ... NOTE Warning: program compiled against libxml 212 using older 211 The \usage entries for S3 methods should use the \method markup and not their full name. See chapter ‘Writing R documentation files’ in the ‘Writing R Extensions’ manual. * checking Rd contents ... OK * checking for unstated dependencies in examples ... OK * checking files in ‘vignettes’ ... OK * checking examples ... ERROR Running examples in ‘txdbmaker-Ex.R’ failed The error most likely occurred in: > base::assign(".ptime", proc.time(), pos = "CheckExEnv") > ### Name: makeTxDbFromBiomart > ### Title: Make a TxDb object from annotations available on a BioMart > ### database > ### Aliases: makeTxDbFromBiomart getChromInfoFromBiomart > > ### ** Examples > > ## --------------------------------------------------------------------- > ## A. BASIC USAGE > ## --------------------------------------------------------------------- > > ## We can use listDatasets() from the biomaRt package to list the > ## datasets available in the "ENSEMBL_MART_ENSEMBL" BioMart database: > library(biomaRt) > listMarts(host="https://www.ensembl.org") biomart version 1 ENSEMBL_MART_ENSEMBL Ensembl Genes 113 2 ENSEMBL_MART_MOUSE Mouse strains 113 3 ENSEMBL_MART_SNP Ensembl Variation 113 4 ENSEMBL_MART_FUNCGEN Ensembl Regulation 113 > mart <- useEnsembl(biomart="ENSEMBL_MART_ENSEMBL", host="https://www.ensembl.org") > datasets <- listDatasets(mart) > head(datasets) [1] dataset description version <0 rows> (or 0-length row.names) > subset(datasets, grepl("elegans", dataset, ignore.case=TRUE)) [1] dataset description version <0 rows> (or 0-length row.names) > > ## Retrieve the full transcript dataset for Worm: > txdb1 <- makeTxDbFromBiomart(dataset="celegans_gene_ensembl") Error in checkDataset(dataset = dataset, mart = mart) : The given dataset: celegans_gene_ensembl , is not valid. Correct dataset names can be obtained with the listDatasets() function. Calls: makeTxDbFromBiomart ... .useMart2 -> useEnsembl -> useDataset -> checkDataset Execution halted Examples with CPU (user + system) or elapsed time > 5s user system elapsed makeFeatureDbFromUCSC 137.013 6.822 307.353 * checking for unstated dependencies in ‘tests’ ... OK * checking tests ... Running ‘run_unitTests.R’ OK * checking for unstated dependencies in vignettes ... OK * checking package vignettes ... OK * checking running R code from vignettes ... SKIPPED * checking re-building of vignette outputs ... SKIPPED * checking PDF version of manual ... OK * DONE Status: 1 ERROR, 5 WARNINGs, 5 NOTEs See ‘/home/biocbuild/bbs-3.21-bioc/meat/txdbmaker.Rcheck/00check.log’ for details.