##############################################################################
##############################################################################
###
### Running command:
###
###   chmod a+r snpStats -R && E:\biocbuild\bbs-3.21-bioc\R\bin\R.exe CMD build --keep-empty-dirs --no-resave-data snpStats
###
##############################################################################
##############################################################################


* checking for file 'snpStats/DESCRIPTION' ... OK
* preparing 'snpStats':
* checking DESCRIPTION meta-information ... OK
* cleaning src
* installing the package to process help pages
* saving partial Rd database
* creating vignettes ... ERROR
--- re-building 'Fst-vignette.Rnw' using Sweave
Loading required package: snpStats
Loading required package: survival
Loading required package: Matrix
texify: major issue: User/administrator updates are out-of-sync.
--- finished re-building 'Fst-vignette.Rnw'

--- re-building 'data-input-vignette.Rnw' using Sweave
texify: major issue: User/administrator updates are out-of-sync.
--- finished re-building 'data-input-vignette.Rnw'

--- re-building 'differences.Rnw' using Sweave
texify: major issue: User/administrator updates are out-of-sync.
--- finished re-building 'differences.Rnw'

--- re-building 'imputation-vignette.Rnw' using Sweave
texify: major issue: User/administrator updates are out-of-sync.
--- finished re-building 'imputation-vignette.Rnw'

--- re-building 'ld-vignette.Rnw' using Sweave