##############################################################################
##############################################################################
###
### Running command:
###
###   /Library/Frameworks/R.framework/Resources/bin/R CMD build --keep-empty-dirs --no-resave-data regioneR
###
##############################################################################
##############################################################################


* checking for file ‘regioneR/DESCRIPTION’ ... OK
* preparing ‘regioneR’:
* checking DESCRIPTION meta-information ... OK
* installing the package to build vignettes
* creating vignettes ... ERROR
--- re-building ‘regioneR.Rmd’ using rmarkdown
2025-02-19 17:24:00.579 R[12829:552850586] XType: Using static font registry.

Quitting from lines 71-73 [unnamed-chunk-5] (regioneR.Rmd)
Error: processing vignette 'regioneR.Rmd' failed with diagnostics:
invalid 'scipen'
--- failed re-building ‘regioneR.Rmd’

SUMMARY: processing the following file failed:
  ‘regioneR.Rmd’

Error: Vignette re-building failed.
Execution halted