##############################################################################
##############################################################################
###
### Running command:
###
###   /Library/Frameworks/R.framework/Resources/bin/R CMD build --keep-empty-dirs --no-resave-data metaseqR2
###
##############################################################################
##############################################################################


* checking for file ‘metaseqR2/DESCRIPTION’ ... OK
* preparing ‘metaseqR2’:
* checking DESCRIPTION meta-information ... OK
* cleaning src
* installing the package to build vignettes
* creating vignettes ... ERROR
--- re-building ‘metaseqr2-annotation.Rmd’ using rmarkdown
--- finished re-building ‘metaseqr2-annotation.Rmd’

--- re-building ‘metaseqr2-statistics.Rmd’ using rmarkdown
Warning: call dbDisconnect() when finished working with a connection
2025-02-19 16:54:25.915 R[91061:552363460] XType: Using static font registry.
  adding: var/folders/r0/l4fjk6cj5xj0j3brt4bplpl40000gt/T//RtmpitWgA5/test1/plots/qc/correlation_correlogram.png (deflated 2%)
  adding: var/folders/r0/l4fjk6cj5xj0j3brt4bplpl40000gt/T//RtmpitWgA5/test1/plots/qc/correlation_heatmap.png (deflated 16%)
  adding: var/folders/r0/l4fjk6cj5xj0j3brt4bplpl40000gt/T//RtmpitWgA5/test1/plots/qc/correlation_pairs.png (deflated 1%)
  adding: var/folders/r0/l4fjk6cj5xj0j3brt4bplpl40000gt/T//RtmpitWgA5/test1/plots/qc/filtered_genes.png (deflated 6%)
  adding: var/folders/r0/l4fjk6cj5xj0j3brt4bplpl40000gt/T//RtmpitWgA5/test1/plots/qc/mds.png (deflated 45%)
  adding: var/folders/r0/l4fjk6cj5xj0j3brt4bplpl40000gt/T//RtmpitWgA5/test1/plots/normalization/boxplot_normalized.png (deflated 19%)
  adding: var/folders/r0/l4fjk6cj5xj0j3brt4bplpl40000gt/T//RtmpitWgA5/test1/plots/normalization/boxplot_raw.png (deflated 15%)
  adding: var/folders/r0/l4fjk6cj5xj0j3brt4bplpl40000gt/T//RtmpitWgA5/test1/plots/normalization/gcbias_normalized.png (deflated 12%)
  adding: var/folders/r0/l4fjk6cj5xj0j3brt4bplpl40000gt/T//RtmpitWgA5/test1/plots/normalization/gcbias_raw.png (deflated 12%)
  adding: var/folders/r0/l4fjk6cj5xj0j3brt4bplpl40000gt/T//RtmpitWgA5/test1/plots/normalization/lengthbias_normalized.png (deflated 9%)
  adding: var/folders/r0/l4fjk6cj5xj0j3brt4bplpl40000gt/T//RtmpitWgA5/test1/plots/normalization/lengthbias_raw.png (deflated 8%)
  adding: var/folders/r0/l4fjk6cj5xj0j3brt4bplpl40000gt/T//RtmpitWgA5/test1/plots/normalization/meandiff_normalized_adult_8_weeks_a8w_1_a8w_2.png (deflated 5%)
  adding: var/folders/r0/l4fjk6cj5xj0j3brt4bplpl40000gt/T//RtmpitWgA5/test1/plots/normalization/meandiff_normalized_e14.5_e14.5_1_e14.5_2.png (deflated 5%)
  adding: var/folders/r0/l4fjk6cj5xj0j3brt4bplpl40000gt/T//RtmpitWgA5/test1/plots/normalization/meandiff_raw_adult_8_weeks_a8w_1_a8w_2.png (deflated 5%)
  adding: var/folders/r0/l4fjk6cj5xj0j3brt4bplpl40000gt/T//RtmpitWgA5/test1/plots/normalization/meandiff_raw_e14.5_e14.5_1_e14.5_2.png (deflated 5%)
  adding: var/folders/r0/l4fjk6cj5xj0j3brt4bplpl40000gt/T//RtmpitWgA5/test1/plots/normalization/meanvar_normalized.png (deflated 11%)
  adding: var/folders/r0/l4fjk6cj5xj0j3brt4bplpl40000gt/T//RtmpitWgA5/test1/plots/normalization/meanvar_raw.png (deflated 8%)
  adding: var/folders/r0/l4fjk6cj5xj0j3brt4bplpl40000gt/T//RtmpitWgA5/test1/plots/statistics/de_heatmap_adult_8_weeks_vs_e14.5_asis.png (deflated 10%)
  adding: var/folders/r0/l4fjk6cj5xj0j3brt4bplpl40000gt/T//RtmpitWgA5/test1/plots/statistics/de_heatmap_adult_8_weeks_vs_e14.5_zscore.png (deflated 9%)
  adding: var/folders/r0/l4fjk6cj5xj0j3brt4bplpl40000gt/T//RtmpitWgA5/test1/plots/statistics/mastat_plot_adult_8_weeks_vs_e14.5.png (deflated 5%)
  adding: var/folders/r0/l4fjk6cj5xj0j3brt4bplpl40000gt/T//RtmpitWgA5/test1/plots/statistics/volcano_plot_adult_8_weeks_vs_e14.5.png (deflated 6%)
  adding: var/folders/r0/l4fjk6cj5xj0j3brt4bplpl40000gt/T//RtmpitWgA5/test1/plots/qc/correlation_correlogram.pdf (deflated 4%)
  adding: var/folders/r0/l4fjk6cj5xj0j3brt4bplpl40000gt/T//RtmpitWgA5/test1/plots/qc/correlation_heatmap.pdf (deflated 26%)
  adding: var/folders/r0/l4fjk6cj5xj0j3brt4bplpl40000gt/T//RtmpitWgA5/test1/plots/qc/correlation_pairs.pdf (deflated 4%)
  adding: var/folders/r0/l4fjk6cj5xj0j3brt4bplpl40000gt/T//RtmpitWgA5/test1/plots/qc/filtered_genes.pdf (deflated 7%)
  adding: var/folders/r0/l4fjk6cj5xj0j3brt4bplpl40000gt/T//RtmpitWgA5/test1/plots/qc/mds.pdf (deflated 12%)
  adding: var/folders/r0/l4fjk6cj5xj0j3brt4bplpl40000gt/T//RtmpitWgA5/test1/plots/normalization/boxplot_normalized.pdf (deflated 12%)
  adding: var/folders/r0/l4fjk6cj5xj0j3brt4bplpl40000gt/T//RtmpitWgA5/test1/plots/normalization/boxplot_raw.pdf (deflated 12%)
  adding: var/folders/r0/l4fjk6cj5xj0j3brt4bplpl40000gt/T//RtmpitWgA5/test1/plots/normalization/gcbias_normalized.pdf (deflated 4%)
  adding: var/folders/r0/l4fjk6cj5xj0j3brt4bplpl40000gt/T//RtmpitWgA5/test1/plots/normalization/gcbias_raw.pdf (deflated 4%)
  adding: var/folders/r0/l4fjk6cj5xj0j3brt4bplpl40000gt/T//RtmpitWgA5/test1/plots/normalization/lengthbias_normalized.pdf (deflated 1%)
  adding: var/folders/r0/l4fjk6cj5xj0j3brt4bplpl40000gt/T//RtmpitWgA5/test1/plots/normalization/lengthbias_raw.pdf (deflated 1%)
  adding: var/folders/r0/l4fjk6cj5xj0j3brt4bplpl40000gt/T//RtmpitWgA5/test1/plots/normalization/meandiff_normalized_adult_8_weeks_a8w_1_a8w_2.pdf (deflated 21%)
  adding: var/folders/r0/l4fjk6cj5xj0j3brt4bplpl40000gt/T//RtmpitWgA5/test1/plots/normalization/meandiff_normalized_e14.5_e14.5_1_e14.5_2.pdf (deflated 21%)
  adding: var/folders/r0/l4fjk6cj5xj0j3brt4bplpl40000gt/T//RtmpitWgA5/test1/plots/normalization/meandiff_raw_adult_8_weeks_a8w_1_a8w_2.pdf (deflated 20%)
  adding: var/folders/r0/l4fjk6cj5xj0j3brt4bplpl40000gt/T//RtmpitWgA5/test1/plots/normalization/meandiff_raw_e14.5_e14.5_1_e14.5_2.pdf (deflated 20%)
  adding: var/folders/r0/l4fjk6cj5xj0j3brt4bplpl40000gt/T//RtmpitWgA5/test1/plots/normalization/meanvar_normalized.pdf (deflated 44%)
  adding: var/folders/r0/l4fjk6cj5xj0j3brt4bplpl40000gt/T//RtmpitWgA5/test1/plots/normalization/meanvar_raw.pdf (deflated 39%)
  adding: var/folders/r0/l4fjk6cj5xj0j3brt4bplpl40000gt/T//RtmpitWgA5/test1/plots/statistics/de_heatmap_adult_8_weeks_vs_e14.5_asis.pdf (deflated 9%)
  adding: var/folders/r0/l4fjk6cj5xj0j3brt4bplpl40000gt/T//RtmpitWgA5/test1/plots/statistics/de_heatmap_adult_8_weeks_vs_e14.5_zscore.pdf (deflated 8%)
  adding: var/folders/r0/l4fjk6cj5xj0j3brt4bplpl40000gt/T//RtmpitWgA5/test1/plots/statistics/mastat_plot_adult_8_weeks_vs_e14.5.pdf (deflated 5%)
  adding: var/folders/r0/l4fjk6cj5xj0j3brt4bplpl40000gt/T//RtmpitWgA5/test1/plots/statistics/volcano_plot_adult_8_weeks_vs_e14.5.pdf (deflated 2%)
trying URL 'https://raw.github.com/HubSpot/pace/v1.0.0/pace.min.js'
Content type 'text/plain; charset=utf-8' length 12363 bytes (12 KB)
==================================================
downloaded 12 KB

trying URL 'https://code.highcharts.com/highcharts.js'
downloaded 268 KB

trying URL 'https://code.highcharts.com/highcharts-more.js'
downloaded 92 KB

trying URL 'https://code.highcharts.com/modules/exporting.js'
downloaded 19 KB

trying URL 'https://code.highcharts.com/modules/offline-exporting.js'
downloaded 26 KB

trying URL 'https://code.highcharts.com/modules/export-data.js'
downloaded 12 KB

trying URL 'http://jvenn.toulouse.inrae.fr/app/js/canvas2svg.js'
Content type 'application/javascript' length 35122 bytes (34 KB)
==================================================
downloaded 34 KB

trying URL 'http://jvenn.toulouse.inrae.fr/app/js/jvenn.min.js'
Content type 'application/javascript' length 100524 bytes (98 KB)
==================================================
downloaded 98 KB

trying URL 'https://unpkg.com/dexie@2.0.4/dist/dexie.min.js'
downloaded 55 KB

  adding: var/folders/r0/l4fjk6cj5xj0j3brt4bplpl40000gt/T//RtmpitWgA5/test2/plots/qc/correlation_correlogram.png (deflated 2%)
  adding: var/folders/r0/l4fjk6cj5xj0j3brt4bplpl40000gt/T//RtmpitWgA5/test2/plots/qc/correlation_heatmap.png (deflated 16%)
  adding: var/folders/r0/l4fjk6cj5xj0j3brt4bplpl40000gt/T//RtmpitWgA5/test2/plots/qc/correlation_pairs.png (deflated 1%)
  adding: var/folders/r0/l4fjk6cj5xj0j3brt4bplpl40000gt/T//RtmpitWgA5/test2/plots/qc/filtered_genes.png (deflated 7%)
  adding: var/folders/r0/l4fjk6cj5xj0j3brt4bplpl40000gt/T//RtmpitWgA5/test2/plots/qc/mds.png (deflated 45%)
  adding: var/folders/r0/l4fjk6cj5xj0j3brt4bplpl40000gt/T//RtmpitWgA5/test2/plots/normalization/boxplot_normalized.png (deflated 14%)
  adding: var/folders/r0/l4fjk6cj5xj0j3brt4bplpl40000gt/T//RtmpitWgA5/test2/plots/normalization/boxplot_raw.png (deflated 15%)
  adding: var/folders/r0/l4fjk6cj5xj0j3brt4bplpl40000gt/T//RtmpitWgA5/test2/plots/normalization/gcbias_normalized.png (deflated 22%)
  adding: var/folders/r0/l4fjk6cj5xj0j3brt4bplpl40000gt/T//RtmpitWgA5/test2/plots/normalization/gcbias_raw.png (deflated 12%)
  adding: var/folders/r0/l4fjk6cj5xj0j3brt4bplpl40000gt/T//RtmpitWgA5/test2/plots/normalization/lengthbias_normalized.png (deflated 14%)
  adding: var/folders/r0/l4fjk6cj5xj0j3brt4bplpl40000gt/T//RtmpitWgA5/test2/plots/normalization/lengthbias_raw.png (deflated 8%)
  adding: var/folders/r0/l4fjk6cj5xj0j3brt4bplpl40000gt/T//RtmpitWgA5/test2/plots/normalization/meandiff_normalized_adult_8_weeks_a8w_1_a8w_2.png (deflated 8%)
  adding: var/folders/r0/l4fjk6cj5xj0j3brt4bplpl40000gt/T//RtmpitWgA5/test2/plots/normalization/meandiff_normalized_e14.5_e14.5_1_e14.5_2.png (deflated 8%)
  adding: var/folders/r0/l4fjk6cj5xj0j3brt4bplpl40000gt/T//RtmpitWgA5/test2/plots/normalization/meandiff_raw_adult_8_weeks_a8w_1_a8w_2.png (deflated 5%)
  adding: var/folders/r0/l4fjk6cj5xj0j3brt4bplpl40000gt/T//RtmpitWgA5/test2/plots/normalization/meandiff_raw_e14.5_e14.5_1_e14.5_2.png (deflated 5%)
  adding: var/folders/r0/l4fjk6cj5xj0j3brt4bplpl40000gt/T//RtmpitWgA5/test2/plots/normalization/meanvar_normalized.png (deflated 11%)
  adding: var/folders/r0/l4fjk6cj5xj0j3brt4bplpl40000gt/T//RtmpitWgA5/test2/plots/normalization/meanvar_raw.png (deflated 8%)
  adding: var/folders/r0/l4fjk6cj5xj0j3brt4bplpl40000gt/T//RtmpitWgA5/test2/plots/statistics/de_heatmap_adult_8_weeks_vs_e14.5_asis.png (deflated 10%)
  adding: var/folders/r0/l4fjk6cj5xj0j3brt4bplpl40000gt/T//RtmpitWgA5/test2/plots/statistics/de_heatmap_adult_8_weeks_vs_e14.5_zscore.png (deflated 9%)
  adding: var/folders/r0/l4fjk6cj5xj0j3brt4bplpl40000gt/T//RtmpitWgA5/test2/plots/statistics/mastat_plot_adult_8_weeks_vs_e14.5.png (deflated 5%)
  adding: var/folders/r0/l4fjk6cj5xj0j3brt4bplpl40000gt/T//RtmpitWgA5/test2/plots/statistics/volcano_plot_adult_8_weeks_vs_e14.5.png (deflated 13%)
  adding: var/folders/r0/l4fjk6cj5xj0j3brt4bplpl40000gt/T//RtmpitWgA5/test2/plots/qc/correlation_correlogram.pdf (deflated 4%)
  adding: var/folders/r0/l4fjk6cj5xj0j3brt4bplpl40000gt/T//RtmpitWgA5/test2/plots/qc/correlation_heatmap.pdf (deflated 26%)
  adding: var/folders/r0/l4fjk6cj5xj0j3brt4bplpl40000gt/T//RtmpitWgA5/test2/plots/qc/correlation_pairs.pdf (deflated 4%)
  adding: var/folders/r0/l4fjk6cj5xj0j3brt4bplpl40000gt/T//RtmpitWgA5/test2/plots/qc/filtered_genes.pdf (deflated 7%)
  adding: var/folders/r0/l4fjk6cj5xj0j3brt4bplpl40000gt/T//RtmpitWgA5/test2/plots/qc/mds.pdf (deflated 12%)
  adding: var/folders/r0/l4fjk6cj5xj0j3brt4bplpl40000gt/T//RtmpitWgA5/test2/plots/normalization/boxplot_normalized.pdf (deflated 8%)
  adding: var/folders/r0/l4fjk6cj5xj0j3brt4bplpl40000gt/T//RtmpitWgA5/test2/plots/normalization/boxplot_raw.pdf (deflated 12%)
  adding: var/folders/r0/l4fjk6cj5xj0j3brt4bplpl40000gt/T//RtmpitWgA5/test2/plots/normalization/gcbias_normalized.pdf (deflated 6%)
  adding: var/folders/r0/l4fjk6cj5xj0j3brt4bplpl40000gt/T//RtmpitWgA5/test2/plots/normalization/gcbias_raw.pdf (deflated 4%)
  adding: var/folders/r0/l4fjk6cj5xj0j3brt4bplpl40000gt/T//RtmpitWgA5/test2/plots/normalization/lengthbias_normalized.pdf (deflated 4%)
  adding: var/folders/r0/l4fjk6cj5xj0j3brt4bplpl40000gt/T//RtmpitWgA5/test2/plots/normalization/lengthbias_raw.pdf (deflated 1%)
  adding: var/folders/r0/l4fjk6cj5xj0j3brt4bplpl40000gt/T//RtmpitWgA5/test2/plots/normalization/meandiff_normalized_adult_8_weeks_a8w_1_a8w_2.pdf (deflated 33%)
  adding: var/folders/r0/l4fjk6cj5xj0j3brt4bplpl40000gt/T//RtmpitWgA5/test2/plots/normalization/meandiff_normalized_e14.5_e14.5_1_e14.5_2.pdf (deflated 33%)
  adding: var/folders/r0/l4fjk6cj5xj0j3brt4bplpl40000gt/T//RtmpitWgA5/test2/plots/normalization/meandiff_raw_adult_8_weeks_a8w_1_a8w_2.pdf (deflated 20%)
  adding: var/folders/r0/l4fjk6cj5xj0j3brt4bplpl40000gt/T//RtmpitWgA5/test2/plots/normalization/meandiff_raw_e14.5_e14.5_1_e14.5_2.pdf (deflated 20%)
  adding: var/folders/r0/l4fjk6cj5xj0j3brt4bplpl40000gt/T//RtmpitWgA5/test2/plots/normalization/meanvar_normalized.pdf (deflated 40%)
  adding: var/folders/r0/l4fjk6cj5xj0j3brt4bplpl40000gt/T//RtmpitWgA5/test2/plots/normalization/meanvar_raw.pdf (deflated 39%)
  adding: var/folders/r0/l4fjk6cj5xj0j3brt4bplpl40000gt/T//RtmpitWgA5/test2/plots/statistics/de_heatmap_adult_8_weeks_vs_e14.5_asis.pdf (deflated 10%)
  adding: var/folders/r0/l4fjk6cj5xj0j3brt4bplpl40000gt/T//RtmpitWgA5/test2/plots/statistics/de_heatmap_adult_8_weeks_vs_e14.5_zscore.pdf (deflated 8%)
  adding: var/folders/r0/l4fjk6cj5xj0j3brt4bplpl40000gt/T//RtmpitWgA5/test2/plots/statistics/mastat_plot_adult_8_weeks_vs_e14.5.pdf (deflated 5%)
  adding: var/folders/r0/l4fjk6cj5xj0j3brt4bplpl40000gt/T//RtmpitWgA5/test2/plots/statistics/volcano_plot_adult_8_weeks_vs_e14.5.pdf (deflated 2%)
trying URL 'https://raw.github.com/HubSpot/pace/v1.0.0/pace.min.js'
Content type 'text/plain; charset=utf-8' length 12363 bytes (12 KB)
==================================================
downloaded 12 KB

trying URL 'https://code.highcharts.com/highcharts.js'
downloaded 268 KB

trying URL 'https://code.highcharts.com/highcharts-more.js'
downloaded 92 KB

trying URL 'https://code.highcharts.com/modules/exporting.js'
downloaded 19 KB

trying URL 'https://code.highcharts.com/modules/offline-exporting.js'
downloaded 26 KB

trying URL 'https://code.highcharts.com/modules/export-data.js'
downloaded 12 KB

trying URL 'http://jvenn.toulouse.inrae.fr/app/js/canvas2svg.js'
Content type 'application/javascript' length 35122 bytes (34 KB)
==================================================
downloaded 34 KB

trying URL 'http://jvenn.toulouse.inrae.fr/app/js/jvenn.min.js'
Content type 'application/javascript' length 100524 bytes (98 KB)
==================================================
downloaded 98 KB

trying URL 'https://unpkg.com/dexie@2.0.4/dist/dexie.min.js'
downloaded 55 KB

  adding: var/folders/r0/l4fjk6cj5xj0j3brt4bplpl40000gt/T//RtmpitWgA5/test3/plots/qc/correlation_correlogram.png (deflated 2%)
  adding: var/folders/r0/l4fjk6cj5xj0j3brt4bplpl40000gt/T//RtmpitWgA5/test3/plots/qc/correlation_heatmap.png (deflated 16%)
  adding: var/folders/r0/l4fjk6cj5xj0j3brt4bplpl40000gt/T//RtmpitWgA5/test3/plots/qc/correlation_pairs.png (deflated 1%)
  adding: var/folders/r0/l4fjk6cj5xj0j3brt4bplpl40000gt/T//RtmpitWgA5/test3/plots/qc/filtered_genes.png (deflated 7%)
  adding: var/folders/r0/l4fjk6cj5xj0j3brt4bplpl40000gt/T//RtmpitWgA5/test3/plots/qc/mds.png (deflated 45%)
  adding: var/folders/r0/l4fjk6cj5xj0j3brt4bplpl40000gt/T//RtmpitWgA5/test3/plots/normalization/boxplot_normalized.png (deflated 24%)
  adding: var/folders/r0/l4fjk6cj5xj0j3brt4bplpl40000gt/T//RtmpitWgA5/test3/plots/normalization/boxplot_raw.png (deflated 15%)
  adding: var/folders/r0/l4fjk6cj5xj0j3brt4bplpl40000gt/T//RtmpitWgA5/test3/plots/normalization/gcbias_normalized.png (deflated 13%)
  adding: var/folders/r0/l4fjk6cj5xj0j3brt4bplpl40000gt/T//RtmpitWgA5/test3/plots/normalization/gcbias_raw.png (deflated 12%)
  adding: var/folders/r0/l4fjk6cj5xj0j3brt4bplpl40000gt/T//RtmpitWgA5/test3/plots/normalization/lengthbias_normalized.png (deflated 10%)
  adding: var/folders/r0/l4fjk6cj5xj0j3brt4bplpl40000gt/T//RtmpitWgA5/test3/plots/normalization/lengthbias_raw.png (deflated 8%)
  adding: var/folders/r0/l4fjk6cj5xj0j3brt4bplpl40000gt/T//RtmpitWgA5/test3/plots/normalization/meandiff_normalized_adult_8_weeks_a8w_1_a8w_2.png (deflated 5%)
  adding: var/folders/r0/l4fjk6cj5xj0j3brt4bplpl40000gt/T//RtmpitWgA5/test3/plots/normalization/meandiff_normalized_e14.5_e14.5_1_e14.5_2.png (deflated 5%)
  adding: var/folders/r0/l4fjk6cj5xj0j3brt4bplpl40000gt/T//RtmpitWgA5/test3/plots/normalization/meandiff_raw_adult_8_weeks_a8w_1_a8w_2.png (deflated 5%)
  adding: var/folders/r0/l4fjk6cj5xj0j3brt4bplpl40000gt/T//RtmpitWgA5/test3/plots/normalization/meandiff_raw_e14.5_e14.5_1_e14.5_2.png (deflated 5%)
  adding: var/folders/r0/l4fjk6cj5xj0j3brt4bplpl40000gt/T//RtmpitWgA5/test3/plots/normalization/meanvar_normalized.png (deflated 7%)
  adding: var/folders/r0/l4fjk6cj5xj0j3brt4bplpl40000gt/T//RtmpitWgA5/test3/plots/normalization/meanvar_raw.png (deflated 8%)
  adding: var/folders/r0/l4fjk6cj5xj0j3brt4bplpl40000gt/T//RtmpitWgA5/test3/plots/statistics/de_heatmap_adult_8_weeks_vs_e14.5_asis.png (deflated 10%)
  adding: var/folders/r0/l4fjk6cj5xj0j3brt4bplpl40000gt/T//RtmpitWgA5/test3/plots/statistics/de_heatmap_adult_8_weeks_vs_e14.5_zscore.png (deflated 9%)
  adding: var/folders/r0/l4fjk6cj5xj0j3brt4bplpl40000gt/T//RtmpitWgA5/test3/plots/statistics/mastat_plot_adult_8_weeks_vs_e14.5.png (deflated 5%)
  adding: var/folders/r0/l4fjk6cj5xj0j3brt4bplpl40000gt/T//RtmpitWgA5/test3/plots/statistics/volcano_plot_adult_8_weeks_vs_e14.5.png (deflated 13%)
  adding: var/folders/r0/l4fjk6cj5xj0j3brt4bplpl40000gt/T//RtmpitWgA5/test3/plots/qc/correlation_correlogram.pdf (deflated 4%)
  adding: var/folders/r0/l4fjk6cj5xj0j3brt4bplpl40000gt/T//RtmpitWgA5/test3/plots/qc/correlation_heatmap.pdf (deflated 26%)
  adding: var/folders/r0/l4fjk6cj5xj0j3brt4bplpl40000gt/T//RtmpitWgA5/test3/plots/qc/correlation_pairs.pdf (deflated 4%)
  adding: var/folders/r0/l4fjk6cj5xj0j3brt4bplpl40000gt/T//RtmpitWgA5/test3/plots/qc/filtered_genes.pdf (deflated 7%)
  adding: var/folders/r0/l4fjk6cj5xj0j3brt4bplpl40000gt/T//RtmpitWgA5/test3/plots/qc/mds.pdf (deflated 12%)
  adding: var/folders/r0/l4fjk6cj5xj0j3brt4bplpl40000gt/T//RtmpitWgA5/test3/plots/normalization/boxplot_normalized.pdf (deflated 12%)
  adding: var/folders/r0/l4fjk6cj5xj0j3brt4bplpl40000gt/T//RtmpitWgA5/test3/plots/normalization/boxplot_raw.pdf (deflated 12%)
  adding: var/folders/r0/l4fjk6cj5xj0j3brt4bplpl40000gt/T//RtmpitWgA5/test3/plots/normalization/gcbias_normalized.pdf (deflated 4%)
  adding: var/folders/r0/l4fjk6cj5xj0j3brt4bplpl40000gt/T//RtmpitWgA5/test3/plots/normalization/gcbias_raw.pdf (deflated 4%)
  adding: var/folders/r0/l4fjk6cj5xj0j3brt4bplpl40000gt/T//RtmpitWgA5/test3/plots/normalization/lengthbias_normalized.pdf (deflated 2%)
  adding: var/folders/r0/l4fjk6cj5xj0j3brt4bplpl40000gt/T//RtmpitWgA5/test3/plots/normalization/lengthbias_raw.pdf (deflated 1%)
  adding: var/folders/r0/l4fjk6cj5xj0j3brt4bplpl40000gt/T//RtmpitWgA5/test3/plots/normalization/meandiff_normalized_adult_8_weeks_a8w_1_a8w_2.pdf (deflated 21%)
  adding: var/folders/r0/l4fjk6cj5xj0j3brt4bplpl40000gt/T//RtmpitWgA5/test3/plots/normalization/meandiff_normalized_e14.5_e14.5_1_e14.5_2.pdf (deflated 21%)
  adding: var/folders/r0/l4fjk6cj5xj0j3brt4bplpl40000gt/T//RtmpitWgA5/test3/plots/normalization/meandiff_raw_adult_8_weeks_a8w_1_a8w_2.pdf (deflated 20%)
  adding: var/folders/r0/l4fjk6cj5xj0j3brt4bplpl40000gt/T//RtmpitWgA5/test3/plots/normalization/meandiff_raw_e14.5_e14.5_1_e14.5_2.pdf (deflated 20%)
  adding: var/folders/r0/l4fjk6cj5xj0j3brt4bplpl40000gt/T//RtmpitWgA5/test3/plots/normalization/meanvar_normalized.pdf (deflated 30%)
  adding: var/folders/r0/l4fjk6cj5xj0j3brt4bplpl40000gt/T//RtmpitWgA5/test3/plots/normalization/meanvar_raw.pdf (deflated 39%)
  adding: var/folders/r0/l4fjk6cj5xj0j3brt4bplpl40000gt/T//RtmpitWgA5/test3/plots/statistics/de_heatmap_adult_8_weeks_vs_e14.5_asis.pdf (deflated 10%)
  adding: var/folders/r0/l4fjk6cj5xj0j3brt4bplpl40000gt/T//RtmpitWgA5/test3/plots/statistics/de_heatmap_adult_8_weeks_vs_e14.5_zscore.pdf (deflated 8%)
  adding: var/folders/r0/l4fjk6cj5xj0j3brt4bplpl40000gt/T//RtmpitWgA5/test3/plots/statistics/mastat_plot_adult_8_weeks_vs_e14.5.pdf (deflated 5%)
  adding: var/folders/r0/l4fjk6cj5xj0j3brt4bplpl40000gt/T//RtmpitWgA5/test3/plots/statistics/volcano_plot_adult_8_weeks_vs_e14.5.pdf (deflated 2%)
trying URL 'https://raw.github.com/HubSpot/pace/v1.0.0/pace.min.js'
Content type 'text/plain; charset=utf-8' length 12363 bytes (12 KB)
==================================================
downloaded 12 KB

trying URL 'https://code.highcharts.com/highcharts.js'
downloaded 268 KB

trying URL 'https://code.highcharts.com/highcharts-more.js'
downloaded 92 KB

trying URL 'https://code.highcharts.com/modules/exporting.js'
downloaded 19 KB

trying URL 'https://code.highcharts.com/modules/offline-exporting.js'
downloaded 26 KB

trying URL 'https://code.highcharts.com/modules/export-data.js'
downloaded 12 KB

trying URL 'http://jvenn.toulouse.inrae.fr/app/js/canvas2svg.js'
Content type 'application/javascript' length 35122 bytes (34 KB)
==================================================
downloaded 34 KB

trying URL 'http://jvenn.toulouse.inrae.fr/app/js/jvenn.min.js'
Content type 'application/javascript' length 100524 bytes (98 KB)
==================================================
downloaded 98 KB

trying URL 'https://unpkg.com/dexie@2.0.4/dist/dexie.min.js'
downloaded 55 KB

  adding: var/folders/r0/l4fjk6cj5xj0j3brt4bplpl40000gt/T//RtmpitWgA5/test4/plots/qc/correlation_correlogram.png (deflated 2%)
  adding: var/folders/r0/l4fjk6cj5xj0j3brt4bplpl40000gt/T//RtmpitWgA5/test4/plots/qc/correlation_heatmap.png (deflated 16%)
  adding: var/folders/r0/l4fjk6cj5xj0j3brt4bplpl40000gt/T//RtmpitWgA5/test4/plots/qc/correlation_pairs.png (deflated 1%)
  adding: var/folders/r0/l4fjk6cj5xj0j3brt4bplpl40000gt/T//RtmpitWgA5/test4/plots/qc/filtered_genes.png (deflated 7%)
  adding: var/folders/r0/l4fjk6cj5xj0j3brt4bplpl40000gt/T//RtmpitWgA5/test4/plots/qc/mds.png (deflated 45%)
  adding: var/folders/r0/l4fjk6cj5xj0j3brt4bplpl40000gt/T//RtmpitWgA5/test4/plots/normalization/boxplot_normalized.png (deflated 24%)
  adding: var/folders/r0/l4fjk6cj5xj0j3brt4bplpl40000gt/T//RtmpitWgA5/test4/plots/normalization/boxplot_raw.png (deflated 15%)
  adding: var/folders/r0/l4fjk6cj5xj0j3brt4bplpl40000gt/T//RtmpitWgA5/test4/plots/normalization/gcbias_normalized.png (deflated 13%)
  adding: var/folders/r0/l4fjk6cj5xj0j3brt4bplpl40000gt/T//RtmpitWgA5/test4/plots/normalization/gcbias_raw.png (deflated 12%)
  adding: var/folders/r0/l4fjk6cj5xj0j3brt4bplpl40000gt/T//RtmpitWgA5/test4/plots/normalization/lengthbias_normalized.png (deflated 10%)
  adding: var/folders/r0/l4fjk6cj5xj0j3brt4bplpl40000gt/T//RtmpitWgA5/test4/plots/normalization/lengthbias_raw.png (deflated 8%)
  adding: var/folders/r0/l4fjk6cj5xj0j3brt4bplpl40000gt/T//RtmpitWgA5/test4/plots/normalization/meandiff_normalized_adult_8_weeks_a8w_1_a8w_2.png (deflated 5%)
  adding: var/folders/r0/l4fjk6cj5xj0j3brt4bplpl40000gt/T//RtmpitWgA5/test4/plots/normalization/meandiff_normalized_e14.5_e14.5_1_e14.5_2.png (deflated 5%)
  adding: var/folders/r0/l4fjk6cj5xj0j3brt4bplpl40000gt/T//RtmpitWgA5/test4/plots/normalization/meandiff_raw_adult_8_weeks_a8w_1_a8w_2.png (deflated 5%)
  adding: var/folders/r0/l4fjk6cj5xj0j3brt4bplpl40000gt/T//RtmpitWgA5/test4/plots/normalization/meandiff_raw_e14.5_e14.5_1_e14.5_2.png (deflated 5%)
  adding: var/folders/r0/l4fjk6cj5xj0j3brt4bplpl40000gt/T//RtmpitWgA5/test4/plots/normalization/meanvar_normalized.png (deflated 7%)
  adding: var/folders/r0/l4fjk6cj5xj0j3brt4bplpl40000gt/T//RtmpitWgA5/test4/plots/normalization/meanvar_raw.png (deflated 8%)
  adding: var/folders/r0/l4fjk6cj5xj0j3brt4bplpl40000gt/T//RtmpitWgA5/test4/plots/statistics/de_heatmap_adult_8_weeks_vs_e14.5_asis.png (deflated 10%)
  adding: var/folders/r0/l4fjk6cj5xj0j3brt4bplpl40000gt/T//RtmpitWgA5/test4/plots/statistics/de_heatmap_adult_8_weeks_vs_e14.5_zscore.png (deflated 9%)
  adding: var/folders/r0/l4fjk6cj5xj0j3brt4bplpl40000gt/T//RtmpitWgA5/test4/plots/statistics/mastat_plot_adult_8_weeks_vs_e14.5.png (deflated 5%)
  adding: var/folders/r0/l4fjk6cj5xj0j3brt4bplpl40000gt/T//RtmpitWgA5/test4/plots/statistics/volcano_plot_adult_8_weeks_vs_e14.5.png (deflated 12%)
trying URL 'https://raw.github.com/HubSpot/pace/v1.0.0/pace.min.js'
Content type 'text/plain; charset=utf-8' length 12363 bytes (12 KB)
==================================================
downloaded 12 KB

trying URL 'https://code.highcharts.com/highcharts.js'
downloaded 268 KB

trying URL 'https://code.highcharts.com/highcharts-more.js'
downloaded 92 KB

trying URL 'https://code.highcharts.com/modules/exporting.js'

Quitting from lines 380-412 [example-4] (metaseqr2-statistics.Rmd)
Error: processing vignette 'metaseqr2-statistics.Rmd' failed with diagnostics:
cannot open URL 'https://code.highcharts.com/modules/exporting.js'
--- failed re-building ‘metaseqr2-statistics.Rmd’

SUMMARY: processing the following file failed:
  ‘metaseqr2-statistics.Rmd’

Error: Vignette re-building failed.
Execution halted