##############################################################################
##############################################################################
###
### Running command:
###
###   /home/biocbuild/R/R/bin/R CMD check --install=check:easyRNASeq.install-out.txt --library=/home/biocbuild/R/R/site-library --no-vignettes --timings easyRNASeq_2.43.0.tar.gz
###
##############################################################################
##############################################################################


* using log directory ‘/home/biocbuild/bbs-3.21-bioc/meat/easyRNASeq.Rcheck’
* using R Under development (unstable) (2024-11-24 r87369)
* using platform: aarch64-unknown-linux-gnu
* R was compiled by
    aarch64-unknown-linux-gnu-gcc (GCC) 14.2.0
    GNU Fortran (GCC) 14.2.0
* running under: openEuler 24.03 (LTS)
* using session charset: UTF-8
* using option ‘--no-vignettes’
* checking for file ‘easyRNASeq/DESCRIPTION’ ... OK
* checking extension type ... Package
* this is package ‘easyRNASeq’ version ‘2.43.0’
* package encoding: UTF-8
* checking package namespace information ... OK
* checking package dependencies ... INFO
Files named as vignettes but with no recognized vignette engine:
   ‘inst/doc/01-Introduction.Rmd’
   ‘inst/doc/02-AnnotParam.Rmd’
   ‘inst/doc/03-SyntheticTranscripts.Rmd’
   ‘inst/doc/04-BamParam.Rmd’
   ‘inst/doc/05-RnaSeqParam.Rmd’
   ‘inst/doc/06-simpleRNASeq.Rmd’
   ‘inst/doc/07-cleanUp.Rmd’
   ‘inst/doc/08-Session-Info.Rmd’
   ‘inst/doc/09-Acknowledgments.Rmd’
   ‘inst/doc/10-Foonotes.Rmd’
   ‘inst/doc/11-Images.Rmd’
   ‘inst/doc/12-Appendix.Rmd’
(Is a VignetteBuilder field missing?)
* checking if this is a source package ... OK
* checking if there is a namespace ... OK
* checking for hidden files and directories ... OK
* checking for portable file names ... OK
* checking for sufficient/correct file permissions ... OK
* checking whether package ‘easyRNASeq’ can be installed ... WARNING
Found the following significant warnings:
  Warning: program compiled against libxml 212 using older 211
See ‘/home/biocbuild/bbs-3.21-bioc/meat/easyRNASeq.Rcheck/00install.out’ for details.
* checking installed package size ... OK
* checking package directory ... OK
* checking ‘build’ directory ... OK
* checking DESCRIPTION meta-information ... OK
* checking top-level files ... OK
* checking for left-over files ... OK
* checking index information ... OK
* checking package subdirectories ... OK
* checking code files for non-ASCII characters ... OK
* checking R files for syntax errors ... OK
* checking whether the package can be loaded ... OK
* checking whether the package can be loaded with stated dependencies ... OK
* checking whether the package can be unloaded cleanly ... OK
* checking whether the namespace can be loaded with stated dependencies ... NOTE
Warning: program compiled against libxml 212 using older 211

A namespace must be able to be loaded with just the base namespace
loaded: otherwise if the namespace gets loaded by a saved object, the
session will be unable to start.

Probably some imports need to be declared in the NAMESPACE file.
* checking whether the namespace can be unloaded cleanly ... OK
* checking loading without being on the library search path ... OK
* checking whether startup messages can be suppressed ... NOTE
Warning: program compiled against libxml 212 using older 211

It looks like this package (or a package it requires) has a startup
message which cannot be suppressed: see ?packageStartupMessage.
* checking dependencies in R code ... NOTE
Warning: program compiled against libxml 212 using older 211
* checking S3 generic/method consistency ... WARNING
Warning: program compiled against libxml 212 using older 211
See section ‘Generic functions and methods’ in the ‘Writing R
Extensions’ manual.
* checking replacement functions ... WARNING
Warning: program compiled against libxml 212 using older 211
The argument of a replacement function which corresponds to the right
hand side must be named ‘value’.
* checking foreign function calls ... NOTE
Warning: program compiled against libxml 212 using older 211
See chapter ‘System and foreign language interfaces’ in the ‘Writing R
Extensions’ manual.
* checking R code for possible problems ... NOTE
Warning: program compiled against libxml 212 using older 211
* checking Rd files ... NOTE
checkRd: (-1) easyRNASeq-AnnotParam.Rd:40-43: Lost braces in \itemize; meant \describe ?
checkRd: (-1) easyRNASeq-AnnotParam.Rd:44-51: Lost braces in \itemize; meant \describe ?
checkRd: (-1) easyRNASeq-RnaSeqParam-class.Rd:14: Lost braces in \itemize; meant \describe ?
checkRd: (-1) easyRNASeq-RnaSeqParam-class.Rd:15: Lost braces in \itemize; meant \describe ?
checkRd: (-1) easyRNASeq-annotation-methods.Rd:25: Lost braces in \itemize; meant \describe ?
checkRd: (-1) easyRNASeq-annotation-methods.Rd:26: Lost braces in \itemize; meant \describe ?
checkRd: (-1) easyRNASeq-correction-methods.Rd:48-50: Lost braces in \itemize; meant \describe ?
checkRd: (-1) easyRNASeq-correction-methods.Rd:51-54: Lost braces in \itemize; meant \describe ?
checkRd: (-1) easyRNASeq-datasets.Rd:11-21: Lost braces in \itemize; meant \describe ?
checkRd: (-1) easyRNASeq-internal-AnnotParam-methods.Rd:25: Lost braces
    25 | These are \code{\linkS4class{AnnotParam}}{AnnotParam} class internal methods:
       |                                          ^
checkRd: (-1) easyRNASeq-package.Rd:109-112: Lost braces in \itemize; meant \describe ?
checkRd: (-1) easyRNASeq-package.Rd:113-121: Lost braces in \itemize; meant \describe ?
* checking Rd metadata ... OK
* checking Rd cross-references ... NOTE
Found the following Rd file(s) with Rd \link{} targets missing package
anchors:
  BiocFileCache-methods.Rd: BiocFileCache-class
  GenomicRanges-methods.Rd: GRangesList-class, GAlignments-class,
    DataFrame-class
  IRanges-methods.Rd: IRangesList-class
  Rsamtools-methods.Rd: BamFile-class
  ShortRead-methods.Rd: AlignedRead-class, SRFilter-class
  basename-methods.Rd: BamFile-class
  easyRNASeq-annotation-internal-methods.Rd:
    Genome_intervals_stranded-class
  easyRNASeq-class.Rd: GRangesList-class, RleList-class
  easyRNASeq-coverage-methods.Rd: Rle-class
  easyRNASeq-easyRNASeq.Rd: GRangesList-class
  easyRNASeq-simpleRNASeq.Rd: BamFile-class
  edgeR-methods.Rd: DGEList-class
  file.exists-methods.Rd: BamFile-class
  genomeIntervals-methods.Rd: Genome_intervals-class
Please provide package anchors for all Rd \link{} targets not in the
package itself and the base packages.
* checking for missing documentation entries ... WARNING
Warning: program compiled against libxml 212 using older 211
All user-level objects in a package should have documentation entries.
See chapter ‘Writing R documentation files’ in the ‘Writing R
Extensions’ manual.
* checking for code/documentation mismatches ... WARNING
Warning: program compiled against libxml 212 using older 211
Warning: program compiled against libxml 212 using older 211
Warning: program compiled against libxml 212 using older 211
* checking Rd \usage sections ... WARNING
Documented arguments not in \usage in Rd file 'easyRNASeq-annotation-internal-methods.Rd':
  ‘annotation.type’ ‘fields’ ‘filename’ ‘format’ ‘gAnnot’ ‘nbCore’

Objects in \usage without \alias in Rd file 'easyRNASeq-coverage-methods.Rd':
  ‘\S4method{fetchCoverage}{RNAseq}’

Documented arguments not in \usage in Rd file 'easyRNASeq-internal-AnnotParam-methods.Rd':
  ‘...’

Documented arguments not in \usage in Rd file 'easyRNASeq-internal-methods.Rd':
  ‘arg’ ‘chr.names’ ‘fun’ ‘organism’ ‘type’ ‘value’ ‘x’ ‘...’

Documented arguments not in \usage in Rd file 'easyRNASeq-summarization-internal-methods.Rd':
  ‘chr.map’ ‘chr.sel’ ‘cList’ ‘count’ ‘filename’ ‘filter’ ‘format’
  ‘gapped’ ‘min.cov’ ‘min.length’ ‘max.gap’ ‘plot’ ‘rnaSeq’
  ‘summarization’ ‘silent’ ‘subType’ ‘type’ ‘validity.check’ ‘values’
  ‘...’

Functions with \usage entries need to have the appropriate \alias
entries, and all their arguments documented.
The \usage entries must correspond to syntactically valid R code.
See chapter ‘Writing R documentation files’ in the ‘Writing R
Extensions’ manual.
Warning: program compiled against libxml 212 using older 211
The \usage entries for S3 methods should use the \method markup and not
their full name.
See chapter ‘Writing R documentation files’ in the ‘Writing R
Extensions’ manual.
* checking Rd contents ... OK
* checking for unstated dependencies in examples ... OK
* checking contents of ‘data’ directory ... OK
* checking data for non-ASCII characters ... OK
* checking data for ASCII and uncompressed saves ... OK
* checking line endings in Makefiles ... OK
* checking for GNU extensions in Makefiles ... OK
* checking include directives in Makefiles ... OK
* checking files in ‘vignettes’ ... OK
* checking examples ... OK
Examples with CPU (user + system) or elapsed time > 5s
                                   user system elapsed
easyRNASeq-simpleRNASeq          93.329  0.779 111.607
easyRNASeq-package               60.387  1.832  95.441
easyRNASeq-synthetic-transcripts 41.825  0.315  46.550
BiocFileCache-methods            16.657  0.910  80.151
easyRNASeq-BamFileList           10.771  0.661  26.975
Rsamtools-methods                 8.749  0.319  23.439
* checking for unstated dependencies in ‘tests’ ... OK
* checking tests ...
  Running ‘runTests.R’
 OK
* checking for unstated dependencies in vignettes ... OK
* checking package vignettes ... OK
* checking running R code from vignettes ... SKIPPED
* checking re-building of vignette outputs ... SKIPPED
* checking PDF version of manual ... OK
* DONE

Status: 6 WARNINGs, 7 NOTEs
See
  ‘/home/biocbuild/bbs-3.21-bioc/meat/easyRNASeq.Rcheck/00check.log’
for details.