##############################################################################
##############################################################################
###
### Running command:
###
###   E:\biocbuild\bbs-3.21-bioc\R\bin\R.exe CMD check --no-multiarch --install=check:TCGAbiolinks.install-out.txt --library=E:\biocbuild\bbs-3.21-bioc\R\library --no-vignettes --timings TCGAbiolinks_2.35.3.tar.gz
###
##############################################################################
##############################################################################


* using log directory 'E:/biocbuild/bbs-3.21-bioc/meat/TCGAbiolinks.Rcheck'
* using R Under development (unstable) (2025-01-21 r87610 ucrt)
* using platform: x86_64-w64-mingw32
* R was compiled by
    gcc.exe (GCC) 13.3.0
    GNU Fortran (GCC) 13.3.0
* running under: Windows Server 2022 x64 (build 20348)
* using session charset: UTF-8
* using option '--no-vignettes'
* checking for file 'TCGAbiolinks/DESCRIPTION' ... OK
* checking extension type ... Package
* this is package 'TCGAbiolinks' version '2.35.3'
* package encoding: UTF-8
* checking package namespace information ... OK
* checking package dependencies ... OK
* checking if this is a source package ... OK
* checking if there is a namespace ... OK
* checking for hidden files and directories ... OK
* checking for portable file names ... OK
* checking whether package 'TCGAbiolinks' can be installed ... OK
* checking installed package size ... INFO
  installed size is  6.2Mb
  sub-directories of 1Mb or more:
    R      1.6Mb
    data   4.3Mb
* checking package directory ... OK
* checking 'build' directory ... OK
* checking DESCRIPTION meta-information ... OK
* checking top-level files ... OK
* checking for left-over files ... OK
* checking index information ... OK
* checking package subdirectories ... OK
* checking code files for non-ASCII characters ... OK
* checking R files for syntax errors ... OK
* checking whether the package can be loaded ... OK
* checking whether the package can be loaded with stated dependencies ... OK
* checking whether the package can be unloaded cleanly ... OK
* checking whether the namespace can be loaded with stated dependencies ... OK
* checking whether the namespace can be unloaded cleanly ... OK
* checking whether startup messages can be suppressed ... OK
* checking dependencies in R code ... WARNING
'::' or ':::' import not declared from: 'dnet'
* checking S3 generic/method consistency ... WARNING
print:
  function(x, ...)
print.header:
  function(text, type)
See section 'Generic functions and methods' in the 'Writing R
Extensions' manual.
* checking replacement functions ... OK
* checking foreign function calls ... OK
* checking R code for possible problems ... NOTE
GDCprepare_clinic: no visible binding for global variable
  'bcr_patient_barcode'
GDCprepare_clinic: no visible binding for global variable
  'days_to_last_followup'
GDCprepare_clinic: no visible binding for global variable
  'vital_status'
GDCquery : <anonymous>: no visible binding for global variable
  'submitter_id'
GDCquery : <anonymous>: no visible binding for global variable
  'is_ffpe'
GDCquery_clinic: no visible binding for global variable 'submitter_id'
GDCquery_clinic: no visible global function definition for 'across'
GDCquery_clinic: no visible global function definition for 'everything'
GDCquery_clinic : <anonymous>: no visible binding for global variable
  'submitter_id'
GDCquery_clinic : <anonymous>: no visible global function definition
  for 'across'
GDCquery_clinic : <anonymous>: no visible global function definition
  for 'everything'
TCGAanalyze_DEA: no visible binding for global variable 'barcode'
TCGAanalyze_DEA: no visible binding for global variable 'clinical'
TCGAquery_recount2: no visible binding for global variable 'rse_gene'
TCGAtumor_purity: no visible binding for global variable 'Tumor.purity'
TCGAvisualize_oncoprint: no visible binding for global variable 'value'
TCGAvisualize_starburst: no visible binding for global variable
  'gene_name'
TCGAvisualize_starburst: no visible binding for global variable
  'geFDR2'
TCGAvisualize_starburst: no visible binding for global variable 'logFC'
TCGAvisualize_starburst: no visible binding for global variable
  'meFDR2'
TCGAvisualize_starburst: no visible binding for global variable
  'threshold.starburst'
TCGAvisualize_starburst: no visible binding for global variable
  'starburst.status'
colDataPrepare: no visible binding for global variable
  'sample_submitter_id'
colDataPrepare: no visible binding for global variable 'submitter_id'
readExonQuantification: no visible binding for global variable 'exon'
readExonQuantification: no visible binding for global variable
  'coordinates'
readSingleCellAnalysis : <anonymous>: no visible global function
  definition for 'Read10X'
read_gene_expression_quantification : <anonymous>: no visible binding
  for '<<-' assignment to 'assay.list'
read_gene_expression_quantification: no visible binding for global
  variable 'assay.list'
Undefined global functions or variables:
  Read10X Tumor.purity across assay.list barcode bcr_patient_barcode
  clinical coordinates days_to_last_followup everything exon geFDR2
  gene_name is_ffpe logFC meFDR2 rse_gene sample_submitter_id
  starburst.status submitter_id threshold.starburst value vital_status
* checking Rd files ... OK
* checking Rd metadata ... OK
* checking Rd cross-references ... OK
* checking for missing documentation entries ... OK
* checking for code/documentation mismatches ... OK
* checking Rd \usage sections ... OK
* checking Rd contents ... OK
* checking for unstated dependencies in examples ... OK
* checking contents of 'data' directory ... OK
* checking data for non-ASCII characters ... OK
* checking LazyData ... OK
* checking data for ASCII and uncompressed saves ... OK
* checking R/sysdata.rda ... OK
* checking files in 'vignettes' ... OK
* checking examples ... OK
Examples with CPU (user + system) or elapsed time > 5s
                      user system elapsed
TCGAanalyze_DEA      12.39   0.59   12.98
getManifest           9.00   0.10  105.67
TCGAanalyze_LevelTab  6.71   0.18    6.87
GDCquery              2.06   0.06   14.61
GDCprepare_clinic     1.50   0.11   35.66
getResults            1.45   0.03   13.39
GDCquery_clinic       1.08   0.03    5.03
matchedMetExp         0.97   0.06   10.69
* checking for unstated dependencies in 'tests' ... OK
* checking tests ...
  Running 'testthat.R'
 OK
* checking for unstated dependencies in vignettes ... OK
* checking package vignettes ... OK
* checking running R code from vignettes ... SKIPPED
* checking re-building of vignette outputs ... SKIPPED
* checking PDF version of manual ... OK
* DONE

Status: 2 WARNINGs, 1 NOTE
See
  'E:/biocbuild/bbs-3.21-bioc/meat/TCGAbiolinks.Rcheck/00check.log'
for details.