##############################################################################
##############################################################################
###
### Running command:
###
###   /Library/Frameworks/R.framework/Resources/bin/R CMD build --keep-empty-dirs --no-resave-data IPO
###
##############################################################################
##############################################################################


* checking for file ‘IPO/DESCRIPTION’ ... OK
* preparing ‘IPO’:
* checking DESCRIPTION meta-information ... OK
* installing the package to build vignettes
* creating vignettes ... ERROR
--- re-building ‘IPO.Rmd’ using rmarkdown
2025-02-19 16:44:49.261 R[71067:552140724] XType: Using static font registry.

Quitting from lines 119-134 [optimize_peak_picking] (IPO.Rmd)
Error: processing vignette 'IPO.Rmd' failed with diagnostics:
QuartzBitmap_Output - unable to open file '/var/folders/r0/l4fjk6cj5xj0j3brt4bplpl40000gt/T//Rtmp3VCKt1/file1159b325c9e30'
--- failed re-building ‘IPO.Rmd’

SUMMARY: processing the following file failed:
  ‘IPO.Rmd’

Error: Vignette re-building failed.
Execution halted