##############################################################################
##############################################################################
###
### Running command:
###
###   /home/biocbuild/R/R/bin/R CMD build --keep-empty-dirs --no-resave-data HiContacts
###
##############################################################################
##############################################################################


* checking for file ‘HiContacts/DESCRIPTION’ ... OK
* preparing ‘HiContacts’:
* checking DESCRIPTION meta-information ... OK
* installing the package to build vignettes
* creating vignettes ... ERROR
--- re-building ‘HiContacts.Rmd’ using rmarkdown

Quitting from lines 87-93 [unnamed-chunk-5] (HiContacts.Rmd)
Error: processing vignette 'HiContacts.Rmd' failed with diagnostics:
error in evaluating the argument 'x' in selecting a method for function 'plotMatrix': error in evaluating the argument 'con' in selecting a method for function 'import': Object '/bins/end' does not exist in this HDF5 file.
--- failed re-building ‘HiContacts.Rmd’

SUMMARY: processing the following file failed:
  ‘HiContacts.Rmd’

Error: Vignette re-building failed.
Execution halted