##############################################################################
##############################################################################
###
### Running command:
###
###   /Library/Frameworks/R.framework/Resources/bin/R CMD check --install=check:twilight.install-out.txt --library=/Library/Frameworks/R.framework/Resources/library --no-vignettes --timings twilight_1.80.0.tar.gz
###
##############################################################################
##############################################################################


* using log directory ‘/Users/biocbuild/bbs-3.19-bioc/meat/twilight.Rcheck’
* using R version 4.4.0 (2024-04-24)
* using platform: x86_64-apple-darwin20
* R was compiled by
    Apple clang version 14.0.0 (clang-1400.0.29.202)
    GNU Fortran (GCC) 12.2.0
* running under: macOS Monterey 12.7.1
* using session charset: UTF-8
* using option ‘--no-vignettes’
* checking for file ‘twilight/DESCRIPTION’ ... OK
* this is package ‘twilight’ version ‘1.80.0’
* checking package namespace information ... OK
* checking package dependencies ... OK
* checking if this is a source package ... OK
* checking if there is a namespace ... OK
* checking for hidden files and directories ... OK
* checking for portable file names ... OK
* checking for sufficient/correct file permissions ... OK
* checking whether package ‘twilight’ can be installed ... WARNING
Found the following significant warnings:
  sep.c:70:16: warning: using floating point absolute value function 'fabs' when argument is of integer type [-Wabsolute-value]
  sep.c:97:20: warning: using floating point absolute value function 'fabs' when argument is of integer type [-Wabsolute-value]
  sep.c:116:19: warning: using floating point absolute value function 'fabs' when argument is of integer type [-Wabsolute-value]
  sep.c:143:16: warning: using floating point absolute value function 'fabs' when argument is of integer type [-Wabsolute-value]
See ‘/Users/biocbuild/bbs-3.19-bioc/meat/twilight.Rcheck/00install.out’ for details.
* used C compiler: ‘Apple clang version 14.0.0 (clang-1400.0.29.202)’
* used SDK: ‘MacOSX11.3.sdk’
* checking installed package size ... OK
* checking package directory ... OK
* checking ‘build’ directory ... OK
* checking DESCRIPTION meta-information ... NOTE
Packages listed in more than one of Depends, Imports, Suggests, Enhances:
  ‘Biobase’ ‘stats’
A package should be listed in only one of these fields.
* checking top-level files ... OK
* checking for left-over files ... OK
* checking index information ... OK
* checking package subdirectories ... OK
* checking code files for non-ASCII characters ... OK
* checking R files for syntax errors ... OK
* checking whether the package can be loaded ... OK
* checking whether the package can be loaded with stated dependencies ... OK
* checking whether the package can be unloaded cleanly ... OK
* checking whether the namespace can be loaded with stated dependencies ... OK
* checking whether the namespace can be unloaded cleanly ... OK
* checking dependencies in R code ... NOTE
Package in Depends field not imported from: ‘splines’
  These packages need to be imported from (in the NAMESPACE file)
  for when this namespace is loaded but not attached.
* checking S3 generic/method consistency ... OK
* checking replacement functions ... OK
* checking foreign function calls ... OK
* checking R code for possible problems ... NOTE
NB: .First.lib is obsolete and will not be used in R >= 3.0.0

twilight: no visible global function definition for ‘makeCluster’
twilight: no visible global function definition for ‘clusterEvalQ’
twilight: no visible binding for '<<-' assignment to
  ‘.twilight.lambda.xxx’
twilight: no visible binding for '<<-' assignment to
  ‘.twilight.pval.xxx’
twilight: no visible binding for '<<-' assignment to
  ‘.twilight.score.xxx’
twilight: no visible global function definition for ‘clusterExport’
twilight: no visible global function definition for ‘parCapply’
twilight: no visible binding for global variable ‘.twilight.lambda.xxx’
twilight: no visible binding for global variable ‘.twilight.pval.xxx’
twilight: no visible binding for global variable ‘.twilight.score.xxx’
twilight: no visible global function definition for ‘stopCluster’
Undefined global functions or variables:
  .twilight.lambda.xxx .twilight.pval.xxx .twilight.score.xxx
  clusterEvalQ clusterExport makeCluster parCapply stopCluster
* checking Rd files ... OK
* checking Rd metadata ... OK
* checking Rd cross-references ... OK
* checking for missing documentation entries ... OK
* checking for code/documentation mismatches ... OK
* checking Rd \usage sections ... OK
* checking Rd contents ... OK
* checking for unstated dependencies in examples ... OK
* checking contents of ‘data’ directory ... OK
* checking data for non-ASCII characters ... OK
* checking data for ASCII and uncompressed saves ... OK
* checking line endings in C/C++/Fortran sources/headers ... OK
* checking line endings in Makefiles ... OK
* checking for GNU extensions in Makefiles ... OK
* checking include directives in Makefiles ... OK
* checking compiled code ... NOTE
Note: information on .o files is not available
File ‘/Library/Frameworks/R.framework/Versions/4.4-x86_64/Resources/library/twilight/libs/twilight.so’:
  Found ‘_rand’, possibly from ‘rand’ (C)

Compiled code should not call entry points which might terminate R nor
write to stdout/stderr instead of to the console, nor use Fortran I/O
nor system RNGs nor [v]sprintf. The detected symbols are linked into
the code but might come from libraries and not actually be called.

See ‘Writing portable packages’ in the ‘Writing R Extensions’ manual.
* checking sizes of PDF files under ‘inst/doc’ ... OK
* checking files in ‘vignettes’ ... NOTE
The following files look like leftovers/mistakes:
  ‘Rplots.pdf’
Please remove them from your package.
* checking examples ... OK
* checking for unstated dependencies in vignettes ... OK
* checking package vignettes ... OK
* checking running R code from vignettes ... SKIPPED
* checking re-building of vignette outputs ... SKIPPED
* checking PDF version of manual ... OK
* DONE

Status: 1 WARNING, 5 NOTEs
See
  ‘/Users/biocbuild/bbs-3.19-bioc/meat/twilight.Rcheck/00check.log’
for details.