##############################################################################
##############################################################################
###
### Running command:
###
###   /Library/Frameworks/R.framework/Resources/bin/R CMD check --install=check:biocViews.install-out.txt --library=/Library/Frameworks/R.framework/Resources/library --no-vignettes --timings biocViews_1.72.0.tar.gz
###
##############################################################################
##############################################################################


* using log directory ‘/Users/biocbuild/bbs-3.19-bioc/meat/biocViews.Rcheck’
* using R version 4.4.1 (2024-06-14)
* using platform: aarch64-apple-darwin20
* R was compiled by
    Apple clang version 14.0.0 (clang-1400.0.29.202)
    GNU Fortran (GCC) 12.2.0
* running under: macOS Ventura 13.6.6
* using session charset: UTF-8
* using option ‘--no-vignettes’
* checking for file ‘biocViews/DESCRIPTION’ ... OK
* this is package ‘biocViews’ version ‘1.72.0’
* checking package namespace information ... OK
* checking package dependencies ... OK
* checking if this is a source package ... OK
* checking if there is a namespace ... OK
* checking for hidden files and directories ... OK
* checking for portable file names ... OK
* checking for sufficient/correct file permissions ... OK
* checking whether package ‘biocViews’ can be installed ... OK
* checking installed package size ... OK
* checking package directory ... OK
* checking ‘build’ directory ... OK
* checking DESCRIPTION meta-information ... OK
* checking top-level files ... OK
* checking for left-over files ... OK
* checking index information ... OK
* checking package subdirectories ... OK
* checking code files for non-ASCII characters ... OK
* checking R files for syntax errors ... OK
* checking whether the package can be loaded ... OK
* checking whether the package can be loaded with stated dependencies ... OK
* checking whether the package can be unloaded cleanly ... OK
* checking whether the namespace can be loaded with stated dependencies ... OK
* checking whether the namespace can be unloaded cleanly ... OK
* checking dependencies in R code ... NOTE
':::' call which should be '::': ‘tools:::vignetteInfo’
  See the note in ?`:::` about the use of this operator.
Unexported objects imported by ':::' calls:
  ‘tools:::.build_news_db_from_package_NEWS_Rd’
  ‘tools:::.build_news_db_from_package_NEWS_md’
  ‘tools:::.build_repository_package_db’
  ‘tools:::.expand_package_description_db_R_fields’
  ‘tools:::.get_standard_repository_db_fields’
  ‘tools:::.news_reader_default’ ‘tools:::.read_description’
  ‘tools:::.split_dependencies’
  See the note in ?`:::` about the use of this operator.
* checking S3 generic/method consistency ... OK
* checking replacement functions ... OK
* checking foreign function calls ... OK
* checking R code for possible problems ... NOTE
getPackageNEWS : getNews: no visible binding for global variable
  ‘Version’
getReverseDepends : <anonymous>: no visible binding for global variable
  ‘Package’
Undefined global functions or variables:
  Package Version
* checking Rd files ... OK
* checking Rd metadata ... OK
* checking Rd cross-references ... OK
* checking for missing documentation entries ... OK
* checking for code/documentation mismatches ... WARNING
Codoc mismatches from Rd file 'getPackageTitles.Rd':
getPackageTitles
  Code: function(prevBranch = "RELEASE_3_6", currBranch = "devel",
                 manifest = c("software.txt", "data-experiment.txt",
                 "workflows.txt", "data-annotation.txt", "books.txt"),
                 status = c("new", "removed"))
  Docs: function(prevBranch = "RELEASE_3_6", currBranch = "master",
                 manifest = c("software.txt", "data-experiment.txt",
                 "workflows.txt"), status = c("new", "removed"))
  Mismatches in argument default values:
    Name: 'currBranch' Code: "devel" Docs: "master"
    Name: 'manifest'
    Code: c("software.txt", "data-experiment.txt", "workflows.txt", "data-annotation.txt", 
          "books.txt")
    Docs: c("software.txt", "data-experiment.txt", "workflows.txt")

* checking Rd \usage sections ... OK
* checking Rd contents ... OK
* checking for unstated dependencies in examples ... OK
* checking contents of ‘data’ directory ... OK
* checking data for non-ASCII characters ... OK
* checking data for ASCII and uncompressed saves ... OK
* checking installed files from ‘inst/doc’ ... OK
* checking files in ‘vignettes’ ... OK
* checking examples ... OK
* checking for unstated dependencies in ‘tests’ ... OK
* checking tests ...
  Running ‘runTests.R’
 OK
* checking for unstated dependencies in vignettes ... OK
* checking package vignettes ... OK
* checking running R code from vignettes ... SKIPPED
* checking re-building of vignette outputs ... SKIPPED
* checking PDF version of manual ... OK
* DONE

Status: 1 WARNING, 2 NOTEs
See
  ‘/Users/biocbuild/bbs-3.19-bioc/meat/biocViews.Rcheck/00check.log’
for details.