##############################################################################
##############################################################################
###
### Running command:
###
###   /Library/Frameworks/R.framework/Resources/bin/R CMD build --keep-empty-dirs --no-resave-data TPP
###
##############################################################################
##############################################################################


* checking for file ‘TPP/DESCRIPTION’ ... OK
* preparing ‘TPP’:
* checking DESCRIPTION meta-information ... OK
* installing the package to build vignettes
* creating vignettes ... ERROR
--- re-building ‘NPARC_analysis_of_TPP_TR_data.Rnw’ using knitr
--- finished re-building ‘NPARC_analysis_of_TPP_TR_data.Rnw’

--- re-building ‘TPP_introduction_1D.Rnw’ using knitr
Error: processing vignette 'TPP_introduction_1D.Rnw' failed with diagnostics:
Running 'texi2dvi' on 'TPP_introduction_1D.tex' failed.
LaTeX errors:
! Package xcolor Error: Undefined color `fgcolor'.

See the xcolor package documentation for explanation.
Type  H <return>  for immediate help.
 ...                                              
! Emergency stop.
 ...                                              
                                                  
l.78 ...}{rgb}{0.941, 0.941, 0.941}\color{fgcolor}
                                                  \begin{kframe}
!  ==> Fatal error occurred, no output PDF file produced!
--- failed re-building ‘TPP_introduction_1D.Rnw’

--- re-building ‘TPP_introduction_2D.Rnw’ using knitr
Error: processing vignette 'TPP_introduction_2D.Rnw' failed with diagnostics:
Running 'texi2dvi' on 'TPP_introduction_2D.tex' failed.
LaTeX errors:
! Package xcolor Error: Undefined color `fgcolor'.

See the xcolor package documentation for explanation.
Type  H <return>  for immediate help.
 ...                                              
! Emergency stop.
 ...                                              
                                                  
l.95 ...}{rgb}{0.941, 0.941, 0.941}\color{fgcolor}
                                                  \begin{kframe}
!  ==> Fatal error occurred, no output PDF file produced!
--- failed re-building ‘TPP_introduction_2D.Rnw’

SUMMARY: processing the following files failed:
  ‘TPP_introduction_1D.Rnw’ ‘TPP_introduction_2D.Rnw’

Error: Vignette re-building failed.
Execution halted