##############################################################################
##############################################################################
###
### Running command:
###
###   /Library/Frameworks/R.framework/Resources/bin/R CMD build --keep-empty-dirs --no-resave-data BeadDataPackR
###
##############################################################################
##############################################################################


* checking for file ‘BeadDataPackR/DESCRIPTION’ ... OK
* preparing ‘BeadDataPackR’:
* checking DESCRIPTION meta-information ... OK
* cleaning src
* installing the package to build vignettes
* creating vignettes ... ERROR
--- re-building ‘BeadDataPackR.rnw’ using knitr
Error: processing vignette 'BeadDataPackR.rnw' failed with diagnostics:
Running 'texi2dvi' on 'BeadDataPackR.tex' failed.
LaTeX errors:
! Package xcolor Error: Undefined color `fgcolor'.

See the xcolor package documentation for explanation.
Type  H <return>  for immediate help.
 ...                                              
! Emergency stop.
 ...                                              
                                                  
l.84 ...}{rgb}{0.941, 0.941, 0.941}\color{fgcolor}
                                                  \begin{kframe}
!  ==> Fatal error occurred, no output PDF file produced!
--- failed re-building ‘BeadDataPackR.rnw’

SUMMARY: processing the following file failed:
  ‘BeadDataPackR.rnw’

Error: Vignette re-building failed.
Execution halted