##############################################################################
##############################################################################
###
### Running command:
###
###   /Library/Frameworks/R.framework/Resources/bin/R CMD build --keep-empty-dirs --no-resave-data cBioPortalData
###
##############################################################################
##############################################################################


* checking for file ‘cBioPortalData/DESCRIPTION’ ... OK
* preparing ‘cBioPortalData’:
* checking DESCRIPTION meta-information ... OK
* installing the package to build vignettes
* creating vignettes ... ERROR
--- re-building ‘cBioPortalData.Rmd’ using rmarkdown

Quitting from lines 112-115 [unnamed-chunk-3] (cBioPortalData.Rmd)
Error: processing vignette 'cBioPortalData.Rmd' failed with diagnostics:
bad value
--- failed re-building ‘cBioPortalData.Rmd’

--- re-building ‘cBioPortalDataErrors.Rmd’ using rmarkdown
--- finished re-building ‘cBioPortalDataErrors.Rmd’

--- re-building ‘cBioPortalRClient.Rmd’ using rmarkdown
--- finished re-building ‘cBioPortalRClient.Rmd’

--- re-building ‘cgdsrMigration.Rmd’ using rmarkdown
--- finished re-building ‘cgdsrMigration.Rmd’

SUMMARY: processing the following file failed:
  ‘cBioPortalData.Rmd’

Error: Vignette re-building failed.
Execution halted