##############################################################################
##############################################################################
###
### Running command:
###
###   /home/biocbuild/bbs-3.17-bioc/R/bin/R CMD check --install=check:XDE.install-out.txt --library=/home/biocbuild/bbs-3.17-bioc/R/site-library --timings XDE_2.46.0.tar.gz
###
##############################################################################
##############################################################################


* using log directory ‘/home/biocbuild/bbs-3.17-bioc/meat/XDE.Rcheck’
* using R version 4.3.1 (2023-06-16)
* using platform: x86_64-pc-linux-gnu (64-bit)
* R was compiled by
    gcc (Ubuntu 11.3.0-1ubuntu1~22.04.1) 11.3.0
    GNU Fortran (Ubuntu 11.3.0-1ubuntu1~22.04.1) 11.3.0
* running under: Ubuntu 22.04.3 LTS
* using session charset: UTF-8
* checking for file ‘XDE/DESCRIPTION’ ... OK
* this is package ‘XDE’ version ‘2.46.0’
* checking package namespace information ... OK
* checking package dependencies ... OK
* checking if this is a source package ... OK
* checking if there is a namespace ... OK
* checking for hidden files and directories ... OK
* checking for portable file names ... OK
* checking for sufficient/correct file permissions ... OK
* checking whether package ‘XDE’ can be installed ... WARNING
Found the following significant warnings:
  Structure.cpp:1971:25: warning: ignoring return value of ‘bool std::__cxx11::basic_string<_CharT, _Traits, _Alloc>::empty() const [with _CharT = char; _Traits = std::char_traits<char>; _Alloc = std::allocator<char>]’, declared with attribute ‘nodiscard’ [-Wunused-result]
  Structure.cpp:1983:21: warning: ignoring return value of ‘bool std::__cxx11::basic_string<_CharT, _Traits, _Alloc>::empty() const [with _CharT = char; _Traits = std::char_traits<char>; _Alloc = std::allocator<char>]’, declared with attribute ‘nodiscard’ [-Wunused-result]
  Structure.cpp:1990:21: warning: ignoring return value of ‘bool std::__cxx11::basic_string<_CharT, _Traits, _Alloc>::empty() const [with _CharT = char; _Traits = std::char_traits<char>; _Alloc = std::allocator<char>]’, declared with attribute ‘nodiscard’ [-Wunused-result]
  Structure.cpp:1996:21: warning: ignoring return value of ‘bool std::__cxx11::basic_string<_CharT, _Traits, _Alloc>::empty() const [with _CharT = char; _Traits = std::char_traits<char>; _Alloc = std::allocator<char>]’, declared with attribute ‘nodiscard’ [-Wunused-result]
  Structure.cpp:2002:21: warning: ignoring return value of ‘bool std::__cxx11::basic_string<_CharT, _Traits, _Alloc>::empty() const [with _CharT = char; _Traits = std::char_traits<char>; _Alloc = std::allocator<char>]’, declared with attribute ‘nodiscard’ [-Wunused-result]
  Structure.cpp:2008:21: warning: ignoring return value of ‘bool std::__cxx11::basic_string<_CharT, _Traits, _Alloc>::empty() const [with _CharT = char; _Traits = std::char_traits<char>; _Alloc = std::allocator<char>]’, declared with attribute ‘nodiscard’ [-Wunused-result]
  Structure.cpp:2014:21: warning: ignoring return value of ‘bool std::__cxx11::basic_string<_CharT, _Traits, _Alloc>::empty() const [with _CharT = char; _Traits = std::char_traits<char>; _Alloc = std::allocator<char>]’, declared with attribute ‘nodiscard’ [-Wunused-result]
  Structure.cpp:2020:21: warning: ignoring return value of ‘bool std::__cxx11::basic_string<_CharT, _Traits, _Alloc>::empty() const [with _CharT = char; _Traits = std::char_traits<char>; _Alloc = std::allocator<char>]’, declared with attribute ‘nodiscard’ [-Wunused-result]
  Structure.cpp:2026:21: warning: ignoring return value of ‘bool std::__cxx11::basic_string<_CharT, _Traits, _Alloc>::empty() const [with _CharT = char; _Traits = std::char_traits<char>; _Alloc = std::allocator<char>]’, declared with attribute ‘nodiscard’ [-Wunused-result]
  Structure.cpp:2032:21: warning: ignoring return value of ‘bool std::__cxx11::basic_string<_CharT, _Traits, _Alloc>::empty() const [with _CharT = char; _Traits = std::char_traits<char>; _Alloc = std::allocator<char>]’, declared with attribute ‘nodiscard’ [-Wunused-result]
  Structure.cpp:2038:21: warning: ignoring return value of ‘bool std::__cxx11::basic_string<_CharT, _Traits, _Alloc>::empty() const [with _CharT = char; _Traits = std::char_traits<char>; _Alloc = std::allocator<char>]’, declared with attribute ‘nodiscard’ [-Wunused-result]
  Structure.cpp:2044:21: warning: ignoring return value of ‘bool std::__cxx11::basic_string<_CharT, _Traits, _Alloc>::empty() const [with _CharT = char; _Traits = std::char_traits<char>; _Alloc = std::allocator<char>]’, declared with attribute ‘nodiscard’ [-Wunused-result]
  Structure.cpp:2050:21: warning: ignoring return value of ‘bool std::__cxx11::basic_string<_CharT, _Traits, _Alloc>::empty() const [with _CharT = char; _Traits = std::char_traits<char>; _Alloc = std::allocator<char>]’, declared with attribute ‘nodiscard’ [-Wunused-result]
  Structure.cpp:2056:21: warning: ignoring return value of ‘bool std::__cxx11::basic_string<_CharT, _Traits, _Alloc>::empty() const [with _CharT = char; _Traits = std::char_traits<char>; _Alloc = std::allocator<char>]’, declared with attribute ‘nodiscard’ [-Wunused-result]
  Structure.cpp:2062:21: warning: ignoring return value of ‘bool std::__cxx11::basic_string<_CharT, _Traits, _Alloc>::empty() const [with _CharT = char; _Traits = std::char_traits<char>; _Alloc = std::allocator<char>]’, declared with attribute ‘nodiscard’ [-Wunused-result]
  Structure.cpp:2068:21: warning: ignoring return value of ‘bool std::__cxx11::basic_string<_CharT, _Traits, _Alloc>::empty() const [with _CharT = char; _Traits = std::char_traits<char>; _Alloc = std::allocator<char>]’, declared with attribute ‘nodiscard’ [-Wunused-result]
  Structure.cpp:2074:21: warning: ignoring return value of ‘bool std::__cxx11::basic_string<_CharT, _Traits, _Alloc>::empty() const [with _CharT = char; _Traits = std::char_traits<char>; _Alloc = std::allocator<char>]’, declared with attribute ‘nodiscard’ [-Wunused-result]
  Structure.cpp:2080:21: warning: ignoring return value of ‘bool std::__cxx11::basic_string<_CharT, _Traits, _Alloc>::empty() const [with _CharT = char; _Traits = std::char_traits<char>; _Alloc = std::allocator<char>]’, declared with attribute ‘nodiscard’ [-Wunused-result]
  Structure.cpp:2086:21: warning: ignoring return value of ‘bool std::__cxx11::basic_string<_CharT, _Traits, _Alloc>::empty() const [with _CharT = char; _Traits = std::char_traits<char>; _Alloc = std::allocator<char>]’, declared with attribute ‘nodiscard’ [-Wunused-result]
  Structure.cpp:2092:21: warning: ignoring return value of ‘bool std::__cxx11::basic_string<_CharT, _Traits, _Alloc>::empty() const [with _CharT = char; _Traits = std::char_traits<char>; _Alloc = std::allocator<char>]’, declared with attribute ‘nodiscard’ [-Wunused-result]
  Structure.cpp:2098:21: warning: ignoring return value of ‘bool std::__cxx11::basic_string<_CharT, _Traits, _Alloc>::empty() const [with _CharT = char; _Traits = std::char_traits<char>; _Alloc = std::allocator<char>]’, declared with attribute ‘nodiscard’ [-Wunused-result]
  Structure.cpp:2104:21: warning: ignoring return value of ‘bool std::__cxx11::basic_string<_CharT, _Traits, _Alloc>::empty() const [with _CharT = char; _Traits = std::char_traits<char>; _Alloc = std::allocator<char>]’, declared with attribute ‘nodiscard’ [-Wunused-result]
  Structure.cpp:2110:21: warning: ignoring return value of ‘bool std::__cxx11::basic_string<_CharT, _Traits, _Alloc>::empty() const [with _CharT = char; _Traits = std::char_traits<char>; _Alloc = std::allocator<char>]’, declared with attribute ‘nodiscard’ [-Wunused-result]
See ‘/home/biocbuild/bbs-3.17-bioc/meat/XDE.Rcheck/00install.out’ for details.
* used C compiler: ‘gcc (Ubuntu 11.4.0-1ubuntu1~22.04) 11.4.0’
* used C++ compiler: ‘g++ (Ubuntu 11.4.0-1ubuntu1~22.04) 11.4.0’
* checking installed package size ... OK
* checking package directory ... OK
* checking ‘build’ directory ... OK
* checking DESCRIPTION meta-information ... OK
* checking top-level files ... OK
* checking for left-over files ... OK
* checking index information ... OK
* checking package subdirectories ... OK
* checking R files for non-ASCII characters ... OK
* checking R files for syntax errors ... OK
* checking whether the package can be loaded ... OK
* checking whether the package can be loaded with stated dependencies ... OK
* checking whether the package can be unloaded cleanly ... OK
* checking whether the namespace can be loaded with stated dependencies ... OK
* checking whether the namespace can be unloaded cleanly ... OK
* checking loading without being on the library search path ... OK
* checking startup messages can be suppressed ... OK
* checking dependencies in R code ... OK
* checking S3 generic/method consistency ... OK
* checking replacement functions ... OK
* checking foreign function calls ... OK
* checking R code for possible problems ... OK
* checking Rd files ... OK
* checking Rd metadata ... OK
* checking Rd cross-references ... OK
* checking for missing documentation entries ... OK
* checking for code/documentation mismatches ... OK
* checking Rd \usage sections ... OK
* checking Rd contents ... OK
* checking for unstated dependencies in examples ... OK
* checking contents of ‘data’ directory ... OK
* checking data for non-ASCII characters ... OK
* checking data for ASCII and uncompressed saves ... OK
* checking line endings in C/C++/Fortran sources/headers ... OK
* checking line endings in Makefiles ... OK
* checking compilation flags in Makevars ... OK
* checking for GNU extensions in Makefiles ... OK
* checking for portable use of $(BLAS_LIBS) and $(LAPACK_LIBS) ... OK
* checking use of PKG_*FLAGS in Makefiles ... OK
* checking include directives in Makefiles ... OK
* checking compiled code ... NOTE
Note: information on .o files is not available
* checking files in ‘vignettes’ ... OK
* checking examples ... OK
* checking for unstated dependencies in ‘tests’ ... OK
* checking tests ...
  Running ‘doRUnit.R’
 OK
* checking for unstated dependencies in vignettes ... OK
* checking package vignettes in ‘inst/doc’ ... OK
* checking running R code from vignettes ...
  ‘XDE.Rnw’... OK
  ‘XdeParameterClass.Rnw’... OK
 OK
* checking re-building of vignette outputs ... OK
* checking PDF version of manual ... OK
* DONE

Status: 1 WARNING, 1 NOTE
See
  ‘/home/biocbuild/bbs-3.17-bioc/meat/XDE.Rcheck/00check.log’
for details.