##############################################################################
##############################################################################
###
### Running command:
###
###   chmod a+r MSstatsSampleSize -R && F:\biocbuild\bbs-3.17-bioc\R\bin\R.exe CMD build --keep-empty-dirs --no-resave-data MSstatsSampleSize
###
##############################################################################
##############################################################################


* checking for file 'MSstatsSampleSize/DESCRIPTION' ... OK
* preparing 'MSstatsSampleSize':
* checking DESCRIPTION meta-information ... OK
* installing the package to build vignettes
* creating vignettes ... ERROR
--- re-building 'MSstatsSampleSize.Rmd' using rmarkdown

Quitting from lines 213-217 [unnamed-chunk-7] (MSstatsSampleSize.Rmd)
Error: processing vignette 'MSstatsSampleSize.Rmd' failed with diagnostics:
cannot xtfrm data frames
--- failed re-building 'MSstatsSampleSize.Rmd'

SUMMARY: processing the following file failed:
  'MSstatsSampleSize.Rmd'

Error: Vignette re-building failed.
Execution halted