##############################################################################
##############################################################################
###
### Running command:
###
###   F:\biocbuild\bbs-3.17-bioc\R\bin\R.exe CMD check --no-multiarch --install=check:CoGAPS.install-out.txt --library=F:\biocbuild\bbs-3.17-bioc\R\library --no-vignettes --timings CoGAPS_3.19.0.tar.gz
###
##############################################################################
##############################################################################


* using log directory 'F:/biocbuild/bbs-3.17-bioc/meat/CoGAPS.Rcheck'
* using R Under development (unstable) (2023-03-15 r83984 ucrt)
* using platform: x86_64-w64-mingw32 (64-bit)
* R was compiled by
    gcc.exe (GCC) 12.2.0
    GNU Fortran (GCC) 12.2.0
* running under: Windows Server 2022 x64 (build 20348)
* using session charset: UTF-8
* using option '--no-vignettes'
* checking for file 'CoGAPS/DESCRIPTION' ... OK
* this is package 'CoGAPS' version '3.19.0'
* package encoding: UTF-8
* checking package namespace information ... OK
* checking package dependencies ... OK
* checking if this is a source package ... OK
* checking if there is a namespace ... OK
* checking for hidden files and directories ... OK
* checking for portable file names ... OK
* checking whether package 'CoGAPS' can be installed ... WARNING
Found the following significant warnings:
  GapsParameters.cpp:41:46: warning: format '%lu' expects argument of type 'long unsigned int', but argument 2 has type 'std::vector<unsigned int>::size_type' {aka 'long long unsigned int'} [-Wformat=]
  GapsRunner.cpp:430:5: warning: enumeration value 'GAPS_ALL_PHASES' not handled in switch [-Wswitch]
See 'F:/biocbuild/bbs-3.17-bioc/meat/CoGAPS.Rcheck/00install.out' for details.
* used C++ compiler: 'G__~1.EXE (GCC) 12.2.0'
* checking installed package size ... NOTE
  installed size is 22.0Mb
  sub-directories of 1Mb or more:
    extdata  19.9Mb
    libs      1.4Mb
* checking package directory ... OK
* checking 'build' directory ... OK
* checking DESCRIPTION meta-information ... OK
* checking top-level files ... OK
* checking for left-over files ... OK
* checking index information ... OK
* checking package subdirectories ... OK
* checking R files for non-ASCII characters ... OK
* checking R files for syntax errors ... OK
* checking whether the package can be loaded ... OK
* checking whether the package can be loaded with stated dependencies ... OK
* checking whether the package can be unloaded cleanly ... OK
* checking whether the namespace can be loaded with stated dependencies ... OK
* checking whether the namespace can be unloaded cleanly ... OK
* checking dependencies in R code ... OK
* checking S3 generic/method consistency ... OK
* checking replacement functions ... OK
* checking foreign function calls ... OK
* checking R code for possible problems ... NOTE
plot.CogapsResult: no visible global function definition for 'axis'
plot.CogapsResult: no visible global function definition for 'text'
plot.CogapsResult: no visible global function definition for 'par'
Undefined global functions or variables:
  axis par text
Consider adding
  importFrom("graphics", "axis", "par", "text")
to your NAMESPACE file.
* checking Rd files ... OK
* checking Rd metadata ... OK
* checking Rd cross-references ... OK
* checking for missing documentation entries ... OK
* checking for code/documentation mismatches ... WARNING
Codoc mismatches from documentation object 'plotPatternMarkers':
plotPatternMarkers
  Code: function(object, data, patternMarkers, patternPalette,
                 sampleNames, samplePalette = NULL, heatmapCol =
                 bluered, colDendrogram = TRUE, scale = "row", ...)
  Docs: function(object, data, patternPalette, sampleNames,
                 samplePalette = NULL, heatmapCol = bluered,
                 colDenogram = TRUE, scale = "row", ...)
  Argument names in code not in docs:
    patternMarkers colDendrogram
  Argument names in docs not in code:
    colDenogram
  Mismatches in argument names (first 3):
    Position: 3 Code: patternMarkers Docs: patternPalette
    Position: 4 Code: patternPalette Docs: sampleNames
    Position: 5 Code: sampleNames Docs: samplePalette

* checking Rd \usage sections ... OK
* checking Rd contents ... OK
* checking for unstated dependencies in examples ... OK
* checking contents of 'data' directory ... OK
* checking data for non-ASCII characters ... OK
* checking data for ASCII and uncompressed saves ... OK
* checking line endings in shell scripts ... OK
* checking line endings in C/C++/Fortran sources/headers ... OK
* checking line endings in Makefiles ... OK
* checking compilation flags in Makevars ... OK
* checking for GNU extensions in Makefiles ... OK
* checking for portable use of $(BLAS_LIBS) and $(LAPACK_LIBS) ... OK
* checking use of PKG_*FLAGS in Makefiles ... OK
* checking compiled code ... NOTE
Note: information on .o files for x64 is not available
File 'F:/biocbuild/bbs-3.17-bioc/R/library/CoGAPS/libs/x64/CoGAPS.dll':
  Found 'abort', possibly from 'abort' (C), 'runtime' (Fortran)
  Found 'exit', possibly from 'exit' (C), 'stop' (Fortran)

Compiled code should not call entry points which might terminate R nor
write to stdout/stderr instead of to the console, nor use Fortran I/O
nor system RNGs nor [v]sprintf. The detected symbols are linked into
the code but might come from libraries and not actually be called.

See 'Writing portable packages' in the 'Writing R Extensions' manual.
* checking files in 'vignettes' ... OK
* checking examples ... OK
Examples with CPU (user + system) or elapsed time > 5s
       user system elapsed
CoGAPS 3.53   1.84    5.63
* checking for unstated dependencies in 'tests' ... OK
* checking tests ...
  Running 'testthat.R'
 OK
* checking for unstated dependencies in vignettes ... OK
* checking package vignettes in 'inst/doc' ... OK
* checking running R code from vignettes ... SKIPPED
* checking re-building of vignette outputs ... SKIPPED
* checking PDF version of manual ... OK
* DONE

Status: 2 WARNINGs, 3 NOTEs
See
  'F:/biocbuild/bbs-3.17-bioc/meat/CoGAPS.Rcheck/00check.log'
for details.