##############################################################################
##############################################################################
###
### Running command:
###
###   chmod a+r BgeeCall -R && F:\biocbuild\bbs-3.17-bioc\R\bin\R.exe CMD build --keep-empty-dirs --no-resave-data BgeeCall
###
##############################################################################
##############################################################################


* checking for file 'BgeeCall/DESCRIPTION' ... OK
* preparing 'BgeeCall':
* checking DESCRIPTION meta-information ... OK
* installing the package to build vignettes
* creating vignettes ... ERROR
--- re-building 'bgeecall-manual.Rmd' using rmarkdown
trying URL 'https://bgee.org/ftp/intergenic/1.0/ref_intergenic/6239_intergenic.fa.gz'
Content type 'application/x-gzip' length 4054193 bytes (3.9 MB)
==================================================
downloaded 3.9 MB


Quitting from lines 226-227 [unnamed-chunk-18] (bgeecall-manual.Rmd)
Error: processing vignette 'bgeecall-manual.Rmd' failed with diagnostics:
cannot open the connection to 'https://zenodo.org/api/records/?communities=bgee_intergenic'
--- failed re-building 'bgeecall-manual.Rmd'

SUMMARY: processing the following file failed:
  'bgeecall-manual.Rmd'

Error: Vignette re-building failed.
Execution halted